{"id":4444,"date":"2024-10-18T19:46:00","date_gmt":"2024-10-18T19:46:00","guid":{"rendered":"https:\/\/chirurgie-orthopedie-vannes.fr\/pharmacie\/?post_type=product&#038;p=4444"},"modified":"2025-01-14T13:27:30","modified_gmt":"2025-01-14T13:27:30","slug":"knee-active-pro","status":"publish","type":"product","link":"https:\/\/chirurgie-orthopedie-vannes.fr\/pharmacie\/supp\/knee-active-pro\/","title":{"rendered":"Knee Active Pro"},"content":{"rendered":"<h2 class=\"wp-block-heading\">Qu&rsquo;est-ce que Knee active Pro et comment fonctionne-t-il ?<\/h2>\n\n\n<p><b>Knee active Pro<\/b> est un <em>stabilisateur de genou<\/em> innovant qui combine les fonctions d&rsquo;un garrot et d&rsquo;une orth\u00e8se. Son <em>action<\/em> est bas\u00e9e sur la compression, qui a un effet b\u00e9n\u00e9fique sur l&rsquo;am\u00e9lioration de la circulation sanguine et la r\u00e9duction de l&rsquo;enflure. Ce produit se distingue par l&rsquo;utilisation de sangles en silicone, qui permettent de diriger pr\u00e9cis\u00e9ment la pression autour de l&rsquo;articulation du genou, augmentant ainsi sa stabilit\u00e9.<\/p>\n\n\n<p><b>Le stabilisateur de genou<\/b> est fabriqu\u00e9 \u00e0 partir de mat\u00e9riaux flexibles, ce qui garantit un confort total sans restreindre les mouvements de l&rsquo;utilisateur. Gr\u00e2ce \u00e0 sa capacit\u00e9 de compression, <b>Knee active Pro<\/b> a un effet positif sur la r\u00e9g\u00e9n\u00e9ration des tissus, en augmentant l&rsquo;oxyg\u00e9nation et la nutrition. L&rsquo;orth\u00e8se magn\u00e9tique contient dix aimants qui aident \u00e0 maintenir la bonne temp\u00e9rature dans la zone de l&rsquo;articulation affect\u00e9e, acc\u00e9l\u00e9rant ainsi le processus de gu\u00e9rison.<\/p>\n\n\n<p>Les utilisateurs de Knee active Pro font \u00e9tat d&rsquo;une am\u00e9lioration de la sant\u00e9 des articulations et d&rsquo;une r\u00e9duction significative de la douleur. L&rsquo;<b>utilisation<\/b> r\u00e9guli\u00e8re <b>du<\/b> stabilisateur <b>permet d&rsquo;<\/b> am\u00e9liorer la stabilit\u00e9 du genou et d&rsquo;apporter un soutien global aux fonctions quotidiennes. Cela garantit un niveau \u00e9lev\u00e9 de confort, ce qui fait de Knee active Pro une option attrayante pour les personnes souffrant de probl\u00e8mes de genoux.<\/p>\n\n\n<h2 class=\"wp-block-heading\">Quels sont les effets de l&rsquo;utilisation de Knee active Pro ?<\/h2>\n\n\n<p>L&rsquo;utilisation r\u00e9guli\u00e8re de Knee active Pro a un certain nombre d&rsquo;effets positifs, appr\u00e9ci\u00e9s par les personnes souffrant de probl\u00e8mes articulaires. D\u00e8s la premi\u00e8re utilisation, l&rsquo;orth\u00e8se contribue de mani\u00e8re significative \u00e0 la <em>r\u00e9duction de la douleur<\/em>, ce qui vous permet de mieux accomplir vos t\u00e2ches quotidiennes. De nombreuses personnes constatent un soulagement significatif de la douleur dans les 17 minutes qui suivent le port de l&rsquo;orth\u00e8se. Ce stabilisateur soutient \u00e9galement le processus de <em>gu\u00e9rison<\/em> apr\u00e8s une blessure, ainsi qu&rsquo;en cas d&rsquo;inflammation des articulations.<\/p>\n\n\n<p><b>Les effets de<\/b> Knee active Pro peuvent \u00eatre acc\u00e9l\u00e9r\u00e9s par un port r\u00e9gulier de l&rsquo;orth\u00e8se. Il faut g\u00e9n\u00e9ralement environ un mois pour que les tissus articulaires se r\u00e9g\u00e9n\u00e8rent compl\u00e8tement. Les utilisateurs signalent \u00e9galement une <em>r\u00e9duction<\/em> significative <em>de la douleur<\/em> et du gonflement du genou apr\u00e8s seulement quatre jours de port. L&rsquo;orth\u00e8se cr\u00e9e des conditions optimales pour la r\u00e9cup\u00e9ration des cellules articulaires, tout en renfor\u00e7ant les muscles entourant l&rsquo;articulation.<\/p>\n\n\n<p>La liste compl\u00e8te des effets de l&rsquo;utilisation de Knee active Pro comprend<\/p>\n\n\n\n<ul class=\"wp-block-list\">\n<li><b>R\u00e9g\u00e9n\u00e9ration<\/b> osseuse et cartilagineuse<b>de l&rsquo;<\/b> articulation<\/li>\n\n\n\n<li>R\u00e9tablissement de la mobilit\u00e9 compl\u00e8te de l&rsquo;articulation du genou<\/li>\n\n\n\n<li>Couche protectrice suppl\u00e9mentaire pour l&rsquo;articulation afin d&rsquo;\u00e9viter de nouvelles l\u00e9sions<\/li>\n\n\n\n<li>Am\u00e9liorer la stabilit\u00e9 des articulations et r\u00e9duire le risque de blessure<\/li>\n<\/ul>\n\n\n<p>L&rsquo;absence de rapports d&rsquo;effets secondaires indique que l&rsquo;utilisation de Knee active Pro est <b>s\u00fbre<\/b>. Aucune r\u00e9action allergique aux <b>mat\u00e9riaux<\/b> ou aux aimants utilis\u00e9s dans le produit n&rsquo;a \u00e9t\u00e9 observ\u00e9e. Gr\u00e2ce \u00e0 sa taille universelle, l&rsquo;orth\u00e8se convient \u00e0 une grande vari\u00e9t\u00e9 de formes de genoux, ce qui la rend id\u00e9ale pour les personnes ayant un mode de vie actif et les <b>utilisateurs<\/b> plus \u00e2g\u00e9s qui souhaitent <em>soulager les douleurs<\/em> dues \u00e0 des affections rhumatismales.<\/p>\n\n\n<h2 class=\"wp-block-heading\">Comment utiliser Knee active Pro ? &#8211; Dosage et recommandations<\/h2>\n\n\n<p>Pour obtenir les meilleurs r\u00e9sultats <em>avec<\/em> Knee active Pro, il est conseill\u00e9 de suivre certaines r\u00e8gles et <em>recommandations de<\/em> <em>dosage<\/em>. Le stabilisateur doit \u00eatre port\u00e9 tout au long de la journ\u00e9e, en particulier pendant l&rsquo;activit\u00e9 physique. Il est essentiel que le produit soit bien adapt\u00e9 au corps. Il doit \u00eatre port\u00e9 sur une peau propre et s\u00e8che afin d&rsquo;\u00e9viter toute irritation.<\/p>\n\n\n\n<ul class=\"wp-block-list\">\n<li>Portez le stabilisateur avant de commencer l&rsquo;activit\u00e9.<\/li>\n\n\n\n<li>Le port de Knee active Pro est recommand\u00e9 pendant l&rsquo;exercice physique et dans les situations de la vie quotidienne, plusieurs heures par jour.<\/li>\n\n\n\n<li>\u00c9vitez de porter l&rsquo;appareil trop longtemps sans faire de pause, ce qui peut entra\u00eener une g\u00eane.<\/li>\n<\/ul>\n\n\n<p>Les utilisateurs de Knee active Pro doivent \u00eatre conscients que non seulement le <em>dosage<\/em> correct, mais aussi la r\u00e9gularit\u00e9 du port du stabilisateur sont cruciaux pour l&rsquo;efficacit\u00e9 de la th\u00e9rapie. Pour obtenir les r\u00e9sultats souhait\u00e9s, <em>les recommandations<\/em> soulignent l&rsquo;importance de surveiller la r\u00e9action du corps pendant l&rsquo;utilisation.<\/p>\n\n\n<figure class=\"wp-block-table\"><table class=\"has-fixed-layout\"><tbody><tr><th>Aspect<\/th><th>Recommandations<\/th><\/tr><tr><td>Le bon choix<\/td><td>Appliquer sur la peau s\u00e8che<\/td><\/tr><tr><td>Dur\u00e9e d&rsquo;utilisation<\/td><td>Plusieurs heures par jour<\/td><\/tr><tr><td>Activit\u00e9 physique<\/td><td>Port pendant l&rsquo;activit\u00e9<\/td><\/tr><tr><td>Ruptures d&rsquo;usure<\/td><td>\u00c9viter de porter l&rsquo;appareil pendant de longues p\u00e9riodes<\/td><\/tr><\/tbody><\/table><\/figure>\n\n\n<h2 class=\"wp-block-heading\">Knee active Pro &#8211; Avis des utilisateurs, forum &#8211; Que disent les utilisateurs ?<\/h2>\n\n\n<p><b>Les commentaires des<\/b> <b>utilisateurs<\/b> de Knee active Pro sur diff\u00e9rents forums montrent un int\u00e9r\u00eat et des sentiments positifs quant \u00e0 l&rsquo;efficacit\u00e9 de ce stabilisateur. Les personnes souffrant de probl\u00e8mes articulaires soulignent l&rsquo;importance du produit dans leur vie quotidienne.<\/p>\n\n\n\n<blockquote class=\"wp-block-quote is-layout-flow wp-block-quote-is-layout-flow\"><p><em>Marta<\/em>: \u00ab\u00a0Depuis que j&rsquo;utilise Knee active Pro, mon genou se sent beaucoup mieux. Avant, j&rsquo;avais des douleurs en descendant les escaliers et maintenant je peux le faire sans probl\u00e8me. Le stabilisateur est confortable et efficace. Je le recommande \u00e0 toute personne souffrant de douleurs articulaires.\u00a0\u00bb<\/p>\n<\/blockquote>\n\n\n\n<blockquote class=\"wp-block-quote is-layout-flow wp-block-quote-is-layout-flow\"><p><em>Andrew<\/em>: \u00ab\u00a0Apr\u00e8s ma blessure, il a \u00e9t\u00e9 efficace pour soutenir mon genou pendant la r\u00e9\u00e9ducation. Je me sens beaucoup plus confiant pendant les s\u00e9ances d&rsquo;entra\u00eenement et la douleur a disparu apr\u00e8s quelques jours d&rsquo;utilisation. Je suis satisfait de mon achat.<\/p>\n<\/blockquote>\n\n\n\n<blockquote class=\"wp-block-quote is-layout-flow wp-block-quote-is-layout-flow\"><p><em>Kasia<\/em>: \u00ab\u00a0Lorsque j&rsquo;ai commenc\u00e9 \u00e0 courir, mes genoux ont commenc\u00e9 \u00e0 me faire mal. J&rsquo;utilise Knee active Pro lorsque je cours et je ressens moins de tension dans mes articulations. Ce produit est vraiment efficace !<\/p>\n<\/blockquote>\n\n\n<p>La majorit\u00e9 des commentaires des <b>utilisateurs<\/b> sur le <b>forum<\/b> soulignent que le Knee active Pro a contribu\u00e9 \u00e0 am\u00e9liorer la qualit\u00e9 de vie en r\u00e9duisant l&rsquo;inconfort et la douleur. Les clients soulignent le confort du porteur et l&rsquo;efficacit\u00e9 de la stabilisation de l&rsquo;articulation du genou.<\/p>\n\n\n<p>Dans les forums, les internautes \u00e9changent \u00e9galement des conseils sur la meilleure fa\u00e7on d&rsquo;utiliser Knee active Pro, ce qui rend le produit de plus en plus populaire aupr\u00e8s des utilisateurs souffrant de probl\u00e8mes articulaires.<\/p>\n\n\n<h2 class=\"wp-block-heading\">Composition de Knee active Pro &#8211; Que contient-il ?<\/h2>\n\n\n<p>Knee active Pro est un produit con\u00e7u pour les personnes souffrant de probl\u00e8mes articulaires. Sa <em>composition<\/em> est bas\u00e9e sur des <em>mat\u00e9riaux de<\/em> haute qualit\u00e9 qui non seulement favorisent la gu\u00e9rison, mais assurent \u00e9galement le confort du patient. Les principaux composants sont les suivants :<\/p>\n\n\n\n<ul class=\"wp-block-list\">\n<li><em>Hyaluronate de sodium<\/em> &#8211; a la capacit\u00e9 de retenir l&rsquo;eau, ce qui contribue \u00e0 une bonne hydratation des tissus.<\/li>\n\n\n\n<li><em>Collag\u00e8ne<\/em> &#8211; sa production d\u00e9pend d&rsquo;acides amin\u00e9s tels que la L-Alanine et la L-M\u00e9thionine pour soutenir la flexibilit\u00e9 des articulations.<\/li>\n\n\n\n<li><em>Curcuma<\/em> &#8211; contient de la curcumine aux fortes propri\u00e9t\u00e9s anti-inflammatoires, ce qui est b\u00e9n\u00e9fique pour la sant\u00e9 des articulations.<\/li>\n\n\n\n<li><em>Biotine<\/em> &#8211; connue sous le nom de \u00ab\u00a0vitamine du cheveu\u00a0\u00bb, elle am\u00e9liore l&rsquo;\u00e9tat de la peau, des cheveux et des ongles.<\/li>\n\n\n\n<li><em>Vitamines B6 et B12<\/em> &#8211; soutiennent les processus m\u00e9taboliques et contribuent \u00e0 une meilleure sant\u00e9.<\/li>\n<\/ul>\n\n\n<p>Gr\u00e2ce \u00e0 ces <em>propri\u00e9t\u00e9s<\/em> soigneusement s\u00e9lectionn\u00e9es, Knee active Pro contribue \u00e0 r\u00e9duire la douleur et \u00e0 am\u00e9liorer le confort de mouvement. La production de collag\u00e8ne, soutenue par des ingr\u00e9dients appropri\u00e9s, influence la r\u00e9g\u00e9n\u00e9ration des tissus, comme le confirment de nombreux <b>commentaires d&rsquo;<\/b> utilisateurs.<\/p>\n\n\n<h2 class=\"wp-block-heading\">O\u00f9 acheter et quel est le prix de Knee active Pro ?<\/h2>\n\n\n<p>Knee active Pro n&rsquo;est disponible que sur le <em>site officiel du fabricant<\/em>. Ce n&rsquo;est qu&rsquo;\u00e0 cet endroit que vous pouvez \u00eatre s\u00fbr de commander un produit original. L&rsquo;achat en ligne devient le seul moyen d&rsquo;acheter le stabilisateur, car il n&rsquo;est pas disponible dans les pharmacies stationnaires. Vous \u00e9vitez ainsi le risque d&rsquo;acheter une contrefa\u00e7on, ce qui est important pour la s\u00e9curit\u00e9 et l&rsquo;efficacit\u00e9 de l&rsquo;utilisation de ce dispositif.<\/p>\n\n\n<p><b>Le prix du<\/b> Knee active Pro varie en fonction des promotions et des rabais offerts par le fabricant officiel. Il vaut la peine de surveiller r\u00e9guli\u00e8rement le site web pour trouver des offres favorables qui peuvent r\u00e9duire consid\u00e9rablement le co\u00fbt d&rsquo;achat. Des promotions attrayantes sont souvent annonc\u00e9es, ce qui rend le produit plus accessible \u00e0 ceux qui ont besoin d&rsquo;un soutien \u00e0 la r\u00e9cup\u00e9ration des articulations.<\/p>\n\n\n<h2 class=\"wp-block-heading\">Knee active Pro &#8211; Effets secondaires et contre-indications &#8211; S\u00e9curit\u00e9 d&#8217;emploi<\/h2>\n\n\n<p>L&rsquo;utilisation de Knee active Pro est g\u00e9n\u00e9ralement s\u00fbre, mais il est conseill\u00e9 d&rsquo;examiner attentivement les effets secondaires potentiels et les contre-indications avant de commencer \u00e0 l&rsquo;utiliser. Parmi les zones o\u00f9 le stabilisateur ne doit pas \u00eatre port\u00e9 figurent les zones affect\u00e9es par des maladies de la peau, les plaies ouvertes et les zones o\u00f9 il peut y avoir des allergies aux <b>mat\u00e9riaux<\/b> utilis\u00e9s dans le produit. Par cons\u00e9quent, avant d&rsquo;utiliser Knee active Pro, il est important de consulter votre m\u00e9decin pour vous assurer qu&rsquo;il n&rsquo;y a pas de <b>contre-indications<\/b>.<\/p>\n\n\n<p>Bien que les <b>effets secondaires<\/b> soient rares, il faut savoir que le port prolong\u00e9 du stabilisateur peut entra\u00eener une irritation de la peau. Une extr\u00eame prudence et la surveillance des r\u00e9actions du corps lors de l&rsquo;utilisation de Knee active Pro contribueront \u00e0 garantir la s\u00e9curit\u00e9 d&rsquo;<b>utilisation<\/b> du produit. En ce qui concerne la s\u00e9curit\u00e9, il est important d&rsquo;utiliser le produit conform\u00e9ment aux instructions, d&rsquo;\u00e9viter de le porter dans les cas \u00e9num\u00e9r\u00e9s dans les contre-indications et de respecter les r\u00e8gles d&rsquo;hygi\u00e8ne.<\/p>\n\n\n<p>La <b>s\u00e9curit\u00e9 d&rsquo;<\/b> utilisation de Knee active Pro est cruciale pour son efficacit\u00e9. Des soins de sant\u00e9 appropri\u00e9s, une consultation m\u00e9dicale et une approche \u00e9clair\u00e9e de l&rsquo;utilisation du stabilisateur maximiseront les avantages tout en minimisant le risque d&rsquo;effets secondaires \u00e9ventuels. En gardant ces principes \u00e0 l&rsquo;esprit, vous pourrez b\u00e9n\u00e9ficier efficacement des avantages offerts par Knee active Pro.<\/p>\n\n\n\n<p><\/p>\n","protected":false},"excerpt":{"rendered":"<p><strong>[date_countdown]<\/strong><\/p>\n<p><img decoding=\"async\" class=\"alignnone  wp-image-8427\" src=\"https:\/\/chirurgie-orthopedie-vannes.fr\/pharmacie\/wp-content\/uploads\/2024\/10\/SAFE-PAY-300x88-1.png\" alt=\"SAFE-PAY-300x88\" width=\"164\" height=\"48\" \/><\/p>\n","protected":false},"featured_media":3810,"comment_status":"open","ping_status":"closed","template":"","meta":{"neve_meta_sidebar":"","neve_meta_container":"","neve_meta_enable_content_width":"","neve_meta_content_width":0,"neve_meta_title_alignment":"","neve_meta_author_avatar":"","neve_post_elements_order":"","neve_meta_disable_header":"","neve_meta_disable_footer":"","neve_meta_disable_title":"","neve_meta_reading_time":""},"product_brand":[],"product_cat":[18],"product_tag":[],"class_list":{"0":"post-4444","1":"product","2":"type-product","3":"status-publish","4":"has-post-thumbnail","6":"product_cat-sante","8":"first","9":"instock","10":"sale","11":"shipping-taxable","12":"product-type-external"},"yoast_head":"<!-- This site is optimized with the Yoast SEO plugin v27.4 - https:\/\/yoast.com\/product\/yoast-seo-wordpress\/ -->\n<title>Knee Active Pro - Avis, Forum, Pharmacie, Prix, Effets | -50%<\/title>\n<meta name=\"robots\" content=\"index, follow, max-snippet:-1, max-image-preview:large, max-video-preview:-1\" \/>\n<link rel=\"canonical\" href=\"https:\/\/chirurgie-orthopedie-vannes.fr\/pharmacie\/supp\/knee-active-pro\/\" \/>\n<meta property=\"og:locale\" content=\"fr_FR\" \/>\n<meta property=\"og:type\" content=\"article\" \/>\n<meta property=\"og:title\" content=\"Knee Active Pro - Avis, Forum, Pharmacie, Prix, Effets | -50%\" \/>\n<meta property=\"og:url\" content=\"https:\/\/chirurgie-orthopedie-vannes.fr\/pharmacie\/supp\/knee-active-pro\/\" \/>\n<meta property=\"og:site_name\" content=\"Chirurgie-Orthopedie-Vannes\" \/>\n<meta property=\"article:modified_time\" content=\"2025-01-14T13:27:30+00:00\" \/>\n<meta property=\"og:image\" content=\"https:\/\/chirurgie-orthopedie-vannes.fr\/pharmacie\/wp-content\/uploads\/2024\/10\/Kneeactive-Pro.jpg\" \/>\n\t<meta property=\"og:image:width\" content=\"768\" \/>\n\t<meta property=\"og:image:height\" content=\"768\" \/>\n\t<meta property=\"og:image:type\" content=\"image\/jpeg\" \/>\n<meta name=\"twitter:card\" content=\"summary_large_image\" \/>\n<meta name=\"twitter:description\" content=\"[date_countdown]\" \/>\n<meta name=\"twitter:label1\" content=\"Dur\u00e9e de lecture estim\u00e9e\" \/>\n\t<meta name=\"twitter:data1\" content=\"1 minute\" \/>\n<script type=\"application\/ld+json\" class=\"yoast-schema-graph\">{\"@context\":\"https:\\\/\\\/schema.org\",\"@graph\":[{\"@type\":\"WebPage\",\"@id\":\"https:\\\/\\\/chirurgie-orthopedie-vannes.fr\\\/pharmacie\\\/supp\\\/knee-active-pro\\\/\",\"url\":\"https:\\\/\\\/chirurgie-orthopedie-vannes.fr\\\/pharmacie\\\/supp\\\/knee-active-pro\\\/\",\"name\":\"Knee Active Pro - Avis, Forum, Pharmacie, Prix, Effets | -50%\",\"isPartOf\":{\"@id\":\"https:\\\/\\\/chirurgie-orthopedie-vannes.fr\\\/pharmacie\\\/#website\"},\"primaryImageOfPage\":{\"@id\":\"https:\\\/\\\/chirurgie-orthopedie-vannes.fr\\\/pharmacie\\\/supp\\\/knee-active-pro\\\/#primaryimage\"},\"image\":{\"@id\":\"https:\\\/\\\/chirurgie-orthopedie-vannes.fr\\\/pharmacie\\\/supp\\\/knee-active-pro\\\/#primaryimage\"},\"thumbnailUrl\":\"https:\\\/\\\/chirurgie-orthopedie-vannes.fr\\\/pharmacie\\\/wp-content\\\/uploads\\\/2024\\\/10\\\/Kneeactive-Pro.jpg\",\"datePublished\":\"2024-10-18T19:46:00+00:00\",\"dateModified\":\"2025-01-14T13:27:30+00:00\",\"breadcrumb\":{\"@id\":\"https:\\\/\\\/chirurgie-orthopedie-vannes.fr\\\/pharmacie\\\/supp\\\/knee-active-pro\\\/#breadcrumb\"},\"inLanguage\":\"fr-FR\",\"potentialAction\":[{\"@type\":\"ReadAction\",\"target\":[\"https:\\\/\\\/chirurgie-orthopedie-vannes.fr\\\/pharmacie\\\/supp\\\/knee-active-pro\\\/\"]}]},{\"@type\":\"ImageObject\",\"inLanguage\":\"fr-FR\",\"@id\":\"https:\\\/\\\/chirurgie-orthopedie-vannes.fr\\\/pharmacie\\\/supp\\\/knee-active-pro\\\/#primaryimage\",\"url\":\"https:\\\/\\\/chirurgie-orthopedie-vannes.fr\\\/pharmacie\\\/wp-content\\\/uploads\\\/2024\\\/10\\\/Kneeactive-Pro.jpg\",\"contentUrl\":\"https:\\\/\\\/chirurgie-orthopedie-vannes.fr\\\/pharmacie\\\/wp-content\\\/uploads\\\/2024\\\/10\\\/Kneeactive-Pro.jpg\",\"width\":768,\"height\":768},{\"@type\":\"BreadcrumbList\",\"@id\":\"https:\\\/\\\/chirurgie-orthopedie-vannes.fr\\\/pharmacie\\\/supp\\\/knee-active-pro\\\/#breadcrumb\",\"itemListElement\":[{\"@type\":\"ListItem\",\"position\":1,\"name\":\"Strona g\u0142\u00f3wna\",\"item\":\"https:\\\/\\\/chirurgie-orthopedie-vannes.fr\\\/pharmacie\\\/\"},{\"@type\":\"ListItem\",\"position\":2,\"name\":\"farmaci\",\"item\":\"https:\\\/\\\/chirurgie-orthopedie-vannes.fr\\\/pharmacie\\\/\"},{\"@type\":\"ListItem\",\"position\":3,\"name\":\"Knee Active Pro\"}]},{\"@type\":\"WebSite\",\"@id\":\"https:\\\/\\\/chirurgie-orthopedie-vannes.fr\\\/pharmacie\\\/#website\",\"url\":\"https:\\\/\\\/chirurgie-orthopedie-vannes.fr\\\/pharmacie\\\/\",\"name\":\"Chirurgie-Orthopedie-Vannes\",\"description\":\"\",\"potentialAction\":[{\"@type\":\"SearchAction\",\"target\":{\"@type\":\"EntryPoint\",\"urlTemplate\":\"https:\\\/\\\/chirurgie-orthopedie-vannes.fr\\\/pharmacie\\\/?s={search_term_string}\"},\"query-input\":{\"@type\":\"PropertyValueSpecification\",\"valueRequired\":true,\"valueName\":\"search_term_string\"}}],\"inLanguage\":\"fr-FR\"}]}<\/script>\n<!-- \/ Yoast SEO plugin. -->","yoast_head_json":{"title":"Knee Active Pro - Avis, Forum, Pharmacie, Prix, Effets | -50%","robots":{"index":"index","follow":"follow","max-snippet":"max-snippet:-1","max-image-preview":"max-image-preview:large","max-video-preview":"max-video-preview:-1"},"canonical":"https:\/\/chirurgie-orthopedie-vannes.fr\/pharmacie\/supp\/knee-active-pro\/","og_locale":"fr_FR","og_type":"article","og_title":"Knee Active Pro - Avis, Forum, Pharmacie, Prix, Effets | -50%","og_url":"https:\/\/chirurgie-orthopedie-vannes.fr\/pharmacie\/supp\/knee-active-pro\/","og_site_name":"Chirurgie-Orthopedie-Vannes","article_modified_time":"2025-01-14T13:27:30+00:00","og_image":[{"width":768,"height":768,"url":"https:\/\/chirurgie-orthopedie-vannes.fr\/pharmacie\/wp-content\/uploads\/2024\/10\/Kneeactive-Pro.jpg","type":"image\/jpeg"}],"twitter_card":"summary_large_image","twitter_description":"[date_countdown]","twitter_misc":{"Dur\u00e9e de lecture estim\u00e9e":"1 minute"},"schema":{"@context":"https:\/\/schema.org","@graph":[{"@type":"WebPage","@id":"https:\/\/chirurgie-orthopedie-vannes.fr\/pharmacie\/supp\/knee-active-pro\/","url":"https:\/\/chirurgie-orthopedie-vannes.fr\/pharmacie\/supp\/knee-active-pro\/","name":"Knee Active Pro - Avis, Forum, Pharmacie, Prix, Effets | -50%","isPartOf":{"@id":"https:\/\/chirurgie-orthopedie-vannes.fr\/pharmacie\/#website"},"primaryImageOfPage":{"@id":"https:\/\/chirurgie-orthopedie-vannes.fr\/pharmacie\/supp\/knee-active-pro\/#primaryimage"},"image":{"@id":"https:\/\/chirurgie-orthopedie-vannes.fr\/pharmacie\/supp\/knee-active-pro\/#primaryimage"},"thumbnailUrl":"https:\/\/chirurgie-orthopedie-vannes.fr\/pharmacie\/wp-content\/uploads\/2024\/10\/Kneeactive-Pro.jpg","datePublished":"2024-10-18T19:46:00+00:00","dateModified":"2025-01-14T13:27:30+00:00","breadcrumb":{"@id":"https:\/\/chirurgie-orthopedie-vannes.fr\/pharmacie\/supp\/knee-active-pro\/#breadcrumb"},"inLanguage":"fr-FR","potentialAction":[{"@type":"ReadAction","target":["https:\/\/chirurgie-orthopedie-vannes.fr\/pharmacie\/supp\/knee-active-pro\/"]}]},{"@type":"ImageObject","inLanguage":"fr-FR","@id":"https:\/\/chirurgie-orthopedie-vannes.fr\/pharmacie\/supp\/knee-active-pro\/#primaryimage","url":"https:\/\/chirurgie-orthopedie-vannes.fr\/pharmacie\/wp-content\/uploads\/2024\/10\/Kneeactive-Pro.jpg","contentUrl":"https:\/\/chirurgie-orthopedie-vannes.fr\/pharmacie\/wp-content\/uploads\/2024\/10\/Kneeactive-Pro.jpg","width":768,"height":768},{"@type":"BreadcrumbList","@id":"https:\/\/chirurgie-orthopedie-vannes.fr\/pharmacie\/supp\/knee-active-pro\/#breadcrumb","itemListElement":[{"@type":"ListItem","position":1,"name":"Strona g\u0142\u00f3wna","item":"https:\/\/chirurgie-orthopedie-vannes.fr\/pharmacie\/"},{"@type":"ListItem","position":2,"name":"farmaci","item":"https:\/\/chirurgie-orthopedie-vannes.fr\/pharmacie\/"},{"@type":"ListItem","position":3,"name":"Knee Active Pro"}]},{"@type":"WebSite","@id":"https:\/\/chirurgie-orthopedie-vannes.fr\/pharmacie\/#website","url":"https:\/\/chirurgie-orthopedie-vannes.fr\/pharmacie\/","name":"Chirurgie-Orthopedie-Vannes","description":"","potentialAction":[{"@type":"SearchAction","target":{"@type":"EntryPoint","urlTemplate":"https:\/\/chirurgie-orthopedie-vannes.fr\/pharmacie\/?s={search_term_string}"},"query-input":{"@type":"PropertyValueSpecification","valueRequired":true,"valueName":"search_term_string"}}],"inLanguage":"fr-FR"}]}},"_links":{"self":[{"href":"https:\/\/chirurgie-orthopedie-vannes.fr\/pharmacie\/wp-json\/wp\/v2\/product\/4444","targetHints":{"allow":["GET"]}}],"collection":[{"href":"https:\/\/chirurgie-orthopedie-vannes.fr\/pharmacie\/wp-json\/wp\/v2\/product"}],"about":[{"href":"https:\/\/chirurgie-orthopedie-vannes.fr\/pharmacie\/wp-json\/wp\/v2\/types\/product"}],"replies":[{"embeddable":true,"href":"https:\/\/chirurgie-orthopedie-vannes.fr\/pharmacie\/wp-json\/wp\/v2\/comments?post=4444"}],"wp:featuredmedia":[{"embeddable":true,"href":"https:\/\/chirurgie-orthopedie-vannes.fr\/pharmacie\/wp-json\/wp\/v2\/media\/3810"}],"wp:attachment":[{"href":"https:\/\/chirurgie-orthopedie-vannes.fr\/pharmacie\/wp-json\/wp\/v2\/media?parent=4444"}],"wp:term":[{"taxonomy":"product_brand","embeddable":true,"href":"https:\/\/chirurgie-orthopedie-vannes.fr\/pharmacie\/wp-json\/wp\/v2\/product_brand?post=4444"},{"taxonomy":"product_cat","embeddable":true,"href":"https:\/\/chirurgie-orthopedie-vannes.fr\/pharmacie\/wp-json\/wp\/v2\/product_cat?post=4444"},{"taxonomy":"product_tag","embeddable":true,"href":"https:\/\/chirurgie-orthopedie-vannes.fr\/pharmacie\/wp-json\/wp\/v2\/product_tag?post=4444"}],"curies":[{"name":"wp","href":"https:\/\/api.w.org\/{rel}","templated":true}]}}