{"id":4472,"date":"2024-10-18T19:46:04","date_gmt":"2024-10-18T19:46:04","guid":{"rendered":"https:\/\/chirurgie-orthopedie-vannes.fr\/pharmacie\/?post_type=product&#038;p=4472"},"modified":"2025-01-14T13:28:16","modified_gmt":"2025-01-14T13:28:16","slug":"metadrol","status":"publish","type":"product","link":"https:\/\/chirurgie-orthopedie-vannes.fr\/pharmacie\/supp\/metadrol\/","title":{"rendered":"Metadrol"},"content":{"rendered":"\n<h2 class=\"wp-block-heading\">Qu&rsquo;est-ce que Metadrol et comment fonctionne-t-il ?<\/h2>\n\n\n\n<p><b>Metadrol<\/b> est un <b>compl\u00e9ment alimentaire<\/b> moderne con\u00e7u pour soutenir les processus anaboliques dans l&rsquo;organisme. Sa formule unique a \u00e9t\u00e9 cr\u00e9\u00e9e pour les personnes souhaitant augmenter leur masse musculaire et am\u00e9liorer <b>leurs performances<\/b> physiques. L <b>&lsquo;action de<\/b> Metadrol est bas\u00e9e sur une combinaison synergique d&rsquo;ingr\u00e9dients actifs, qui soutiennent la r\u00e9g\u00e9n\u00e9ration apr\u00e8s un exercice intensif et stimulent les gains de force.<\/p>\n\n\n\n<p>Les principales propri\u00e9t\u00e9s de Metadrol sont les suivantes<\/p>\n\n\n\n<ul class=\"wp-block-list\">\n<li>Stimulation des processus anaboliques, ce qui contribue \u00e0 une construction musculaire plus rapide.<\/li>\n\n\n\n<li>Am\u00e9lioration de la force et des performances, permettant un entra\u00eenement plus intense.<\/li>\n\n\n\n<li>Acc\u00e9l\u00e9ration de la r\u00e9cup\u00e9ration post-entra\u00eenement, ce qui permet des entra\u00eenements plus fr\u00e9quents et plus efficaces.<\/li>\n<\/ul>\n\n\n\n<p>Un paquet de Metadrol contient 60 g\u00e9lules, ce qui permet un traitement mensuel efficace. Demand\u00e9 pour \u00eatre pris r\u00e9guli\u00e8rement, ce suppl\u00e9ment montre un <b>effet<\/b> qui peut \u00eatre remarqu\u00e9 apr\u00e8s seulement 1-3 mois d&rsquo;utilisation. L&rsquo;augmentation de la dose \u00e0 6 g\u00e9lules par jour maximise les effets, et la prise r\u00e9guli\u00e8re garantit des r\u00e9sultats constants.<\/p>\n\n\n\n<p>La haute qualit\u00e9 des ingr\u00e9dients de Metadrol en fait un choix populaire pour les athl\u00e8tes et les amateurs de fitness \u00e0 la recherche de solutions efficaces pour la construction musculaire et la r\u00e9cup\u00e9ration. Gr\u00e2ce \u00e0 sa formule bien pens\u00e9e, ce compl\u00e9ment contribue \u00e0 l&rsquo;obtention de la silhouette de vos r\u00eaves et vous permet de gagner du temps pour vous consacrer \u00e0 des entra\u00eenements plus intensifs.<\/p>\n\n\n\n<h2 class=\"wp-block-heading\">Metadrol &#8211; effets de l&rsquo;utilisation<\/h2>\n\n\n\n<p><b>Les effets de l&rsquo;<\/b> utilisation de Metadrol peuvent \u00eatre perceptibles en peu de temps. De nombreux utilisateurs font \u00e9tat d&rsquo;une <em>augmentation<\/em> significative <em>de la masse musculaire<\/em>, ce qui rend ce compl\u00e9ment extr\u00eamement populaire aupr\u00e8s des athl\u00e8tes et des personnes physiquement actives. L&rsquo;utilisation r\u00e9guli\u00e8re <b>du<\/b> produit contribue \u00e0 augmenter la <em>force<\/em>, comme le confirment les entra\u00eeneurs amateurs et professionnels.<\/p>\n\n\n\n<p>Dans les \u00e9tudes men\u00e9es aupr\u00e8s des utilisateurs de Metadrol, une am\u00e9lioration des <em>performances<\/em> et une r\u00e9g\u00e9n\u00e9ration musculaire plus rapide apr\u00e8s un entra\u00eenement intensif ont \u00e9t\u00e9 observ\u00e9es. Les ingr\u00e9dients cl\u00e9s tels que le 2-Hydrxy-3-Methox OH2 influencent les <b>processus anaboliques<\/b>, ce qui favorise un meilleur d\u00e9veloppement musculaire.<\/p>\n\n\n\n<p>Le tableau ci-dessous pr\u00e9sente quelques-uns des effets de Metadrol mis en \u00e9vidence par les <b>utilisateurs<\/b>:<\/p>\n\n\n\n<figure class=\"wp-block-table\"><table class=\"has-fixed-layout\"><tbody><tr><th>Effet<\/th><th>Description de l&rsquo;effet<\/th><\/tr><tr><td><b>Augmentation de la masse musculaire<\/b><\/td><td>Les<b>utilisateurs<\/b> remarquent une nette augmentation de la masse musculaire apr\u00e8s seulement quelques semaines d&rsquo;utilisation.<\/td><\/tr><tr><td>Augmentation de la force<\/td><td>Metadrol am\u00e9liore consid\u00e9rablement la force, ce qui permet d&rsquo;effectuer des entra\u00eenements plus intenses.<\/td><\/tr><tr><td>Am\u00e9lioration des performances<\/td><td>Le compl\u00e9ment permet d&rsquo;effectuer des s\u00e9ances d&rsquo;entra\u00eenement plus longues et plus efficaces, en r\u00e9duisant la sensation de fatigue.<\/td><\/tr><tr><td>R\u00e9cup\u00e9ration plus rapide<\/td><td>Les muscles r\u00e9cup\u00e8rent plus rapidement apr\u00e8s les s\u00e9ances d&rsquo;entra\u00eenement, ce qui r\u00e9duit la douleur et l&rsquo;inconfort.<\/td><\/tr><tr><td>Augmentation de l&rsquo;\u00e9nergie<\/td><td>La sensation d&rsquo;\u00e9nergie accrue pendant les s\u00e9ances d&rsquo;entra\u00eenement vous permet d&rsquo;\u00eatre plus performant.<\/td><\/tr><\/tbody><\/table><\/figure>\n\n\n\n<p>Le Metadrol devient un suppl\u00e9ment de plus en plus reconnu sur le march\u00e9. Il convient de noter que le succ\u00e8s de ce produit est d\u00fb \u00e0 son efficacit\u00e9 dans le cadre de la <em>prise de masse musculaire<\/em> et de l&rsquo;am\u00e9lioration des <em>performances<\/em> globales. Il est donc tr\u00e8s populaire parmi les athl\u00e8tes professionnels qui recherchent des m\u00e9thodes \u00e9prouv\u00e9es pour augmenter la force et la masse musculaire.<\/p>\n\n\n\n<h2 class=\"wp-block-heading\">Comment utiliser Metadrol correctement &#8211; Dosage<\/h2>\n\n\n\n<p>Le <b>dosage<\/b> correct de Metadrol est important pour obtenir les effets escompt\u00e9s en termes de suppl\u00e9mentation. Il est recommand\u00e9 de prendre <em>deux \u00e0 trois g\u00e9lules par jour<\/em>, de pr\u00e9f\u00e9rence apr\u00e8s un repas, avec beaucoup d&rsquo;eau. Une <b>utilisation<\/b> r\u00e9guli\u00e8re pendant au moins huit semaines contribue \u00e0 l&rsquo;am\u00e9lioration de la condition physique, puis il convient de faire une pause de quatre \u00e0 cinq semaines afin de minimiser le risque d&rsquo;\u00e9ventuels effets secondaires.<\/p>\n\n\n\n<p>Un mauvais <b>dosage de<\/b> Metadrol peut entra\u00eener des r\u00e9actions ind\u00e9sirables dans l&rsquo;organisme, telles que des maux de t\u00eate, des naus\u00e9es ou des probl\u00e8mes digestifs. Un \u00e9l\u00e9ment cl\u00e9 d&rsquo;une <em>suppl\u00e9mentation<\/em> efficace est le respect du dosage recommand\u00e9 et l&rsquo;absence d&rsquo;utilisation excessive, qui peut avoir des effets n\u00e9gatifs sur la sant\u00e9.<\/p>\n\n\n\n<p>Metadrol est particuli\u00e8rement recommand\u00e9 aux personnes physiquement actives qui souhaitent augmenter leur force, leur endurance musculaire et am\u00e9liorer la qualit\u00e9 de leur sommeil. En m\u00eame temps, il est toujours conseill\u00e9 de consulter un m\u00e9decin ou un di\u00e9t\u00e9ticien avant de commencer \u00e0 l&rsquo;utiliser, afin de s&rsquo;assurer de l&rsquo;ad\u00e9quation de cette pr\u00e9paration.<\/p>\n\n\n\n<ul class=\"wp-block-list\">\n<li><b>Posologie<\/b> initiale : 2 g\u00e9lules par jour<\/li>\n\n\n\n<li>Dosage maximal : jusqu&rsquo;\u00e0 6 g\u00e9lules par jour<\/li>\n\n\n\n<li>Dur\u00e9e d&rsquo;utilisation : minimum 8 semaines, intervalle 4-5 semaines<\/li>\n<\/ul>\n\n\n\n<p>Le respect des directives de dosage du Metadrol permet d&rsquo;obtenir des effets b\u00e9n\u00e9fiques tels qu&rsquo;une r\u00e9cup\u00e9ration musculaire plus rapide et une combustion efficace des graisses. Tout cela constitue une \u00e9tape importante vers la r\u00e9alisation de vos objectifs d&rsquo;entra\u00eenement.<\/p>\n\n\n\n<h2 class=\"wp-block-heading\">Metadrol &#8211; Critiques et opinions &#8211; Que disent les utilisateurs ?<\/h2>\n\n\n\n<p>Les<b>avis sur<\/b> Metadrol sont majoritairement positifs, les <b>utilisateurs<\/b> louant ses effets. Beaucoup soulignent des gains significatifs de force et de masse musculaire, comme le prouvent diverses <b>critiques<\/b>. Voici quelques d\u00e9clarations de personnes ayant opt\u00e9 pour ce compl\u00e9ment.<\/p>\n\n\n\n<blockquote class=\"wp-block-quote is-layout-flow wp-block-quote-is-layout-flow\">\n<p><em>Marta :<\/em> \u00ab\u00a0Apr\u00e8s 3 semaines d&rsquo;utilisation de Metadrol, j&rsquo;ai remarqu\u00e9 une am\u00e9lioration significative de mes performances \u00e0 la salle de sport. Mon poids a augment\u00e9 de 3 kg et <b>ma force<\/b> s&rsquo;est accrue. Le suppl\u00e9ment m&rsquo;a \u00e9galement aid\u00e9 \u00e0 r\u00e9cup\u00e9rer apr\u00e8s des s\u00e9ances d&rsquo;entra\u00eenement intenses.\u00a0\u00bb<\/p>\n<\/blockquote>\n\n\n\n<blockquote class=\"wp-block-quote is-layout-flow wp-block-quote-is-layout-flow\">\n<p><em>Thomas :<\/em> \u00ab\u00a0J&rsquo;ai d\u00e9cid\u00e9 de prendre Metadrol apr\u00e8s avoir lu les critiques positives. C&rsquo;\u00e9tait une bonne d\u00e9cision. Ma forme s&rsquo;est am\u00e9lior\u00e9e et ma masse musculaire a augment\u00e9. Le plus important, c&rsquo;est que je n&rsquo;ai pas eu d&rsquo;effets secondaires.\u00a0\u00bb<\/p>\n<\/blockquote>\n\n\n\n<blockquote class=\"wp-block-quote is-layout-flow wp-block-quote-is-layout-flow\">\n<p><em>Kasia :<\/em> \u00ab\u00a0Gr\u00e2ce \u00e0 Metadrol, j&rsquo;ai d\u00e9velopp\u00e9 une masse musculaire importante en peu de temps. Le compl\u00e9ment est s\u00fbr et les r\u00e9sultats parlent d&rsquo;eux-m\u00eames. Je le recommande sans h\u00e9siter !\u00a0\u00bb<\/p>\n<\/blockquote>\n\n\n\n<p>Metadrol est tr\u00e8s populaire parmi les athl\u00e8tes et les personnes physiquement actives. Les utilisateurs soulignent que le compl\u00e9ment acc\u00e9l\u00e8re les processus de r\u00e9cup\u00e9ration et contribue \u00e0 la r\u00e9duction des graisses. Les recommandations des experts et les <b>commentaires<\/b> positifs <b>des<\/b> utilisateurs contribuent \u00e0 l&rsquo;int\u00e9r\u00eat croissant pour ce produit.<\/p>\n\n\n\n<p>En conclusion, Metadrol est de plus en plus reconnu par les utilisateurs en raison de son efficacit\u00e9 et de sa s\u00e9curit\u00e9 d&rsquo;utilisation. Il vaut la peine de lire les commentaires, qui peuvent s&rsquo;av\u00e9rer \u00eatre des conseils pr\u00e9cieux pour les acheteurs potentiels souhaitant am\u00e9liorer leurs r\u00e9sultats d&rsquo;entra\u00eenement.<\/p>\n\n\n\n<h2 class=\"wp-block-heading\">Metadrol &#8211; Composition &#8211; Que contient-il ?<\/h2>\n\n\n\n<p>Metadrol est un <em>compl\u00e9ment alimentaire<\/em> qui a \u00e9t\u00e9 d\u00e9velopp\u00e9 pour ceux qui cherchent \u00e0 augmenter leur masse musculaire et \u00e0 am\u00e9liorer leurs performances \u00e0 l&rsquo;entra\u00eenement. Sa <em>composition<\/em> est bas\u00e9e sur des <em>ingr\u00e9dients naturels<\/em>, ce qui en fait un choix s\u00fbr pour de nombreux athl\u00e8tes. Les ingr\u00e9dients cl\u00e9s de Metadrol sont<\/p>\n\n\n\n<ul class=\"wp-block-list\">\n<li><strong>HGRX-3<\/strong>: soutient les <b>processus anaboliques<\/b><\/li>\n\n\n\n<li><strong>Tribulus Terrestris<\/strong>: a un effet positif sur les niveaux de testost\u00e9rone<\/li>\n\n\n\n<li><strong>Caf\u00e9ine<\/strong>: augmente les <b>performances<\/b> et am\u00e9liore la concentration pendant l&rsquo;entra\u00eenement<\/li>\n<\/ul>\n\n\n\n<p>La formule de Metadrol fonctionne en synergie, ce qui permet un d\u00e9veloppement plus rapide de la masse musculaire et une meilleure r\u00e9cup\u00e9ration apr\u00e8s l&rsquo;entra\u00eenement. <em>Les ingr\u00e9dients naturels<\/em> contenus dans le produit favorisent la protection des fibres musculaires et am\u00e9liorent la flexibilit\u00e9 musculaire lors d&rsquo;un entra\u00eenement intense.<\/p>\n\n\n\n<p>Le dosage recommand\u00e9 est de 2 g\u00e9lules par jour, mais la dose maximale autoris\u00e9e peut aller jusqu&rsquo;\u00e0 6 g\u00e9lules, en fonction de la tol\u00e9rance individuelle de l&rsquo;organisme. Metadrol doit \u00eatre conserv\u00e9 dans un endroit frais et sec, hors de port\u00e9e des enfants.<\/p>\n\n\n\n<h2 class=\"wp-block-heading\">O\u00f9 acheter Metadrol &#8211; prix<\/h2>\n\n\n\n<p>Metadrol est uniquement disponible sur le <em>site officiel du fabricant<\/em>. L&rsquo;achat sur ce site garantit l&rsquo;originalit\u00e9 du produit et l&rsquo;acc\u00e8s aux derni\u00e8res promotions. Il convient de noter que Metadrol n&rsquo;est pas disponible dans les pharmacies stationnaires, ce qui fait de l&rsquo;achat aupr\u00e8s de la boutique officielle la meilleure option.<\/p>\n\n\n\n<p><b>Le prix du<\/b> Metadrol d\u00e9pend des promotions en cours, d&rsquo;o\u00f9 l&rsquo;int\u00e9r\u00eat de v\u00e9rifier r\u00e9guli\u00e8rement l&rsquo;offre sur le site du fabricant. Il convient de noter que l&rsquo;achat sur le site officiel permet \u00e9galement de b\u00e9n\u00e9ficier d&rsquo;une r\u00e9duction de 50 % et d&rsquo;une garantie de remboursement, ce qui rend l&rsquo;offre plus attrayante. C&rsquo;est pourquoi, si vous vous demandez <em>o\u00f9 acheter<\/em> Metadrol, le site du fabricant est la seule r\u00e9ponse.<\/p>\n\n\n\n<h2 class=\"wp-block-heading\">Metadrol &#8211; Effets secondaires potentiels et contre-indications d&rsquo;utilisation<\/h2>\n\n\n\n<p>Metadrol, comme tout <b>compl\u00e9ment alimentaire<\/b>, comporte le risque d&rsquo;effets secondaires potentiels. Il est essentiel que les personnes souffrant de maladies chroniques ou prenant des m\u00e9dicaments suppl\u00e9mentaires consultent leur m\u00e9decin avant de commencer la suppl\u00e9mentation. Les utilisateurs signalent parfois des probl\u00e8mes digestifs ou des r\u00e9actions allergiques, qui varient en fonction de la r\u00e9action de l&rsquo;organisme aux ingr\u00e9dients contenus dans le compl\u00e9ment.<\/p>\n\n\n\n<p>Les contre-indications les plus fr\u00e9quemment cit\u00e9es pour Metadrol sont l&rsquo;hypertension, les maladies cardiaques, le diab\u00e8te et les probl\u00e8mes hormonaux. Les personnes \u00e0 risque, y compris les femmes enceintes ou allaitantes, doivent prendre des pr\u00e9cautions particuli\u00e8res pour leur <b>s\u00e9curit\u00e9<\/b> et consulter un sp\u00e9cialiste. Un suivi r\u00e9gulier de la r\u00e9ponse de l&rsquo;organisme est essentiel pour pr\u00e9server la sant\u00e9 et \u00e9viter les effets ind\u00e9sirables.<\/p>\n\n\n\n<p>De nombreux utilisateurs rapportent des exp\u00e9riences positives de gain de masse musculaire et d&rsquo;augmentation de la force apr\u00e8s la prise de Metadrol. Cependant, comme pour tout suppl\u00e9ment, il est important pour les nouveaux utilisateurs de s&rsquo;assurer de la <b>s\u00e9curit\u00e9<\/b> et de prendre des d\u00e9cisions \u00e9clair\u00e9es en suivant les recommandations du fabricant.<\/p>\n","protected":false},"excerpt":{"rendered":"<p><strong>[date_countdown]<\/strong><\/p>\n<p><img decoding=\"async\" class=\"alignnone  wp-image-8427\" src=\"https:\/\/chirurgie-orthopedie-vannes.fr\/pharmacie\/wp-content\/uploads\/2024\/10\/SAFE-PAY-300x88-1.png\" alt=\"SAFE-PAY-300x88\" width=\"164\" height=\"48\" \/><\/p>\n","protected":false},"featured_media":3900,"comment_status":"open","ping_status":"closed","template":"","meta":{"neve_meta_sidebar":"","neve_meta_container":"","neve_meta_enable_content_width":"","neve_meta_content_width":0,"neve_meta_title_alignment":"","neve_meta_author_avatar":"","neve_post_elements_order":"","neve_meta_disable_header":"","neve_meta_disable_footer":"","neve_meta_disable_title":"","neve_meta_reading_time":""},"product_brand":[],"product_cat":[15],"product_tag":[],"class_list":{"0":"post-4472","1":"product","2":"type-product","3":"status-publish","4":"has-post-thumbnail","6":"product_cat-perte-de-poids","8":"first","9":"instock","10":"sale","11":"shipping-taxable","12":"product-type-external"},"yoast_head":"<!-- This site is optimized with the Yoast SEO plugin v27.4 - https:\/\/yoast.com\/product\/yoast-seo-wordpress\/ -->\n<title>Metadrol - Avis, Forum, Pharmacie, Prix, Effets | -50%<\/title>\n<meta name=\"robots\" content=\"index, follow, max-snippet:-1, max-image-preview:large, max-video-preview:-1\" \/>\n<link rel=\"canonical\" href=\"https:\/\/chirurgie-orthopedie-vannes.fr\/pharmacie\/supp\/metadrol\/\" \/>\n<meta property=\"og:locale\" content=\"fr_FR\" \/>\n<meta property=\"og:type\" content=\"article\" \/>\n<meta property=\"og:title\" content=\"Metadrol - Avis, Forum, Pharmacie, Prix, Effets | -50%\" \/>\n<meta property=\"og:url\" content=\"https:\/\/chirurgie-orthopedie-vannes.fr\/pharmacie\/supp\/metadrol\/\" \/>\n<meta property=\"og:site_name\" content=\"Chirurgie-Orthopedie-Vannes\" \/>\n<meta property=\"article:modified_time\" content=\"2025-01-14T13:28:16+00:00\" \/>\n<meta property=\"og:image\" content=\"https:\/\/chirurgie-orthopedie-vannes.fr\/pharmacie\/wp-content\/uploads\/2024\/10\/Metadrol.jpg\" \/>\n\t<meta property=\"og:image:width\" content=\"768\" \/>\n\t<meta property=\"og:image:height\" content=\"768\" \/>\n\t<meta property=\"og:image:type\" content=\"image\/jpeg\" \/>\n<meta name=\"twitter:card\" content=\"summary_large_image\" \/>\n<meta name=\"twitter:description\" content=\"[date_countdown]\" \/>\n<meta name=\"twitter:label1\" content=\"Dur\u00e9e de lecture estim\u00e9e\" \/>\n\t<meta name=\"twitter:data1\" content=\"8 minutes\" \/>\n<script type=\"application\/ld+json\" class=\"yoast-schema-graph\">{\"@context\":\"https:\\\/\\\/schema.org\",\"@graph\":[{\"@type\":\"WebPage\",\"@id\":\"https:\\\/\\\/chirurgie-orthopedie-vannes.fr\\\/pharmacie\\\/supp\\\/metadrol\\\/\",\"url\":\"https:\\\/\\\/chirurgie-orthopedie-vannes.fr\\\/pharmacie\\\/supp\\\/metadrol\\\/\",\"name\":\"Metadrol - Avis, Forum, Pharmacie, Prix, Effets | -50%\",\"isPartOf\":{\"@id\":\"https:\\\/\\\/chirurgie-orthopedie-vannes.fr\\\/pharmacie\\\/#website\"},\"primaryImageOfPage\":{\"@id\":\"https:\\\/\\\/chirurgie-orthopedie-vannes.fr\\\/pharmacie\\\/supp\\\/metadrol\\\/#primaryimage\"},\"image\":{\"@id\":\"https:\\\/\\\/chirurgie-orthopedie-vannes.fr\\\/pharmacie\\\/supp\\\/metadrol\\\/#primaryimage\"},\"thumbnailUrl\":\"https:\\\/\\\/chirurgie-orthopedie-vannes.fr\\\/pharmacie\\\/wp-content\\\/uploads\\\/2024\\\/10\\\/Metadrol.jpg\",\"datePublished\":\"2024-10-18T19:46:04+00:00\",\"dateModified\":\"2025-01-14T13:28:16+00:00\",\"breadcrumb\":{\"@id\":\"https:\\\/\\\/chirurgie-orthopedie-vannes.fr\\\/pharmacie\\\/supp\\\/metadrol\\\/#breadcrumb\"},\"inLanguage\":\"fr-FR\",\"potentialAction\":[{\"@type\":\"ReadAction\",\"target\":[\"https:\\\/\\\/chirurgie-orthopedie-vannes.fr\\\/pharmacie\\\/supp\\\/metadrol\\\/\"]}]},{\"@type\":\"ImageObject\",\"inLanguage\":\"fr-FR\",\"@id\":\"https:\\\/\\\/chirurgie-orthopedie-vannes.fr\\\/pharmacie\\\/supp\\\/metadrol\\\/#primaryimage\",\"url\":\"https:\\\/\\\/chirurgie-orthopedie-vannes.fr\\\/pharmacie\\\/wp-content\\\/uploads\\\/2024\\\/10\\\/Metadrol.jpg\",\"contentUrl\":\"https:\\\/\\\/chirurgie-orthopedie-vannes.fr\\\/pharmacie\\\/wp-content\\\/uploads\\\/2024\\\/10\\\/Metadrol.jpg\",\"width\":768,\"height\":768},{\"@type\":\"BreadcrumbList\",\"@id\":\"https:\\\/\\\/chirurgie-orthopedie-vannes.fr\\\/pharmacie\\\/supp\\\/metadrol\\\/#breadcrumb\",\"itemListElement\":[{\"@type\":\"ListItem\",\"position\":1,\"name\":\"Strona g\u0142\u00f3wna\",\"item\":\"https:\\\/\\\/chirurgie-orthopedie-vannes.fr\\\/pharmacie\\\/\"},{\"@type\":\"ListItem\",\"position\":2,\"name\":\"farmaci\",\"item\":\"https:\\\/\\\/chirurgie-orthopedie-vannes.fr\\\/pharmacie\\\/\"},{\"@type\":\"ListItem\",\"position\":3,\"name\":\"Metadrol\"}]},{\"@type\":\"WebSite\",\"@id\":\"https:\\\/\\\/chirurgie-orthopedie-vannes.fr\\\/pharmacie\\\/#website\",\"url\":\"https:\\\/\\\/chirurgie-orthopedie-vannes.fr\\\/pharmacie\\\/\",\"name\":\"Chirurgie-Orthopedie-Vannes\",\"description\":\"\",\"potentialAction\":[{\"@type\":\"SearchAction\",\"target\":{\"@type\":\"EntryPoint\",\"urlTemplate\":\"https:\\\/\\\/chirurgie-orthopedie-vannes.fr\\\/pharmacie\\\/?s={search_term_string}\"},\"query-input\":{\"@type\":\"PropertyValueSpecification\",\"valueRequired\":true,\"valueName\":\"search_term_string\"}}],\"inLanguage\":\"fr-FR\"}]}<\/script>\n<!-- \/ Yoast SEO plugin. -->","yoast_head_json":{"title":"Metadrol - Avis, Forum, Pharmacie, Prix, Effets | -50%","robots":{"index":"index","follow":"follow","max-snippet":"max-snippet:-1","max-image-preview":"max-image-preview:large","max-video-preview":"max-video-preview:-1"},"canonical":"https:\/\/chirurgie-orthopedie-vannes.fr\/pharmacie\/supp\/metadrol\/","og_locale":"fr_FR","og_type":"article","og_title":"Metadrol - Avis, Forum, Pharmacie, Prix, Effets | -50%","og_url":"https:\/\/chirurgie-orthopedie-vannes.fr\/pharmacie\/supp\/metadrol\/","og_site_name":"Chirurgie-Orthopedie-Vannes","article_modified_time":"2025-01-14T13:28:16+00:00","og_image":[{"width":768,"height":768,"url":"https:\/\/chirurgie-orthopedie-vannes.fr\/pharmacie\/wp-content\/uploads\/2024\/10\/Metadrol.jpg","type":"image\/jpeg"}],"twitter_card":"summary_large_image","twitter_description":"[date_countdown]","twitter_misc":{"Dur\u00e9e de lecture estim\u00e9e":"8 minutes"},"schema":{"@context":"https:\/\/schema.org","@graph":[{"@type":"WebPage","@id":"https:\/\/chirurgie-orthopedie-vannes.fr\/pharmacie\/supp\/metadrol\/","url":"https:\/\/chirurgie-orthopedie-vannes.fr\/pharmacie\/supp\/metadrol\/","name":"Metadrol - Avis, Forum, Pharmacie, Prix, Effets | -50%","isPartOf":{"@id":"https:\/\/chirurgie-orthopedie-vannes.fr\/pharmacie\/#website"},"primaryImageOfPage":{"@id":"https:\/\/chirurgie-orthopedie-vannes.fr\/pharmacie\/supp\/metadrol\/#primaryimage"},"image":{"@id":"https:\/\/chirurgie-orthopedie-vannes.fr\/pharmacie\/supp\/metadrol\/#primaryimage"},"thumbnailUrl":"https:\/\/chirurgie-orthopedie-vannes.fr\/pharmacie\/wp-content\/uploads\/2024\/10\/Metadrol.jpg","datePublished":"2024-10-18T19:46:04+00:00","dateModified":"2025-01-14T13:28:16+00:00","breadcrumb":{"@id":"https:\/\/chirurgie-orthopedie-vannes.fr\/pharmacie\/supp\/metadrol\/#breadcrumb"},"inLanguage":"fr-FR","potentialAction":[{"@type":"ReadAction","target":["https:\/\/chirurgie-orthopedie-vannes.fr\/pharmacie\/supp\/metadrol\/"]}]},{"@type":"ImageObject","inLanguage":"fr-FR","@id":"https:\/\/chirurgie-orthopedie-vannes.fr\/pharmacie\/supp\/metadrol\/#primaryimage","url":"https:\/\/chirurgie-orthopedie-vannes.fr\/pharmacie\/wp-content\/uploads\/2024\/10\/Metadrol.jpg","contentUrl":"https:\/\/chirurgie-orthopedie-vannes.fr\/pharmacie\/wp-content\/uploads\/2024\/10\/Metadrol.jpg","width":768,"height":768},{"@type":"BreadcrumbList","@id":"https:\/\/chirurgie-orthopedie-vannes.fr\/pharmacie\/supp\/metadrol\/#breadcrumb","itemListElement":[{"@type":"ListItem","position":1,"name":"Strona g\u0142\u00f3wna","item":"https:\/\/chirurgie-orthopedie-vannes.fr\/pharmacie\/"},{"@type":"ListItem","position":2,"name":"farmaci","item":"https:\/\/chirurgie-orthopedie-vannes.fr\/pharmacie\/"},{"@type":"ListItem","position":3,"name":"Metadrol"}]},{"@type":"WebSite","@id":"https:\/\/chirurgie-orthopedie-vannes.fr\/pharmacie\/#website","url":"https:\/\/chirurgie-orthopedie-vannes.fr\/pharmacie\/","name":"Chirurgie-Orthopedie-Vannes","description":"","potentialAction":[{"@type":"SearchAction","target":{"@type":"EntryPoint","urlTemplate":"https:\/\/chirurgie-orthopedie-vannes.fr\/pharmacie\/?s={search_term_string}"},"query-input":{"@type":"PropertyValueSpecification","valueRequired":true,"valueName":"search_term_string"}}],"inLanguage":"fr-FR"}]}},"_links":{"self":[{"href":"https:\/\/chirurgie-orthopedie-vannes.fr\/pharmacie\/wp-json\/wp\/v2\/product\/4472","targetHints":{"allow":["GET"]}}],"collection":[{"href":"https:\/\/chirurgie-orthopedie-vannes.fr\/pharmacie\/wp-json\/wp\/v2\/product"}],"about":[{"href":"https:\/\/chirurgie-orthopedie-vannes.fr\/pharmacie\/wp-json\/wp\/v2\/types\/product"}],"replies":[{"embeddable":true,"href":"https:\/\/chirurgie-orthopedie-vannes.fr\/pharmacie\/wp-json\/wp\/v2\/comments?post=4472"}],"wp:featuredmedia":[{"embeddable":true,"href":"https:\/\/chirurgie-orthopedie-vannes.fr\/pharmacie\/wp-json\/wp\/v2\/media\/3900"}],"wp:attachment":[{"href":"https:\/\/chirurgie-orthopedie-vannes.fr\/pharmacie\/wp-json\/wp\/v2\/media?parent=4472"}],"wp:term":[{"taxonomy":"product_brand","embeddable":true,"href":"https:\/\/chirurgie-orthopedie-vannes.fr\/pharmacie\/wp-json\/wp\/v2\/product_brand?post=4472"},{"taxonomy":"product_cat","embeddable":true,"href":"https:\/\/chirurgie-orthopedie-vannes.fr\/pharmacie\/wp-json\/wp\/v2\/product_cat?post=4472"},{"taxonomy":"product_tag","embeddable":true,"href":"https:\/\/chirurgie-orthopedie-vannes.fr\/pharmacie\/wp-json\/wp\/v2\/product_tag?post=4472"}],"curies":[{"name":"wp","href":"https:\/\/api.w.org\/{rel}","templated":true}]}}