{"id":4508,"date":"2024-10-18T19:46:19","date_gmt":"2024-10-18T19:46:19","guid":{"rendered":"https:\/\/chirurgie-orthopedie-vannes.fr\/pharmacie\/?post_type=product&#038;p=4508"},"modified":"2025-01-14T13:28:46","modified_gmt":"2025-01-14T13:28:46","slug":"booups","status":"publish","type":"product","link":"https:\/\/chirurgie-orthopedie-vannes.fr\/pharmacie\/supp\/booups\/","title":{"rendered":"BooUps"},"content":{"rendered":"<h2 class=\"wp-block-heading\">Qu&rsquo;est-ce que le BooUps et comment fonctionne-t-il ?<\/h2>\n\n\n<p><b>BooUps<\/b> est un <b>compl\u00e9ment alimentaire<\/b> innovant con\u00e7u pour agrandir et <b>raffermir le buste<\/b>. Son <em>action<\/em> est bas\u00e9e sur l&rsquo;utilisation d&rsquo;ingr\u00e9dients naturels qui p\u00e9n\u00e8trent profond\u00e9ment dans la peau, en soutenant les processus r\u00e9g\u00e9n\u00e9ratifs et nutritionnels. La formule de <b>BooUps<\/b> est con\u00e7ue pour fournir les ingr\u00e9dients n\u00e9cessaires \u00e0 l&rsquo;am\u00e9lioration de l&rsquo;apparence du buste.<\/p>\n\n\n<p>BooUps Serum contient sept principes actifs cl\u00e9s, tels que l&rsquo;Hexapeptide Adifyline\u2122, qui stimule la synth\u00e8se des cellules graisseuses. L&rsquo;effet attendu est d&rsquo;augmenter le volume du buste et d&rsquo;am\u00e9liorer l&rsquo;\u00e9lasticit\u00e9 de la peau. Un autre ingr\u00e9dient important est la Centella Asiatica, qui acc\u00e9l\u00e8re la r\u00e9g\u00e9n\u00e9ration de la peau, augmente la production de collag\u00e8ne et am\u00e9liore l&rsquo;hydratation de la peau.<\/p>\n\n\n\n<ul class=\"wp-block-list\">\n<li><em>Adifyline\u2122 hexapeptide<\/em>: am\u00e9liore le volume et l&rsquo;\u00e9lasticit\u00e9 de la peau.<\/li>\n\n\n\n<li><em>Centella Asiatica<\/em>: favorise la production de collag\u00e8ne, ce qui augmente la fermet\u00e9 du buste.<\/li>\n\n\n\n<li><em>Noix<\/em>: propri\u00e9t\u00e9s antioxydantes, favorisant les processus naturels de l&rsquo;organisme.<\/li>\n\n\n\n<li>L&rsquo;<em>huile de coco<\/em>: hydrate intens\u00e9ment la peau et la rend plus souple.<\/li>\n\n\n\n<li><em>Huile d&rsquo;argan<\/em>: r\u00e9g\u00e9n\u00e8re et nourrit, en pr\u00e9servant l&rsquo;\u00e9lasticit\u00e9 de la peau.<\/li>\n\n\n\n<li><em>Beurre de karit\u00e9<\/em>: apporte des vitamines, am\u00e9liore l&rsquo;hydratation et l&rsquo;\u00e9lasticit\u00e9.<\/li>\n<\/ul>\n\n\n<p>Gr\u00e2ce \u00e0 ces ingr\u00e9dients naturels, BooUps devient un choix s\u00fbr pour les femmes qui souhaitent prendre soin de l&rsquo;apparence de leurs seins sans recourir \u00e0 des proc\u00e9dures invasives. L&rsquo;utilisation r\u00e9guli\u00e8re du compl\u00e9ment est b\u00e9n\u00e9fique, car elle contribue \u00e0 am\u00e9liorer l&rsquo;\u00e9tat et l&rsquo;aspect de la peau de la zone du buste.<\/p>\n\n\n<h2 class=\"wp-block-heading\">Effets des BooUps<\/h2>\n\n\n<p><b>Les effets de<\/b> BooUps sont perceptibles apr\u00e8s seulement quelques semaines d&rsquo;utilisation r\u00e9guli\u00e8re. Ce s\u00e9rum d&rsquo;<b>agrandissement du buste<\/b>, \u00e0 la consistance d&rsquo;une cr\u00e8me, contient 6 extraits d&rsquo;origine naturelle et l&rsquo;Hexapeptide Adifyline\u2122, qui favorise activement l&rsquo;agrandissement du volume du buste. <b>Les utilisatrices<\/b> remarquent g\u00e9n\u00e9ralement une am\u00e9lioration de la fermet\u00e9 et de l&rsquo;hydratation de la peau. Des ingr\u00e9dients tels que l&rsquo;huile d&rsquo;argan et le beurre de karit\u00e9 contribuent \u00e0 la r\u00e9g\u00e9n\u00e9ration et \u00e0 la nutrition de la peau, ce qui a un impact significatif sur son \u00e9tat.<\/p>\n\n\n\n<blockquote class=\"wp-block-quote is-layout-flow wp-block-quote-is-layout-flow\"><p>\u00ab\u00a0En utilisant les BooUps, j&rsquo;ai remarqu\u00e9 une am\u00e9lioration non seulement de l&rsquo;apparence de mes seins, mais aussi de leur fermet\u00e9 et de leur douceur. &#8211; <b>commentaires d&rsquo;<\/b> utilisateurs.<\/p>\n<\/blockquote>\n\n\n<p>Le s\u00e9rum a \u00e9galement un <b>effet<\/b> hydratant qui peut pr\u00e9venir les vergetures, en particulier chez les femmes apr\u00e8s une grossesse ou un allaitement. Apr\u00e8s un traitement prolong\u00e9, de nombreuses femmes constatent que leurs seins sont plus volumineux et lift\u00e9s. La gamme BooUps s&rsquo;adresse aux femmes de tous \u00e2ges, en particulier \u00e0 celles qui sont sujettes \u00e0 des fluctuations de poids.<\/p>\n\n\n\n<ul class=\"wp-block-list\">\n<li>La taille du buste a augment\u00e9 apr\u00e8s l&rsquo;application du produit<\/li>\n\n\n\n<li>Une peau raffermie et souple<\/li>\n\n\n\n<li>Lisser la peau et r\u00e9duire l&rsquo;apparence des vergetures<\/li>\n\n\n\n<li>Des seins huil\u00e9s et nourris<\/li>\n<\/ul>\n\n\n<p><b>Les avis<\/b> sur les effets de BooUps montrent que le produit est efficace pour am\u00e9liorer l&rsquo;esth\u00e9tique du buste et qu&rsquo;il soutient les processus naturels de soins de la peau. Pensez donc \u00e0 inclure ce s\u00e9rum dans votre routine quotidienne de soins de la peau.<\/p>\n\n\n<h2 class=\"wp-block-heading\">Comment utiliser BooUps ? &#8211; Dosage<\/h2>\n\n\n<p>L&rsquo;application de BooUps est extr\u00eamement simple, ce qui en fait une solution pratique pour le soin quotidien du buste. Il est recommand\u00e9 d&rsquo;appliquer ce s\u00e9rum deux fois par jour, matin et soir. Pour un <b>r\u00e9sultat<\/b> optimal, il est conseill\u00e9 de faire p\u00e9n\u00e9trer le produit dans la peau du buste par des mouvements circulaires, en partant de la base vers le d\u00e9collet\u00e9.<\/p>\n\n\n<p>Un aspect cl\u00e9 de l&rsquo;<em>utilisation des<\/em> BooUps est que le s\u00e9rum doit \u00eatre appliqu\u00e9 sur une peau propre et s\u00e8che. Cela permet aux <b>ingr\u00e9dients actifs<\/b> d&rsquo;\u00eatre mieux absorb\u00e9s, ce qui acc\u00e9l\u00e8re les r\u00e9sultats souhait\u00e9s. L&rsquo;utilisation r\u00e9guli\u00e8re du produit cosm\u00e9tique, ainsi que le maintien d&rsquo;un mode de vie sain, influencent consid\u00e9rablement les effets de l&rsquo;application.<\/p>\n\n\n<p>Le s\u00e9rum BooUps contient sept ingr\u00e9dients actifs qui favorisent l&rsquo;am\u00e9lioration et le raffermissement du buste. Parmi les plus importants figurent l&rsquo;Hexapeptide Adifyline\u2122, qui procure un effet liftant, et des ingr\u00e9dients tels que le beurre de karit\u00e9, l&rsquo;huile d&rsquo;argan et l&rsquo;extrait de noix. Gr\u00e2ce \u00e0 ces ingr\u00e9dients, la peau du buste devient plus hydrat\u00e9e et plus \u00e9lastique, ce qui augmente consid\u00e9rablement le confort.<\/p>\n\n\n<h2 class=\"wp-block-heading\">BooUps &#8211; Avis et critiques &#8211; Que disent les utilisateurs ?<\/h2>\n\n\n<p>Les <b>utilisateurs de<\/b> BooUps sont d\u00e9sireux de partager leurs exp\u00e9riences sur les <b>forums<\/b>, ce qui permet d&rsquo;obtenir un retour d&rsquo;information authentique. La note \u00e9lev\u00e9e de 4,95 \u00e9toiles sur 5 indique la grande popularit\u00e9 du produit et les <b>commentaires<\/b> positifs <b>qu&rsquo;il<\/b> suscite.<\/p>\n\n\n<p>De nombreuses femmes soulignent que l&rsquo;utilisation des BooUps produit des r\u00e9sultats visibles. Les exp\u00e9riences des utilisatrices sont vari\u00e9es, mais toutes soulignent l&rsquo;am\u00e9lioration de la fermet\u00e9 et de la forme du buste. Pour certaines, la <b>formulation<\/b> naturelle du produit \u00e0 base de Centella Asiatica et d&rsquo;huile d&rsquo;Argan s&rsquo;est av\u00e9r\u00e9e cruciale. <b>Les utilisatrices<\/b> f\u00e9licitent souvent ces ingr\u00e9dients pour leur contribution \u00e0 la production de collag\u00e8ne et \u00e0 l&rsquo;\u00e9tat g\u00e9n\u00e9ral de la peau.<\/p>\n\n\n\n<ul class=\"wp-block-list\">\n<li><em>Anna, 34 ans, a d\u00e9clar\u00e9<\/em> \u00ab\u00a0Apr\u00e8s quelques semaines d&rsquo;utilisation, j&rsquo;ai remarqu\u00e9 une am\u00e9lioration significative de la forme et de la fermet\u00e9 de mes seins.<\/li>\n\n\n\n<li><em>Magda, 28 ans, a d\u00e9clar\u00e9 : \u00ab\u00a0Le BooUps m&rsquo;a sauv\u00e9 apr\u00e8s ma p\u00e9riode d&rsquo;allaitement :<\/em> \u00ab\u00a0Les BooUps m&rsquo;ont sauv\u00e9 apr\u00e8s ma p\u00e9riode d&rsquo;allaitement. Mes seins sont redevenus souples et pleins\u00a0\u00bb.<\/li>\n\n\n\n<li><em>Kasia, 40 ans, a d\u00e9clar\u00e9 :<\/em> \u00ab\u00a0J&rsquo;\u00e9tais sceptique quant aux compl\u00e9ments alimentaires, mais les effets des BooUps m&rsquo;ont vraiment surprise.<\/li>\n<\/ul>\n\n\n<p>Ces r\u00e9actions et ces <b>avis d&rsquo;<\/b> utilisateurs encouragent de nombreuses femmes \u00e0 essayer le produit. L&rsquo;\u00e9change d&rsquo;id\u00e9es sur le <b>forum<\/b> permet non seulement de cr\u00e9er une communaut\u00e9, mais aussi de sensibiliser \u00e0 la possibilit\u00e9 d&rsquo;am\u00e9liorer l&rsquo;apparence du buste gr\u00e2ce au BooUps.<\/p>\n\n\n<h2 class=\"wp-block-heading\">BooUps &#8211; Composition &#8211; Analyse des ingr\u00e9dients<\/h2>\n\n\n<p>Le produit BooUps se caract\u00e9rise par une formulation soigneusement s\u00e9lectionn\u00e9e qui combine un certain nombre d&rsquo;<em>ingr\u00e9dients actifs<\/em> aux effets b\u00e9n\u00e9fiques. Un r\u00f4le cl\u00e9 dans la formule est jou\u00e9 par l&rsquo;hexapeptide Adifyline, qui est responsable du remplissage des tissus adipeux du buste, favorisant un effet d&rsquo;agrandissement naturel.<\/p>\n\n\n<p>Dans l&rsquo;<em>analyse des<\/em> ingr\u00e9dients, il convient de souligner l&rsquo;huile d&rsquo;argan, qui non seulement hydrate la peau mais acc\u00e9l\u00e8re \u00e9galement le processus de cicatrisation. Le beurre de karit\u00e9 et les extraits de fruits apportent des vitamines essentielles qui favorisent la r\u00e9g\u00e9n\u00e9ration et la nutrition. En outre, la non-herp\u00e9tine contenue dans la formulation des BooUps a un effet positif sur la production de collag\u00e8ne, ce qui se traduit par une augmentation de la fermet\u00e9 et de l&rsquo;\u00e9lasticit\u00e9 de la peau.<\/p>\n\n\n<p><b>La s\u00e9curit\u00e9 d&rsquo;<\/b> utilisation est \u00e9galement tr\u00e8s \u00e9lev\u00e9e. Gr\u00e2ce \u00e0 des \u00e9tudes scientifiques, il a \u00e9t\u00e9 confirm\u00e9 qu&rsquo;une utilisation r\u00e9guli\u00e8re peut conduire \u00e0 des effets clairs dans un court laps de temps. Les consommatrices appr\u00e9cient<\/p>\n\n\n<p>Une utilisation s\u00fbre qui minimise le risque d&rsquo;effets secondaires, \u00e0 condition qu&rsquo;il n&rsquo;y ait pas d&rsquo;allergies aux ingr\u00e9dients du produit.<\/p>\n\n\n<p>En choisissant BooUps, les utilisatrices investissent dans <em>une formulation<\/em> \u00e0 base de composants naturels et efficaces qui contribuent \u00e0 am\u00e9liorer l&rsquo;apparence du buste et l&rsquo;\u00e9tat de la peau.<\/p>\n\n\n<h2 class=\"wp-block-heading\">Prix des BooUps &#8211; O\u00f9 acheter ?<\/h2>\n\n\n<p>Il convient de noter que les achats directs aupr\u00e8s du <em>fabricant officiel<\/em> donnent acc\u00e8s \u00e0 des <em>promotions<\/em> fr\u00e9quentes et \u00e0 des prix comp\u00e9titifs. Ce produit n&rsquo;est pas disponible dans les pharmacies stationnaires ou dans d&rsquo;autres boutiques en ligne populaires. Par cons\u00e9quent, en commandant le s\u00e9rum BooUps en ligne, les clients peuvent b\u00e9n\u00e9ficier des meilleures offres et \u00eatre assur\u00e9s de l&rsquo;originalit\u00e9 du produit.<\/p>\n\n\n<p>Les commandes sont trait\u00e9es dans un d\u00e9lai de 1 \u00e0 3 jours ouvrables, ce qui permet aux clients de profiter rapidement des effets de l&rsquo;utilisation. Le s\u00e9rum est particuli\u00e8rement recommand\u00e9 aux femmes sujettes aux fluctuations de poids et \u00e0 celles qui souhaitent am\u00e9liorer la forme de leurs seins apr\u00e8s une grossesse ou un allaitement. Avec une utilisation r\u00e9guli\u00e8re, le s\u00e9rum BooUps offre une s\u00e9rie d&rsquo;avantages tels que des seins plus pleins et lift\u00e9s et une peau de d\u00e9collet\u00e9 hydrat\u00e9e.<\/p>\n\n\n<p>Lorsque vous d\u00e9cidez de faire un achat, il est bon de se rappeler que seuls les clients qui ont fait un achat ont la possibilit\u00e9 de donner leur avis sur le produit. C&rsquo;est pourquoi il est naturel que les informations sur le s\u00e9rum BooUps soient bas\u00e9es sur les exp\u00e9riences des utilisateurs qui ont remarqu\u00e9 une am\u00e9lioration de la qualit\u00e9 de leur peau et les effets de son utilisation. Afin de b\u00e9n\u00e9ficier d&rsquo;offres int\u00e9ressantes, il est conseill\u00e9 de visiter r\u00e9guli\u00e8rement le site web du fabricant et de suivre les <em>promotions<\/em> en cours.<\/p>\n\n\n<h2 class=\"wp-block-heading\">BooUps &#8211; Effets secondaires et contre-indications &#8211; S\u00e9curit\u00e9 d&#8217;emploi<\/h2>\n\n\n<p>L&rsquo;utilisation de compl\u00e9ments alimentaires tels que les BooUps est g\u00e9n\u00e9ralement associ\u00e9e \u00e0 un faible risque d&rsquo;effets secondaires. Les \u00e9tudes r\u00e9alis\u00e9es et les commentaires des utilisateurs confirment que les <b>effets secondaires<\/b> sont sporadiques. N\u00e9anmoins, comme pour tout produit de ce type, il existe une possibilit\u00e9 de r\u00e9actions allergiques, en particulier chez les personnes sensibles \u00e0 l&rsquo;un des ingr\u00e9dients de la formule. Il est donc conseill\u00e9 de consulter un m\u00e9decin avant de d\u00e9cider d&rsquo;utiliser le s\u00e9rum, ce qui sera particuli\u00e8rement important pour les femmes enceintes et celles qui allaitent, qui doivent faire preuve d&rsquo;une attention particuli\u00e8re.<\/p>\n\n\n<p><b>La s\u00e9curit\u00e9 des<\/b> BooUps repose en grande partie sur des ingr\u00e9dients d&rsquo;origine naturelle, tels que la Centella Asiatica, l&rsquo;huile de noix et l&rsquo;huile d&rsquo;argan. Ces composants ont non seulement un <b>effet<\/b> positif sur l&rsquo;apparence des seins, mais contribuent \u00e9galement \u00e0 raffermir la peau du d\u00e9collet\u00e9 et \u00e0 l&rsquo;hydrater. Toutefois, il est important de conna\u00eetre les contre-indications existantes \u00e0 l&rsquo;utilisation de compl\u00e9ments alimentaires pour l&rsquo;augmentation de la poitrine, qui peuvent inclure des conditions m\u00e9dicales ou des maladies sp\u00e9cifiques.<\/p>\n","protected":false},"excerpt":{"rendered":"<p><strong>[date_countdown]<\/strong><\/p>\n<p><img decoding=\"async\" class=\"alignnone  wp-image-8427\" src=\"https:\/\/chirurgie-orthopedie-vannes.fr\/pharmacie\/wp-content\/uploads\/2024\/10\/SAFE-PAY-300x88-1.png\" alt=\"SAFE-PAY-300x88\" width=\"164\" height=\"48\" \/><\/p>\n","protected":false},"featured_media":3941,"comment_status":"open","ping_status":"closed","template":"","meta":{"neve_meta_sidebar":"","neve_meta_container":"","neve_meta_enable_content_width":"","neve_meta_content_width":0,"neve_meta_title_alignment":"","neve_meta_author_avatar":"","neve_post_elements_order":"","neve_meta_disable_header":"","neve_meta_disable_footer":"","neve_meta_disable_title":"","neve_meta_reading_time":""},"product_brand":[],"product_cat":[17],"product_tag":[],"class_list":{"0":"post-4508","1":"product","2":"type-product","3":"status-publish","4":"has-post-thumbnail","6":"product_cat-beaute","8":"first","9":"instock","10":"sale","11":"shipping-taxable","12":"product-type-external"},"yoast_head":"<!-- This site is optimized with the Yoast SEO plugin v27.4 - https:\/\/yoast.com\/product\/yoast-seo-wordpress\/ -->\n<title>BooUps - Avis, Forum, Pharmacie, Prix, Effets | -50%<\/title>\n<meta name=\"robots\" content=\"index, follow, max-snippet:-1, max-image-preview:large, max-video-preview:-1\" \/>\n<link rel=\"canonical\" href=\"https:\/\/chirurgie-orthopedie-vannes.fr\/pharmacie\/supp\/booups\/\" \/>\n<meta property=\"og:locale\" content=\"fr_FR\" \/>\n<meta property=\"og:type\" content=\"article\" \/>\n<meta property=\"og:title\" content=\"BooUps - Avis, Forum, Pharmacie, Prix, Effets | -50%\" \/>\n<meta property=\"og:url\" content=\"https:\/\/chirurgie-orthopedie-vannes.fr\/pharmacie\/supp\/booups\/\" \/>\n<meta property=\"og:site_name\" content=\"Chirurgie-Orthopedie-Vannes\" \/>\n<meta property=\"article:modified_time\" content=\"2025-01-14T13:28:46+00:00\" \/>\n<meta property=\"og:image\" content=\"https:\/\/chirurgie-orthopedie-vannes.fr\/pharmacie\/wp-content\/uploads\/2024\/10\/BOOUPS.jpg\" \/>\n\t<meta property=\"og:image:width\" content=\"768\" \/>\n\t<meta property=\"og:image:height\" content=\"768\" \/>\n\t<meta property=\"og:image:type\" content=\"image\/jpeg\" \/>\n<meta name=\"twitter:card\" content=\"summary_large_image\" \/>\n<meta name=\"twitter:description\" content=\"[date_countdown]\" \/>\n<meta name=\"twitter:label1\" content=\"Dur\u00e9e de lecture estim\u00e9e\" \/>\n\t<meta name=\"twitter:data1\" content=\"1 minute\" \/>\n<script type=\"application\/ld+json\" class=\"yoast-schema-graph\">{\"@context\":\"https:\\\/\\\/schema.org\",\"@graph\":[{\"@type\":\"WebPage\",\"@id\":\"https:\\\/\\\/chirurgie-orthopedie-vannes.fr\\\/pharmacie\\\/supp\\\/booups\\\/\",\"url\":\"https:\\\/\\\/chirurgie-orthopedie-vannes.fr\\\/pharmacie\\\/supp\\\/booups\\\/\",\"name\":\"BooUps - Avis, Forum, Pharmacie, Prix, Effets | -50%\",\"isPartOf\":{\"@id\":\"https:\\\/\\\/chirurgie-orthopedie-vannes.fr\\\/pharmacie\\\/#website\"},\"primaryImageOfPage\":{\"@id\":\"https:\\\/\\\/chirurgie-orthopedie-vannes.fr\\\/pharmacie\\\/supp\\\/booups\\\/#primaryimage\"},\"image\":{\"@id\":\"https:\\\/\\\/chirurgie-orthopedie-vannes.fr\\\/pharmacie\\\/supp\\\/booups\\\/#primaryimage\"},\"thumbnailUrl\":\"https:\\\/\\\/chirurgie-orthopedie-vannes.fr\\\/pharmacie\\\/wp-content\\\/uploads\\\/2024\\\/10\\\/BOOUPS.jpg\",\"datePublished\":\"2024-10-18T19:46:19+00:00\",\"dateModified\":\"2025-01-14T13:28:46+00:00\",\"breadcrumb\":{\"@id\":\"https:\\\/\\\/chirurgie-orthopedie-vannes.fr\\\/pharmacie\\\/supp\\\/booups\\\/#breadcrumb\"},\"inLanguage\":\"fr-FR\",\"potentialAction\":[{\"@type\":\"ReadAction\",\"target\":[\"https:\\\/\\\/chirurgie-orthopedie-vannes.fr\\\/pharmacie\\\/supp\\\/booups\\\/\"]}]},{\"@type\":\"ImageObject\",\"inLanguage\":\"fr-FR\",\"@id\":\"https:\\\/\\\/chirurgie-orthopedie-vannes.fr\\\/pharmacie\\\/supp\\\/booups\\\/#primaryimage\",\"url\":\"https:\\\/\\\/chirurgie-orthopedie-vannes.fr\\\/pharmacie\\\/wp-content\\\/uploads\\\/2024\\\/10\\\/BOOUPS.jpg\",\"contentUrl\":\"https:\\\/\\\/chirurgie-orthopedie-vannes.fr\\\/pharmacie\\\/wp-content\\\/uploads\\\/2024\\\/10\\\/BOOUPS.jpg\",\"width\":768,\"height\":768},{\"@type\":\"BreadcrumbList\",\"@id\":\"https:\\\/\\\/chirurgie-orthopedie-vannes.fr\\\/pharmacie\\\/supp\\\/booups\\\/#breadcrumb\",\"itemListElement\":[{\"@type\":\"ListItem\",\"position\":1,\"name\":\"Strona g\u0142\u00f3wna\",\"item\":\"https:\\\/\\\/chirurgie-orthopedie-vannes.fr\\\/pharmacie\\\/\"},{\"@type\":\"ListItem\",\"position\":2,\"name\":\"farmaci\",\"item\":\"https:\\\/\\\/chirurgie-orthopedie-vannes.fr\\\/pharmacie\\\/\"},{\"@type\":\"ListItem\",\"position\":3,\"name\":\"BooUps\"}]},{\"@type\":\"WebSite\",\"@id\":\"https:\\\/\\\/chirurgie-orthopedie-vannes.fr\\\/pharmacie\\\/#website\",\"url\":\"https:\\\/\\\/chirurgie-orthopedie-vannes.fr\\\/pharmacie\\\/\",\"name\":\"Chirurgie-Orthopedie-Vannes\",\"description\":\"\",\"potentialAction\":[{\"@type\":\"SearchAction\",\"target\":{\"@type\":\"EntryPoint\",\"urlTemplate\":\"https:\\\/\\\/chirurgie-orthopedie-vannes.fr\\\/pharmacie\\\/?s={search_term_string}\"},\"query-input\":{\"@type\":\"PropertyValueSpecification\",\"valueRequired\":true,\"valueName\":\"search_term_string\"}}],\"inLanguage\":\"fr-FR\"}]}<\/script>\n<!-- \/ Yoast SEO plugin. -->","yoast_head_json":{"title":"BooUps - Avis, Forum, Pharmacie, Prix, Effets | -50%","robots":{"index":"index","follow":"follow","max-snippet":"max-snippet:-1","max-image-preview":"max-image-preview:large","max-video-preview":"max-video-preview:-1"},"canonical":"https:\/\/chirurgie-orthopedie-vannes.fr\/pharmacie\/supp\/booups\/","og_locale":"fr_FR","og_type":"article","og_title":"BooUps - Avis, Forum, Pharmacie, Prix, Effets | -50%","og_url":"https:\/\/chirurgie-orthopedie-vannes.fr\/pharmacie\/supp\/booups\/","og_site_name":"Chirurgie-Orthopedie-Vannes","article_modified_time":"2025-01-14T13:28:46+00:00","og_image":[{"width":768,"height":768,"url":"https:\/\/chirurgie-orthopedie-vannes.fr\/pharmacie\/wp-content\/uploads\/2024\/10\/BOOUPS.jpg","type":"image\/jpeg"}],"twitter_card":"summary_large_image","twitter_description":"[date_countdown]","twitter_misc":{"Dur\u00e9e de lecture estim\u00e9e":"1 minute"},"schema":{"@context":"https:\/\/schema.org","@graph":[{"@type":"WebPage","@id":"https:\/\/chirurgie-orthopedie-vannes.fr\/pharmacie\/supp\/booups\/","url":"https:\/\/chirurgie-orthopedie-vannes.fr\/pharmacie\/supp\/booups\/","name":"BooUps - Avis, Forum, Pharmacie, Prix, Effets | -50%","isPartOf":{"@id":"https:\/\/chirurgie-orthopedie-vannes.fr\/pharmacie\/#website"},"primaryImageOfPage":{"@id":"https:\/\/chirurgie-orthopedie-vannes.fr\/pharmacie\/supp\/booups\/#primaryimage"},"image":{"@id":"https:\/\/chirurgie-orthopedie-vannes.fr\/pharmacie\/supp\/booups\/#primaryimage"},"thumbnailUrl":"https:\/\/chirurgie-orthopedie-vannes.fr\/pharmacie\/wp-content\/uploads\/2024\/10\/BOOUPS.jpg","datePublished":"2024-10-18T19:46:19+00:00","dateModified":"2025-01-14T13:28:46+00:00","breadcrumb":{"@id":"https:\/\/chirurgie-orthopedie-vannes.fr\/pharmacie\/supp\/booups\/#breadcrumb"},"inLanguage":"fr-FR","potentialAction":[{"@type":"ReadAction","target":["https:\/\/chirurgie-orthopedie-vannes.fr\/pharmacie\/supp\/booups\/"]}]},{"@type":"ImageObject","inLanguage":"fr-FR","@id":"https:\/\/chirurgie-orthopedie-vannes.fr\/pharmacie\/supp\/booups\/#primaryimage","url":"https:\/\/chirurgie-orthopedie-vannes.fr\/pharmacie\/wp-content\/uploads\/2024\/10\/BOOUPS.jpg","contentUrl":"https:\/\/chirurgie-orthopedie-vannes.fr\/pharmacie\/wp-content\/uploads\/2024\/10\/BOOUPS.jpg","width":768,"height":768},{"@type":"BreadcrumbList","@id":"https:\/\/chirurgie-orthopedie-vannes.fr\/pharmacie\/supp\/booups\/#breadcrumb","itemListElement":[{"@type":"ListItem","position":1,"name":"Strona g\u0142\u00f3wna","item":"https:\/\/chirurgie-orthopedie-vannes.fr\/pharmacie\/"},{"@type":"ListItem","position":2,"name":"farmaci","item":"https:\/\/chirurgie-orthopedie-vannes.fr\/pharmacie\/"},{"@type":"ListItem","position":3,"name":"BooUps"}]},{"@type":"WebSite","@id":"https:\/\/chirurgie-orthopedie-vannes.fr\/pharmacie\/#website","url":"https:\/\/chirurgie-orthopedie-vannes.fr\/pharmacie\/","name":"Chirurgie-Orthopedie-Vannes","description":"","potentialAction":[{"@type":"SearchAction","target":{"@type":"EntryPoint","urlTemplate":"https:\/\/chirurgie-orthopedie-vannes.fr\/pharmacie\/?s={search_term_string}"},"query-input":{"@type":"PropertyValueSpecification","valueRequired":true,"valueName":"search_term_string"}}],"inLanguage":"fr-FR"}]}},"_links":{"self":[{"href":"https:\/\/chirurgie-orthopedie-vannes.fr\/pharmacie\/wp-json\/wp\/v2\/product\/4508","targetHints":{"allow":["GET"]}}],"collection":[{"href":"https:\/\/chirurgie-orthopedie-vannes.fr\/pharmacie\/wp-json\/wp\/v2\/product"}],"about":[{"href":"https:\/\/chirurgie-orthopedie-vannes.fr\/pharmacie\/wp-json\/wp\/v2\/types\/product"}],"replies":[{"embeddable":true,"href":"https:\/\/chirurgie-orthopedie-vannes.fr\/pharmacie\/wp-json\/wp\/v2\/comments?post=4508"}],"wp:featuredmedia":[{"embeddable":true,"href":"https:\/\/chirurgie-orthopedie-vannes.fr\/pharmacie\/wp-json\/wp\/v2\/media\/3941"}],"wp:attachment":[{"href":"https:\/\/chirurgie-orthopedie-vannes.fr\/pharmacie\/wp-json\/wp\/v2\/media?parent=4508"}],"wp:term":[{"taxonomy":"product_brand","embeddable":true,"href":"https:\/\/chirurgie-orthopedie-vannes.fr\/pharmacie\/wp-json\/wp\/v2\/product_brand?post=4508"},{"taxonomy":"product_cat","embeddable":true,"href":"https:\/\/chirurgie-orthopedie-vannes.fr\/pharmacie\/wp-json\/wp\/v2\/product_cat?post=4508"},{"taxonomy":"product_tag","embeddable":true,"href":"https:\/\/chirurgie-orthopedie-vannes.fr\/pharmacie\/wp-json\/wp\/v2\/product_tag?post=4508"}],"curies":[{"name":"wp","href":"https:\/\/api.w.org\/{rel}","templated":true}]}}