{"id":4509,"date":"2024-10-18T19:46:19","date_gmt":"2024-10-18T19:46:19","guid":{"rendered":"https:\/\/chirurgie-orthopedie-vannes.fr\/pharmacie\/?post_type=product&#038;p=4509"},"modified":"2025-01-14T13:28:46","modified_gmt":"2025-01-14T13:28:46","slug":"smooskin","status":"publish","type":"product","link":"https:\/\/chirurgie-orthopedie-vannes.fr\/pharmacie\/supp\/smooskin\/","title":{"rendered":"SmooSkin"},"content":{"rendered":"\n<h2 class=\"wp-block-heading\">Qu&rsquo;est-ce que SmooSkin et comment fonctionne-t-il ?<\/h2>\n\n\n\n<p>SmooSkin est un s\u00e9rum innovant cr\u00e9\u00e9 pour ceux qui recherchent une solution efficace pour restaurer et lisser la peau. Son <em>action<\/em> est bas\u00e9e sur une combinaison de silicones et d&rsquo;hydroxyproline pour am\u00e9liorer l&rsquo;\u00e9lasticit\u00e9 et l&rsquo;hydratation du tissu conjonctif. Ainsi, les produits SmooSkin donnent des <em>r\u00e9sultats<\/em> concrets en r\u00e9duisant l&rsquo;apparence des cicatrices et des vergetures, contribuant \u00e0 am\u00e9liorer l&rsquo;\u00e9tat g\u00e9n\u00e9ral de la peau.<\/p>\n\n\n\n<p>Le s\u00e9rum est disponible dans une contenance de 100 ml, ce qui le rend pratique \u00e0 utiliser. Avec une utilisation r\u00e9guli\u00e8re, les utilisateurs constatent des am\u00e9liorations significatives :<\/p>\n\n\n\n<ul class=\"wp-block-list\">\n<li>une peau plus lisse et plus ferme<\/li>\n\n\n\n<li>cicatrices et vergetures moins visibles<\/li>\n\n\n\n<li>texture de la peau reconstruite et liss\u00e9e<\/li>\n<\/ul>\n\n\n\n<p><b>Le confort d&rsquo;<\/b> utilisation de SmooSkin est renforc\u00e9 par ses ingr\u00e9dients, tels que l&rsquo;eau, la glyc\u00e9rine, les huiles v\u00e9g\u00e9tales et les extraits naturels. En cons\u00e9quence, les utilisateurs ont de plus en plus confiance en la qualit\u00e9 du produit, ce qui est confirm\u00e9 par les <b>avis<\/b> positifs. La r\u00e9gularit\u00e9 de l&rsquo;application, ainsi que le massage pendant l&rsquo;utilisation, permettent de faire p\u00e9n\u00e9trer le s\u00e9rum dans la peau de mani\u00e8re ad\u00e9quate, ce qui renforce son <em>effet<\/em>. Il convient de mentionner que les <b>effets de<\/b> SmooSkin sont d\u00e9j\u00e0 visibles apr\u00e8s une courte p\u00e9riode d&rsquo;utilisation.<\/p>\n\n\n\n<h2 class=\"wp-block-heading\">Les effets de SmooSkin<\/h2>\n\n\n\n<p>Les utilisateurs de SmooSkin constatent de nombreux effets positifs qui am\u00e9liorent consid\u00e9rablement l&rsquo;\u00e9tat de leur peau. Les principaux <b>r\u00e9sultats de l&rsquo;<\/b> utilisation de cette cr\u00e8me sont les suivants<\/p>\n\n\n\n<ul class=\"wp-block-list\">\n<li><em>Lissage de la peau<\/em>, ce qui la rend plus soyeuse au toucher.<\/li>\n\n\n\n<li><em>Raffermissement de la peau<\/em>, ce qui contribue \u00e0 augmenter son \u00e9lasticit\u00e9 et sa r\u00e9sistance.<\/li>\n\n\n\n<li><em>R\u00e9duction de l&rsquo;apparence des cicatrices<\/em>, y compris les cicatrices chirurgicales et les cicatrices d&rsquo;acn\u00e9, ce qui constitue un avantage suppl\u00e9mentaire pour les personnes souffrant de probl\u00e8mes de peau.<\/li>\n\n\n\n<li>Une<em>hydratation<\/em> qui procure une sensation de confort et de fra\u00eecheur pendant longtemps.<\/li>\n<\/ul>\n\n\n\n<p>L&rsquo;<b>utilisation<\/b> r\u00e9guli\u00e8re <b>de<\/b> SmooSkin produit des <b>r\u00e9sultats<\/b> significatifs, les clients soulignant souvent les <b>r\u00e9sultats<\/b> spectaculaires apr\u00e8s quelques semaines. Gr\u00e2ce \u00e0 des ingr\u00e9dients tels que le beurre de karit\u00e9 et l&rsquo;huile d&rsquo;avocat, la cr\u00e8me hydrate et r\u00e9g\u00e9n\u00e8re efficacement l&rsquo;\u00e9piderme. L&rsquo;extrait d&rsquo;oignon renforce ces actions, favorisant une r\u00e9duction notable des cicatrices.<\/p>\n\n\n\n<p>SmooSkin favorise non seulement le processus de cicatrisation de la peau, mais prot\u00e8ge \u00e9galement contre les radicaux libres gr\u00e2ce \u00e0 l&rsquo;extrait de centella asiatica. Cette combinaison permet de restaurer et d&rsquo;am\u00e9liorer l&rsquo;apparence de la peau, comme en t\u00e9moignent les nombreux avis positifs.<\/p>\n\n\n\n<p>Vous trouverez ci-dessous un tableau illustrant les principaux effets de l&rsquo;utilisation de SmooSkin :<\/p>\n\n\n\n<figure class=\"wp-block-table\"><table class=\"has-fixed-layout\"><tbody><tr><th>Effet<\/th><th>Description de l&rsquo;effet<\/th><th>Ingr\u00e9dients de soutien<\/th><\/tr><tr><td>Lissage<\/td><td>Permet \u00e0 la peau de devenir plus lisse et plus agr\u00e9able au toucher.<\/td><td>Beurre de karit\u00e9, huile d&rsquo;avocat<\/td><\/tr><tr><td>Raffermissant<\/td><td>Augmente l&rsquo;\u00e9lasticit\u00e9 de la peau, ce qui r\u00e9duit l&rsquo;<b>apparence des rides<\/b>.<\/td><td>Hydroxyprolisilane CN, peptides<\/td><\/tr><tr><td><b>R\u00e9duction des cicatrices<\/b><\/td><td>Diminution visible de diff\u00e9rents types de cicatrices.<\/td><td>Extrait d&rsquo;oignon, r\u00e9tinol<\/td><\/tr><tr><td>Hydratation<\/td><td>Fournit une hydratation durable pour am\u00e9liorer l&rsquo;aspect de la peau.<\/td><td>Acide hyaluronique, huile de coco<\/td><\/tr><\/tbody><\/table><\/figure>\n\n\n\n<p>Les effets de SmooSkin sont confirm\u00e9s par la recherche, ce qui souligne son efficacit\u00e9 dans la lutte contre l&rsquo;apparition des rides et des cicatrices. Les utilisateurs remarquent souvent des changements positifs apr\u00e8s avoir incorpor\u00e9 r\u00e9guli\u00e8rement le produit dans leur routine de soins de la peau.<\/p>\n\n\n\n<h2 class=\"wp-block-heading\">Comment utiliser SmooSkin &#8211; Instructions d&rsquo;application et de dosage<\/h2>\n\n\n\n<p>SmooSkin doit \u00eatre appliqu\u00e9 selon les instructions ci-dessous pour obtenir des r\u00e9sultats optimaux. Le produit doit \u00eatre appliqu\u00e9 deux fois par jour, le matin et le soir. Il est important de bien nettoyer la peau avant d&rsquo;appliquer le s\u00e9rum.<\/p>\n\n\n\n<p>Appliquez une petite quantit\u00e9 sur la zone des cicatrices ou des rides. Massez ensuite d\u00e9licatement le s\u00e9rum pour qu&rsquo;il p\u00e9n\u00e8tre mieux dans la peau. Une <b>utilisation<\/b> r\u00e9guli\u00e8re augmente consid\u00e9rablement l&rsquo;efficacit\u00e9 du produit et acc\u00e9l\u00e8re les <b>r\u00e9sultats<\/b> visibles.<\/p>\n\n\n\n<p>\u00c9vitez tout contact avec les yeux et appliquez le produit conform\u00e9ment aux instructions du fabricant. Un <b>dosage<\/b> correct est essentiel pour obtenir des r\u00e9sultats satisfaisants.<\/p>\n\n\n\n<figure class=\"wp-block-table\"><table class=\"has-fixed-layout\"><tbody><tr><th>Indication<\/th><th>Instructions d&rsquo;application<\/th><th>Fr\u00e9quence d&rsquo;utilisation<\/th><\/tr><tr><td>Cicatrices<\/td><td>Appliquer sur la peau nettoy\u00e9e, masser<\/td><td>Deux fois par jour<\/td><\/tr><tr><td>Vergetures<\/td><td>Masser d\u00e9licatement la zone concern\u00e9e<\/td><td>Deux fois par jour<\/td><\/tr><tr><td>Rides<\/td><td>Appliquer sur chaque ride<\/td><td>Deux fois par jour<\/td><\/tr><\/tbody><\/table><\/figure>\n\n\n\n<p><b>L&rsquo;utilisation du<\/b> s\u00e9rum SmooSkin selon les instructions ci-dessus vise non seulement \u00e0 r\u00e9duire visiblement l&rsquo;apparence des cicatrices et des vergetures, mais aussi \u00e0 am\u00e9liorer l&rsquo;\u00e9lasticit\u00e9 et l&rsquo;\u00e9tat de la peau. Les utilisateurs remarquent une diff\u00e9rence significative apr\u00e8s seulement quelques semaines d&rsquo;utilisation r\u00e9guli\u00e8re, ce qui, combin\u00e9 \u00e0 un <b>dosage<\/b> correct, donne des r\u00e9sultats satisfaisants.<\/p>\n\n\n\n<h2 class=\"wp-block-heading\">Exp\u00e9riences des utilisateurs et avis sur SmooSkin &#8211; quels sont les avis ?<\/h2>\n\n\n\n<p>De nombreux utilisateurs partagent leur exp\u00e9rience de SmooSkin. Les <b>commentaires<\/b> portent sur diff\u00e9rents aspects de l&rsquo;utilisation de ce produit, les <b>avis<\/b> soulignant les effets positifs.<\/p>\n\n\n\n<blockquote class=\"wp-block-quote is-layout-flow wp-block-quote-is-layout-flow\">\n<p><em>Mary<\/em>: \u00ab\u00a0Apr\u00e8s mon op\u00e9ration de la thyro\u00efde, j&rsquo;avais une cicatrice importante sur le cou. J&rsquo;ai commenc\u00e9 \u00e0 utiliser SmooSkin sur la recommandation d&rsquo;un physioth\u00e9rapeute. Apr\u00e8s quelques semaines d&rsquo;utilisation, la cicatrice est devenue moins visible. Je suis tr\u00e8s satisfaite des r\u00e9sultats !<\/p>\n<\/blockquote>\n\n\n\n<blockquote class=\"wp-block-quote is-layout-flow wp-block-quote-is-layout-flow\">\n<p><em>Beth<\/em>: \u00ab\u00a0J&rsquo;ai subi une c\u00e9sarienne et j&rsquo;\u00e9tais pr\u00e9occup\u00e9e par la visibilit\u00e9 de ma cicatrice. Gr\u00e2ce \u00e0 SmooSkin, apr\u00e8s quelques semaines, j&rsquo;ai remarqu\u00e9 que la cicatrice est devenue presque invisible et que la peau de cette zone est beaucoup plus forte.\u00a0\u00bb<\/p>\n<\/blockquote>\n\n\n\n<blockquote class=\"wp-block-quote is-layout-flow wp-block-quote-is-layout-flow\">\n<p><em>Michael<\/em>: \u00ab\u00a0J&rsquo;ai des probl\u00e8mes avec les cicatrices d&rsquo;acn\u00e9. J&rsquo;ai commenc\u00e9 \u00e0 utiliser SmooSkin et je vois une grande diff\u00e9rence. Les cicatrices sont moins visibles et la peau est plus belle que jamais.\u00a0\u00bb<\/p>\n<\/blockquote>\n\n\n\n<p>Ces<b>avis<\/b> soulignent l&rsquo;efficacit\u00e9 de SmooSkin, ce qui en fait un choix int\u00e9ressant pour ceux qui cherchent \u00e0 am\u00e9liorer l&rsquo;\u00e9tat de leur peau et \u00e0 minimiser la visibilit\u00e9 des cicatrices. Les utilisateurs appr\u00e9cient non seulement les r\u00e9sultats, mais aussi la facilit\u00e9 d&rsquo;application de cette cr\u00e8me.<\/p>\n\n\n\n<h2 class=\"wp-block-heading\">Composition de SmooSkin &#8211; Que contient-elle ?<\/h2>\n\n\n\n<p>SmooSkin est un produit qui combine des <em>ingr\u00e9dients naturels<\/em> et des <em>principes actifs<\/em> innovants pour aider \u00e0 am\u00e9liorer l&rsquo;\u00e9tat de la peau. La <em>formulation<\/em> unique de ce s\u00e9rum comprend de l&rsquo;hydroxyproline, qui joue un r\u00f4le cl\u00e9 dans la r\u00e9g\u00e9n\u00e9ration des tissus et augmente \u00e9galement l&rsquo;\u00e9lasticit\u00e9. Gr\u00e2ce \u00e0 son action synergique, la s\u00e9lection des ingr\u00e9dients assure une efficacit\u00e9 dans la lutte contre les cicatrices et les vergetures.<\/p>\n\n\n\n<p>La composition de SmooSkin comprend<\/p>\n\n\n\n<ul class=\"wp-block-list\">\n<li>Hydroxyprolisilane CN<\/li>\n\n\n\n<li>Huile d&rsquo;avocat &#8211; favorise la cicatrisation et am\u00e9liore l&rsquo;hydratation de la peau<\/li>\n\n\n\n<li>Huile de noix de coco &#8211; connue pour ses propri\u00e9t\u00e9s antibact\u00e9riennes<\/li>\n\n\n\n<li>Beurre de karit\u00e9 &#8211; nourrit et r\u00e9g\u00e9n\u00e8re la peau<\/li>\n\n\n\n<li>Extrait de ruscus &#8211; anti-inflammatoire et am\u00e9liore la circulation sanguine<\/li>\n\n\n\n<li>Extrait d&rsquo;oignon &#8211; acc\u00e9l\u00e8re les processus de cicatrisation et poss\u00e8de des propri\u00e9t\u00e9s \u00e9claircissantes<\/li>\n<\/ul>\n\n\n\n<p>Gr\u00e2ce \u00e0 ces <em>ingr\u00e9dients naturels<\/em>, SmooSkin am\u00e9liore non seulement l&rsquo;aspect de la peau, mais acc\u00e9l\u00e8re \u00e9galement sa r\u00e9g\u00e9n\u00e9ration, ce qui en fait un excellent choix pour les personnes confront\u00e9es \u00e0 des probl\u00e8mes de peau tels que les cicatrices chirurgicales ou les vergetures. L&rsquo;utilisation r\u00e9guli\u00e8re du s\u00e9rum, combin\u00e9e \u00e0 un massage doux, renforce le tissu conjonctif, ce qui permet d&rsquo;obtenir des r\u00e9sultats plus visibles en mati\u00e8re d&rsquo;am\u00e9lioration de la peau.<\/p>\n\n\n\n<h2 class=\"wp-block-heading\">Prix de SmooSkin &#8211; o\u00f9 acheter ?<\/h2>\n\n\n\n<p>SmooSkin est un produit qui ne peut \u00eatre achet\u00e9 que sur <em>le site officiel du<\/em> fabricant. En achetant sur ce site, vous avez la garantie de recevoir le produit original au meilleur <em>prix<\/em>. Il vaut la peine de v\u00e9rifier r\u00e9guli\u00e8rement, car il peut y avoir actuellement des <em>promotions<\/em> attrayantes sur le site pour vous faire \u00e9conomiser de l&rsquo;argent sur votre achat.<\/p>\n\n\n\n<p>En raison de la qualit\u00e9 et de l&rsquo;efficacit\u00e9 de la cr\u00e8me, l&rsquo;offre est fr\u00e9quemment mise \u00e0 jour. Les personnes souhaitant utiliser SmooSkin doivent se tenir au courant des <em>promotions<\/em> disponibles. Veuillez noter que SmooSkin n&rsquo;est pas disponible dans les pharmacies stationnaires, ce qui fait de l&rsquo;achat sur le <em>site officiel<\/em> la seule option.<\/p>\n\n\n\n<p>Visiter r\u00e9guli\u00e8rement le <em>site officiel<\/em> \u00e0 la recherche de <em>promotions<\/em> est un bon moyen d&rsquo;obtenir la meilleure offre. Gr\u00e2ce \u00e0 ces efforts, les utilisateurs peuvent profiter des avantages de SmooSkin \u00e0 un prix abordable.<\/p>\n\n\n\n<h2 class=\"wp-block-heading\">SmooSkin &#8211; Effets secondaires potentiels et contre-indications d&rsquo;utilisation<\/h2>\n\n\n\n<p>Comme tout produit cosm\u00e9tique, SmooSkin peut provoquer des <b>effets secondaires<\/b>, en particulier chez les personnes hypersensibles \u00e0 certains ingr\u00e9dients. Les r\u00e9actions allergiques touchent environ 5 \u00e0 10 % des utilisateurs, ce qui signifie que tout le monde ne pourra pas utiliser ce produit en toute s\u00e9curit\u00e9. Il convient donc d&rsquo;\u00eatre prudent et d&rsquo;envisager un test sur une petite partie de la peau avant de commencer \u00e0 l&rsquo;utiliser r\u00e9guli\u00e8rement.<\/p>\n\n\n\n<p>Les<b>contre-indications<\/b> \u00e0 l&rsquo;utilisation de SmooSkin concernent non seulement les personnes souffrant d&rsquo;allergies, mais aussi celles qui ont des probl\u00e8mes cutan\u00e9s graves. Dans ces cas, la consultation d&rsquo;un dermatologue est indispensable. Les personnes \u00e2g\u00e9es de plus de 50 ans peuvent constater une plus grande efficacit\u00e9 dans la r\u00e9duction des rides, mais le risque d&rsquo;effets secondaires l\u00e9gers, tels que l&rsquo;irritation ou la s\u00e9cheresse de la peau, augmente de 15 \u00e0 20 %.<\/p>\n\n\n\n<p>La<b>s\u00e9curit\u00e9 dans l&rsquo;<\/b> utilisation de SmooSkin est essentielle, il est donc important que les femmes enceintes, celles qui allaitent et celles qui souffrent de troubles hormonaux diagnostiqu\u00e9s \u00e9vitent de l&rsquo;utiliser. Il est toujours utile d&rsquo;\u00eatre attentif \u00e0 tout sympt\u00f4me pouvant indiquer une intol\u00e9rance au produit.<\/p>\n","protected":false},"excerpt":{"rendered":"<p><strong>[date_countdown]<\/strong><\/p>\n<p><img decoding=\"async\" class=\"alignnone  wp-image-8427\" src=\"https:\/\/chirurgie-orthopedie-vannes.fr\/pharmacie\/wp-content\/uploads\/2024\/10\/SAFE-PAY-300x88-1.png\" alt=\"SAFE-PAY-300x88\" width=\"164\" height=\"48\" \/><\/p>\n","protected":false},"featured_media":3942,"comment_status":"open","ping_status":"closed","template":"","meta":{"neve_meta_sidebar":"","neve_meta_container":"","neve_meta_enable_content_width":"","neve_meta_content_width":0,"neve_meta_title_alignment":"","neve_meta_author_avatar":"","neve_post_elements_order":"","neve_meta_disable_header":"","neve_meta_disable_footer":"","neve_meta_disable_title":"","neve_meta_reading_time":""},"product_brand":[],"product_cat":[17],"product_tag":[],"class_list":{"0":"post-4509","1":"product","2":"type-product","3":"status-publish","4":"has-post-thumbnail","6":"product_cat-beaute","8":"first","9":"instock","10":"sale","11":"shipping-taxable","12":"product-type-external"},"yoast_head":"<!-- This site is optimized with the Yoast SEO plugin v27.4 - https:\/\/yoast.com\/product\/yoast-seo-wordpress\/ -->\n<title>SmooSkin - Avis, Forum, Pharmacie, Prix, Effets | -50%<\/title>\n<meta name=\"robots\" content=\"index, follow, max-snippet:-1, max-image-preview:large, max-video-preview:-1\" \/>\n<link rel=\"canonical\" href=\"https:\/\/chirurgie-orthopedie-vannes.fr\/pharmacie\/supp\/smooskin\/\" \/>\n<meta property=\"og:locale\" content=\"fr_FR\" \/>\n<meta property=\"og:type\" content=\"article\" \/>\n<meta property=\"og:title\" content=\"SmooSkin - Avis, Forum, Pharmacie, Prix, Effets | -50%\" \/>\n<meta property=\"og:url\" content=\"https:\/\/chirurgie-orthopedie-vannes.fr\/pharmacie\/supp\/smooskin\/\" \/>\n<meta property=\"og:site_name\" content=\"Chirurgie-Orthopedie-Vannes\" \/>\n<meta property=\"article:modified_time\" content=\"2025-01-14T13:28:46+00:00\" \/>\n<meta property=\"og:image\" content=\"https:\/\/chirurgie-orthopedie-vannes.fr\/pharmacie\/wp-content\/uploads\/2024\/10\/SMOOSKIN.jpg\" \/>\n\t<meta property=\"og:image:width\" content=\"768\" \/>\n\t<meta property=\"og:image:height\" content=\"768\" \/>\n\t<meta property=\"og:image:type\" content=\"image\/jpeg\" \/>\n<meta name=\"twitter:card\" content=\"summary_large_image\" \/>\n<meta name=\"twitter:description\" content=\"[date_countdown]\" \/>\n<meta name=\"twitter:label1\" content=\"Dur\u00e9e de lecture estim\u00e9e\" \/>\n\t<meta name=\"twitter:data1\" content=\"8 minutes\" \/>\n<script type=\"application\/ld+json\" class=\"yoast-schema-graph\">{\"@context\":\"https:\\\/\\\/schema.org\",\"@graph\":[{\"@type\":\"WebPage\",\"@id\":\"https:\\\/\\\/chirurgie-orthopedie-vannes.fr\\\/pharmacie\\\/supp\\\/smooskin\\\/\",\"url\":\"https:\\\/\\\/chirurgie-orthopedie-vannes.fr\\\/pharmacie\\\/supp\\\/smooskin\\\/\",\"name\":\"SmooSkin - Avis, Forum, Pharmacie, Prix, Effets | -50%\",\"isPartOf\":{\"@id\":\"https:\\\/\\\/chirurgie-orthopedie-vannes.fr\\\/pharmacie\\\/#website\"},\"primaryImageOfPage\":{\"@id\":\"https:\\\/\\\/chirurgie-orthopedie-vannes.fr\\\/pharmacie\\\/supp\\\/smooskin\\\/#primaryimage\"},\"image\":{\"@id\":\"https:\\\/\\\/chirurgie-orthopedie-vannes.fr\\\/pharmacie\\\/supp\\\/smooskin\\\/#primaryimage\"},\"thumbnailUrl\":\"https:\\\/\\\/chirurgie-orthopedie-vannes.fr\\\/pharmacie\\\/wp-content\\\/uploads\\\/2024\\\/10\\\/SMOOSKIN.jpg\",\"datePublished\":\"2024-10-18T19:46:19+00:00\",\"dateModified\":\"2025-01-14T13:28:46+00:00\",\"breadcrumb\":{\"@id\":\"https:\\\/\\\/chirurgie-orthopedie-vannes.fr\\\/pharmacie\\\/supp\\\/smooskin\\\/#breadcrumb\"},\"inLanguage\":\"fr-FR\",\"potentialAction\":[{\"@type\":\"ReadAction\",\"target\":[\"https:\\\/\\\/chirurgie-orthopedie-vannes.fr\\\/pharmacie\\\/supp\\\/smooskin\\\/\"]}]},{\"@type\":\"ImageObject\",\"inLanguage\":\"fr-FR\",\"@id\":\"https:\\\/\\\/chirurgie-orthopedie-vannes.fr\\\/pharmacie\\\/supp\\\/smooskin\\\/#primaryimage\",\"url\":\"https:\\\/\\\/chirurgie-orthopedie-vannes.fr\\\/pharmacie\\\/wp-content\\\/uploads\\\/2024\\\/10\\\/SMOOSKIN.jpg\",\"contentUrl\":\"https:\\\/\\\/chirurgie-orthopedie-vannes.fr\\\/pharmacie\\\/wp-content\\\/uploads\\\/2024\\\/10\\\/SMOOSKIN.jpg\",\"width\":768,\"height\":768},{\"@type\":\"BreadcrumbList\",\"@id\":\"https:\\\/\\\/chirurgie-orthopedie-vannes.fr\\\/pharmacie\\\/supp\\\/smooskin\\\/#breadcrumb\",\"itemListElement\":[{\"@type\":\"ListItem\",\"position\":1,\"name\":\"Strona g\u0142\u00f3wna\",\"item\":\"https:\\\/\\\/chirurgie-orthopedie-vannes.fr\\\/pharmacie\\\/\"},{\"@type\":\"ListItem\",\"position\":2,\"name\":\"farmaci\",\"item\":\"https:\\\/\\\/chirurgie-orthopedie-vannes.fr\\\/pharmacie\\\/\"},{\"@type\":\"ListItem\",\"position\":3,\"name\":\"SmooSkin\"}]},{\"@type\":\"WebSite\",\"@id\":\"https:\\\/\\\/chirurgie-orthopedie-vannes.fr\\\/pharmacie\\\/#website\",\"url\":\"https:\\\/\\\/chirurgie-orthopedie-vannes.fr\\\/pharmacie\\\/\",\"name\":\"Chirurgie-Orthopedie-Vannes\",\"description\":\"\",\"potentialAction\":[{\"@type\":\"SearchAction\",\"target\":{\"@type\":\"EntryPoint\",\"urlTemplate\":\"https:\\\/\\\/chirurgie-orthopedie-vannes.fr\\\/pharmacie\\\/?s={search_term_string}\"},\"query-input\":{\"@type\":\"PropertyValueSpecification\",\"valueRequired\":true,\"valueName\":\"search_term_string\"}}],\"inLanguage\":\"fr-FR\"}]}<\/script>\n<!-- \/ Yoast SEO plugin. -->","yoast_head_json":{"title":"SmooSkin - Avis, Forum, Pharmacie, Prix, Effets | -50%","robots":{"index":"index","follow":"follow","max-snippet":"max-snippet:-1","max-image-preview":"max-image-preview:large","max-video-preview":"max-video-preview:-1"},"canonical":"https:\/\/chirurgie-orthopedie-vannes.fr\/pharmacie\/supp\/smooskin\/","og_locale":"fr_FR","og_type":"article","og_title":"SmooSkin - Avis, Forum, Pharmacie, Prix, Effets | -50%","og_url":"https:\/\/chirurgie-orthopedie-vannes.fr\/pharmacie\/supp\/smooskin\/","og_site_name":"Chirurgie-Orthopedie-Vannes","article_modified_time":"2025-01-14T13:28:46+00:00","og_image":[{"width":768,"height":768,"url":"https:\/\/chirurgie-orthopedie-vannes.fr\/pharmacie\/wp-content\/uploads\/2024\/10\/SMOOSKIN.jpg","type":"image\/jpeg"}],"twitter_card":"summary_large_image","twitter_description":"[date_countdown]","twitter_misc":{"Dur\u00e9e de lecture estim\u00e9e":"8 minutes"},"schema":{"@context":"https:\/\/schema.org","@graph":[{"@type":"WebPage","@id":"https:\/\/chirurgie-orthopedie-vannes.fr\/pharmacie\/supp\/smooskin\/","url":"https:\/\/chirurgie-orthopedie-vannes.fr\/pharmacie\/supp\/smooskin\/","name":"SmooSkin - Avis, Forum, Pharmacie, Prix, Effets | -50%","isPartOf":{"@id":"https:\/\/chirurgie-orthopedie-vannes.fr\/pharmacie\/#website"},"primaryImageOfPage":{"@id":"https:\/\/chirurgie-orthopedie-vannes.fr\/pharmacie\/supp\/smooskin\/#primaryimage"},"image":{"@id":"https:\/\/chirurgie-orthopedie-vannes.fr\/pharmacie\/supp\/smooskin\/#primaryimage"},"thumbnailUrl":"https:\/\/chirurgie-orthopedie-vannes.fr\/pharmacie\/wp-content\/uploads\/2024\/10\/SMOOSKIN.jpg","datePublished":"2024-10-18T19:46:19+00:00","dateModified":"2025-01-14T13:28:46+00:00","breadcrumb":{"@id":"https:\/\/chirurgie-orthopedie-vannes.fr\/pharmacie\/supp\/smooskin\/#breadcrumb"},"inLanguage":"fr-FR","potentialAction":[{"@type":"ReadAction","target":["https:\/\/chirurgie-orthopedie-vannes.fr\/pharmacie\/supp\/smooskin\/"]}]},{"@type":"ImageObject","inLanguage":"fr-FR","@id":"https:\/\/chirurgie-orthopedie-vannes.fr\/pharmacie\/supp\/smooskin\/#primaryimage","url":"https:\/\/chirurgie-orthopedie-vannes.fr\/pharmacie\/wp-content\/uploads\/2024\/10\/SMOOSKIN.jpg","contentUrl":"https:\/\/chirurgie-orthopedie-vannes.fr\/pharmacie\/wp-content\/uploads\/2024\/10\/SMOOSKIN.jpg","width":768,"height":768},{"@type":"BreadcrumbList","@id":"https:\/\/chirurgie-orthopedie-vannes.fr\/pharmacie\/supp\/smooskin\/#breadcrumb","itemListElement":[{"@type":"ListItem","position":1,"name":"Strona g\u0142\u00f3wna","item":"https:\/\/chirurgie-orthopedie-vannes.fr\/pharmacie\/"},{"@type":"ListItem","position":2,"name":"farmaci","item":"https:\/\/chirurgie-orthopedie-vannes.fr\/pharmacie\/"},{"@type":"ListItem","position":3,"name":"SmooSkin"}]},{"@type":"WebSite","@id":"https:\/\/chirurgie-orthopedie-vannes.fr\/pharmacie\/#website","url":"https:\/\/chirurgie-orthopedie-vannes.fr\/pharmacie\/","name":"Chirurgie-Orthopedie-Vannes","description":"","potentialAction":[{"@type":"SearchAction","target":{"@type":"EntryPoint","urlTemplate":"https:\/\/chirurgie-orthopedie-vannes.fr\/pharmacie\/?s={search_term_string}"},"query-input":{"@type":"PropertyValueSpecification","valueRequired":true,"valueName":"search_term_string"}}],"inLanguage":"fr-FR"}]}},"_links":{"self":[{"href":"https:\/\/chirurgie-orthopedie-vannes.fr\/pharmacie\/wp-json\/wp\/v2\/product\/4509","targetHints":{"allow":["GET"]}}],"collection":[{"href":"https:\/\/chirurgie-orthopedie-vannes.fr\/pharmacie\/wp-json\/wp\/v2\/product"}],"about":[{"href":"https:\/\/chirurgie-orthopedie-vannes.fr\/pharmacie\/wp-json\/wp\/v2\/types\/product"}],"replies":[{"embeddable":true,"href":"https:\/\/chirurgie-orthopedie-vannes.fr\/pharmacie\/wp-json\/wp\/v2\/comments?post=4509"}],"wp:featuredmedia":[{"embeddable":true,"href":"https:\/\/chirurgie-orthopedie-vannes.fr\/pharmacie\/wp-json\/wp\/v2\/media\/3942"}],"wp:attachment":[{"href":"https:\/\/chirurgie-orthopedie-vannes.fr\/pharmacie\/wp-json\/wp\/v2\/media?parent=4509"}],"wp:term":[{"taxonomy":"product_brand","embeddable":true,"href":"https:\/\/chirurgie-orthopedie-vannes.fr\/pharmacie\/wp-json\/wp\/v2\/product_brand?post=4509"},{"taxonomy":"product_cat","embeddable":true,"href":"https:\/\/chirurgie-orthopedie-vannes.fr\/pharmacie\/wp-json\/wp\/v2\/product_cat?post=4509"},{"taxonomy":"product_tag","embeddable":true,"href":"https:\/\/chirurgie-orthopedie-vannes.fr\/pharmacie\/wp-json\/wp\/v2\/product_tag?post=4509"}],"curies":[{"name":"wp","href":"https:\/\/api.w.org\/{rel}","templated":true}]}}