{"id":4515,"date":"2024-10-18T19:46:19","date_gmt":"2024-10-18T19:46:19","guid":{"rendered":"https:\/\/chirurgie-orthopedie-vannes.fr\/pharmacie\/?post_type=product&#038;p=4515"},"modified":"2025-01-14T13:28:54","modified_gmt":"2025-01-14T13:28:54","slug":"hai-matcha","status":"publish","type":"product","link":"https:\/\/chirurgie-orthopedie-vannes.fr\/pharmacie\/supp\/hai-matcha\/","title":{"rendered":"Hai Matcha"},"content":{"rendered":"<h2 class=\"wp-block-heading\">Qu&rsquo;est-ce que le Hai Matcha et comment fonctionne-t-il ?<\/h2>\n\n\n<p><b>Hai Matcha<\/b> est un m\u00e9lange unique de poudre de <b>matcha<\/b> et d&rsquo;autres ingr\u00e9dients actifs, con\u00e7u pour les personnes souhaitant soutenir leur r\u00e9gime alimentaire. La principale <em>action de ce<\/em> compl\u00e9ment est d&rsquo;acc\u00e9l\u00e9rer le <em>m\u00e9tabolisme<\/em> et de favoriser la combustion des graisses, ce qui en fait un soutien id\u00e9al pour les personnes souhaitant r\u00e9duire leur poids corporel.<\/p>\n\n\n<p>Hai <b>Matcha<\/b> est formul\u00e9 avec 2 g de poudre de th\u00e9 vert <em>matcha<\/em> de Cor\u00e9e, enrichie d&rsquo;extrait concentr\u00e9 de th\u00e9 vert. Gr\u00e2ce \u00e0 cela, <em>l&rsquo;action de<\/em> cette formule s&rsquo;inscrit parfaitement dans la tendance \u00e0 la perte de poids saine. En outre, la pr\u00e9sence de spiruline, un superaliment populaire, influence positivement la <em>d\u00e9sintoxication de l&rsquo;<\/em> organisme, en \u00e9liminant les toxines et en soutenant les fonctions m\u00e9taboliques.<\/p>\n\n\n<p>La <b>consommation<\/b> r\u00e9guli\u00e8re <b>de<\/b> Hai Matcha peut contribuer \u00e0 am\u00e9liorer le bien-\u00eatre g\u00e9n\u00e9ral et les niveaux d&rsquo;\u00e9nergie. Des quantit\u00e9s surprenantes de prot\u00e9ines (9 g) et une riche teneur en vitamines et min\u00e9raux, dont la vitamine C, B6 et B12, compl\u00e8tent son profil nutritionnel. Le <em>Matcha<\/em> et une vari\u00e9t\u00e9 d&rsquo;ingr\u00e9dients favorisent le bon fonctionnement de l&rsquo;organisme \u00e0 de nombreux niveaux, de la digestion au soutien du syst\u00e8me immunitaire.<\/p>\n\n\n<h2 class=\"wp-block-heading\">Effets du Matcha Hai<\/h2>\n\n\n<p>La consommation r\u00e9guli\u00e8re de Hai Matcha a de nombreux effets positifs sur la sant\u00e9. <b>Les utilisateurs<\/b> notent que cette boisson favorise la <b>perte de poids<\/b> en contribuant \u00e0 br\u00fbler efficacement les graisses corporelles, en particulier dans les zones difficiles \u00e0 modeler telles que l&rsquo;abdomen et les cuisses. Une augmentation de l&rsquo;\u00e9nergie est une autre ressource de ce th\u00e9, qui favorise un mode de vie actif.<\/p>\n\n\n<p>Le <em>Matcha Hai<\/em> poss\u00e8de de fortes propri\u00e9t\u00e9s antioxydantes qui neutralisent les radicaux libres. Cela r\u00e9duit consid\u00e9rablement le risque de diab\u00e8te, d&rsquo;hypertension et de cancer. En outre, la consommation r\u00e9guli\u00e8re de cette boisson peut entra\u00eener une diminution du taux de \u00ab\u00a0mauvais\u00a0\u00bb cholest\u00e9rol LDL, ce qui a un impact positif sur la <b>sant\u00e9<\/b> cardiaque.<\/p>\n\n\n\n<ul class=\"wp-block-list\">\n<li>Augmentation de l&rsquo;\u00e9nergie et am\u00e9lioration du bien-\u00eatre.<\/li>\n\n\n\n<li><b>Perte de poids<\/b> efficace et am\u00e9lioration du m\u00e9tabolisme.<\/li>\n\n\n\n<li>Propri\u00e9t\u00e9s de nettoyage des toxines de l&rsquo;organisme.<\/li>\n\n\n\n<li>Soutien du syst\u00e8me immunitaire.<\/li>\n\n\n\n<li>Am\u00e9lioration de la concentration et r\u00e9duction du stress.<\/li>\n<\/ul>\n\n\n<p>Apr\u00e8s un mois de consommation de Hai Matcha, certains <b>utilisateurs<\/b> ont constat\u00e9 une perte de poids allant jusqu&rsquo;\u00e0 5 kg, ce qui confirme les <b>effets<\/b> uniques <b>de<\/b> cette boisson. D\u00e8s la premi\u00e8re gorg\u00e9e, on ressent un regain d&rsquo;\u00e9nergie et un apaisement des nerfs. En cas de consommation r\u00e9guli\u00e8re, les <b>effets<\/b> tels que l&rsquo;am\u00e9lioration du m\u00e9tabolisme et la r\u00e9gulation de l&rsquo;app\u00e9tit se manifestent en peu de temps.<\/p>\n\n\n<h2 class=\"wp-block-heading\">Comment utiliser correctement Hai Matcha &#8211; Dosage<\/h2>\n\n\n<p><b>L&rsquo;utilisation du<\/b> Matcha Hai n\u00e9cessite certaines r\u00e8gles afin de maximiser ses bienfaits. Le <b>dosage<\/b> recommand\u00e9 est de 15 grammes de poudre pour 300 ml d&rsquo;eau. Dans ce contexte, la <em>pr\u00e9paration de la<\/em> boisson devient cruciale. Pour obtenir une consistance optimale, les composants doivent \u00eatre soigneusement m\u00e9lang\u00e9s, ce qui peut \u00eatre facilement r\u00e9alis\u00e9 \u00e0 l&rsquo;aide d&rsquo;un fouet ou d&rsquo;un shaker.<\/p>\n\n\n<p>Le bon moment pour consommer la boisson est le matin ou le d\u00e9but de l&rsquo;apr\u00e8s-midi, ce qui permet d&rsquo;obtenir des <b>effets<\/b> \u00e9nergisants perceptibles tout au long de la journ\u00e9e. Une <em>consommation<\/em> syst\u00e9matique est \u00e9galement importante, car un apport r\u00e9gulier favorise l&rsquo;am\u00e9lioration du m\u00e9tabolisme et soutient les processus de d\u00e9sintoxication de l&rsquo;organisme.<\/p>\n\n\n<p>N&rsquo;oubliez pas de ne pas d\u00e9passer la dose recommand\u00e9e. Une consommation excessive peut entra\u00eener des effets secondaires ind\u00e9sirables. Lorsque le <em>dosage<\/em> est correct, le Matcha Hai gagne en efficacit\u00e9 et aide \u00e0 r\u00e9duire le poids et \u00e0 renforcer l&rsquo;organisme.<\/p>\n\n\n<h2 class=\"wp-block-heading\">Hai Matcha avis &#8211; Que disent les utilisateurs sur les forums ?<\/h2>\n\n\n<p>Sur les forums en ligne, les <b>utilisateurs<\/b> font part de leurs commentaires positifs sur le Hai Matcha, indiquant son efficacit\u00e9 dans la perte de poids et l&rsquo;am\u00e9lioration du bien-\u00eatre. Voici l&rsquo;examen de trois cas concrets.<\/p>\n\n\n\n<blockquote class=\"wp-block-quote is-layout-flow wp-block-quote-is-layout-flow\"><p><em>Kasia<\/em>: \u00ab\u00a0Depuis que j&rsquo;ai commenc\u00e9 \u00e0 boire du Matcha Hai, j&rsquo;ai constat\u00e9 au bout d&rsquo;un mois une diff\u00e9rence significative au niveau de mon poids et de mon humeur. Je me sens plus \u00e9nergique et j&rsquo;ai moins tendance \u00e0 avoir faim. C&rsquo;est de loin le meilleur produit que j&rsquo;ai eu avec moi pendant mon r\u00e9gime\u00a0\u00bb.<\/p>\n<\/blockquote>\n\n\n\n<blockquote class=\"wp-block-quote is-layout-flow wp-block-quote-is-layout-flow\"><p><em>Marcin<\/em>: \u00ab\u00a0J&rsquo;ai constat\u00e9 une am\u00e9lioration de mon m\u00e9tabolisme en utilisant Hai Matcha. Il a eu un effet positif sur ma condition physique. Gr\u00e2ce \u00e0 lui, j&rsquo;ai pu perdre quelques kilos superflus sans effet yo-yo.\u00a0\u00bb<\/p>\n<\/blockquote>\n\n\n\n<blockquote class=\"wp-block-quote is-layout-flow wp-block-quote-is-layout-flow\"><p><em>Anna<\/em>: \u00ab\u00a0J&rsquo;adore cette boisson ! Non seulement elle est b\u00e9n\u00e9fique pour ma silhouette, mais elle am\u00e9liore aussi mon humeur. Je ne me sens plus fatigu\u00e9e pendant la journ\u00e9e et le stress passager avant le travail dispara\u00eet apr\u00e8s une tasse de Hai Matcha.\u00a0\u00bb<\/p>\n<\/blockquote>\n\n\n<p>Les utilisateurs remarquent les effets visibles d&rsquo;une consommation r\u00e9guli\u00e8re de Hai Matcha. Nombre d&rsquo;entre eux soulignent que la boisson ne favorise pas seulement la perte de poids, mais qu&rsquo;elle am\u00e9liore \u00e9galement le bien-\u00eatre g\u00e9n\u00e9ral et stimule l&rsquo;\u00e9nergie.<\/p>\n\n\n<p>Ces commentaires illustrent parfaitement la reconnaissance dont jouit le Hai Matcha aupr\u00e8s des utilisateurs sur les forums, et dont les effets semblent se traduire par de r\u00e9els b\u00e9n\u00e9fices pour la sant\u00e9.<\/p>\n\n\n<h2 class=\"wp-block-heading\">Hai Matcha &#8211; Composition<\/h2>\n\n\n<p>Hai Matcha est un produit qui combine plusieurs <em>ingr\u00e9dients actifs<\/em> pour cr\u00e9er une formule compl\u00e8te qui favorise la <b>perte de poids<\/b> et la d\u00e9sintoxication. Chaque portion contient 23 ingr\u00e9dients actifs, ce qui rend ce compl\u00e9ment unique sur le march\u00e9. Les ingr\u00e9dients comprennent des <em>prot\u00e9ines de soja<\/em>, qui fournissent 9 g de prot\u00e9ines par portion, ainsi que 2 g de poudre de th\u00e9 vert matcha, enrichie de nutriments pr\u00e9cieux.<\/p>\n\n\n<p>Les *extraits sp\u00e9cialement s\u00e9lectionn\u00e9s*, tels que la naringine, l&rsquo;EGCG et la caf\u00e9ine, renforcent les <b>effets du<\/b> compl\u00e9ment. Les vitamines et min\u00e9raux qu&rsquo;il contient, notamment les vitamines E, C, B6 et B12, repr\u00e9sentent 15 % du RWS dans chaque portion, ce qui se traduit par un soutien \u00e0 la sant\u00e9 et au bien-\u00eatre des utilisateurs.<\/p>\n\n\n<figure class=\"wp-block-table\"><table class=\"has-fixed-layout\"><tbody><tr><th>Composant<\/th><th>Quantit\u00e9 par portion<\/th><\/tr><tr><td>Prot\u00e9ines<\/td><td>9 g<\/td><\/tr><tr><td><b>Th\u00e9<\/b> vert <b>Matcha<\/b> en poudre<\/td><td>200 mg<\/td><\/tr><tr><td>Caf\u00e9ine<\/td><td>8 mg<\/td><\/tr><tr><td>Valeur calorifique<\/td><td>38,64 kcal<\/td><\/tr><tr><td>Vitamines et min\u00e9raux<\/td><td>15% RWS<\/td><\/tr><\/tbody><\/table><\/figure>\n\n\n<p>La spiruline, pr\u00e9sente dans la formule, fournit des ingr\u00e9dients pr\u00e9cieux tels que la chlorophylle et la phyco\u00e9rythrine. D&rsquo;autres enzymes pr\u00e9sentes dans le m\u00e9lange soutiennent les processus digestifs, ce qui fait de Hai Matcha un soutien complet pour l&rsquo;organisme. Afin d&rsquo;exploiter pleinement le potentiel du compl\u00e9ment, il est important de suivre les recommandations de dosage et de stockage, en conservant le produit dans un endroit sec \u00e0 une temp\u00e9rature comprise entre 18 et 25\u00b0C.<\/p>\n\n\n<h2 class=\"wp-block-heading\">O\u00f9 acheter Hai Matcha &#8211; prix<\/h2>\n\n\n<p>Hai Matcha est disponible exclusivement sur le site <em>officiel du fabricant<\/em>. Les achats peuvent \u00eatre effectu\u00e9s de mani\u00e8re pratique et rapide, de sorte que les clients peuvent \u00eatre s\u00fbrs d&rsquo;obtenir le produit original. <em>Les promotions<\/em> disponibles sur le site web peuvent r\u00e9duire consid\u00e9rablement le <em>prix<\/em>, permettant des achats jusqu&rsquo;\u00e0 50 % de r\u00e9duction.<\/p>\n\n\n<p>Il convient de noter que Hai Matcha n&rsquo;est pas disponible dans les pharmacies stationnaires, de sorte que le site <em>officiel du fabricant<\/em> est le seul endroit o\u00f9 ce produit peut \u00eatre achet\u00e9 en toute s\u00e9curit\u00e9. En profitant des <em>promotions<\/em>, les clients ont acc\u00e8s \u00e0 des offres exclusives qui rendent l&rsquo;achat plus int\u00e9ressant.<\/p>\n\n\n<h2 class=\"wp-block-heading\">Effets secondaires potentiels et contre-indications du Hai Matcha<\/h2>\n\n\n<p>Malgr\u00e9 les nombreux avantages qu&rsquo;offre le Hai Matcha, il est crucial de pr\u00eater attention aux \u00e9ventuels <b>effets secondaires<\/b> et <b>contre-indications<\/b>. En raison de sa teneur en caf\u00e9ine, le th\u00e9 matcha ne doit pas \u00eatre consomm\u00e9 par les enfants, les femmes enceintes ou allaitantes, ni par les personnes sensibles \u00e0 cet ingr\u00e9dient. Les personnes sujettes \u00e0 des probl\u00e8mes d&rsquo;estomac doivent faire preuve de prudence, car une consommation excessive peut entra\u00eener des douleurs abdominales, des diarrh\u00e9es ou des naus\u00e9es.<\/p>\n\n\n<p>Des \u00e9tudes indiquent qu&rsquo;un exc\u00e8s de matcha peut \u00e9galement provoquer d&rsquo;autres sympt\u00f4mes tels que des maux de t\u00eate, une surstimulation, une irritabilit\u00e9 et des difficult\u00e9s de concentration. Dans les cas extr\u00eames, de graves probl\u00e8mes de sant\u00e9 tels que des l\u00e9sions h\u00e9patiques ou r\u00e9nales peuvent survenir. Il est donc conseill\u00e9 de faire <b>un bilan de<\/b> sant\u00e9 et de discuter avec votre m\u00e9decin de la consommation de matcha que vous envisagez, surtout si vous prenez d&rsquo;autres m\u00e9dicaments.<\/p>\n\n\n<p>L<b>&lsquo;innocuit\u00e9 du<\/b> Hai Matcha a \u00e9t\u00e9 confirm\u00e9e par des \u00e9tudes qui n&rsquo;ont r\u00e9v\u00e9l\u00e9 aucun effet n\u00e9gatif sur l&rsquo;organisme en cas d&rsquo;utilisation correcte. N\u00e9anmoins, il est recommand\u00e9 aux personnes qui envisagent de l&rsquo;int\u00e9grer \u00e0 leur r\u00e9gime alimentaire de veiller \u00e0 leur bien-\u00eatre et de consulter un nutritionniste ou un m\u00e9decin en cas d&rsquo;<b>effets secondaires<\/b> inqui\u00e9tants.<\/p>\n","protected":false},"excerpt":{"rendered":"<p><strong>[date_countdown]<\/strong><\/p>\n<p><img decoding=\"async\" class=\"alignnone  wp-image-8427\" src=\"https:\/\/chirurgie-orthopedie-vannes.fr\/pharmacie\/wp-content\/uploads\/2024\/10\/SAFE-PAY-300x88-1.png\" alt=\"SAFE-PAY-300x88\" width=\"164\" height=\"48\" \/><\/p>\n","protected":false},"featured_media":3948,"comment_status":"open","ping_status":"closed","template":"","meta":{"neve_meta_sidebar":"","neve_meta_container":"","neve_meta_enable_content_width":"","neve_meta_content_width":0,"neve_meta_title_alignment":"","neve_meta_author_avatar":"","neve_post_elements_order":"","neve_meta_disable_header":"","neve_meta_disable_footer":"","neve_meta_disable_title":"","neve_meta_reading_time":""},"product_brand":[],"product_cat":[15],"product_tag":[],"class_list":{"0":"post-4515","1":"product","2":"type-product","3":"status-publish","4":"has-post-thumbnail","6":"product_cat-perte-de-poids","8":"first","9":"instock","10":"sale","11":"shipping-taxable","12":"product-type-external"},"yoast_head":"<!-- This site is optimized with the Yoast SEO plugin v27.4 - https:\/\/yoast.com\/product\/yoast-seo-wordpress\/ -->\n<title>Hai Matcha - Avis, Forum, Pharmacie, Prix, Effets | -50%<\/title>\n<meta name=\"robots\" content=\"index, follow, max-snippet:-1, max-image-preview:large, max-video-preview:-1\" \/>\n<link rel=\"canonical\" href=\"https:\/\/chirurgie-orthopedie-vannes.fr\/pharmacie\/supp\/hai-matcha\/\" \/>\n<meta property=\"og:locale\" content=\"fr_FR\" \/>\n<meta property=\"og:type\" content=\"article\" \/>\n<meta property=\"og:title\" content=\"Hai Matcha - Avis, Forum, Pharmacie, Prix, Effets | -50%\" \/>\n<meta property=\"og:url\" content=\"https:\/\/chirurgie-orthopedie-vannes.fr\/pharmacie\/supp\/hai-matcha\/\" \/>\n<meta property=\"og:site_name\" content=\"Chirurgie-Orthopedie-Vannes\" \/>\n<meta property=\"article:modified_time\" content=\"2025-01-14T13:28:54+00:00\" \/>\n<meta property=\"og:image\" content=\"https:\/\/chirurgie-orthopedie-vannes.fr\/pharmacie\/wp-content\/uploads\/2024\/10\/HAI-MATCHA.jpg\" \/>\n\t<meta property=\"og:image:width\" content=\"768\" \/>\n\t<meta property=\"og:image:height\" content=\"768\" \/>\n\t<meta property=\"og:image:type\" content=\"image\/jpeg\" \/>\n<meta name=\"twitter:card\" content=\"summary_large_image\" \/>\n<meta name=\"twitter:description\" content=\"[date_countdown]\" \/>\n<meta name=\"twitter:label1\" content=\"Dur\u00e9e de lecture estim\u00e9e\" \/>\n\t<meta name=\"twitter:data1\" content=\"7 minutes\" \/>\n<script type=\"application\/ld+json\" class=\"yoast-schema-graph\">{\"@context\":\"https:\\\/\\\/schema.org\",\"@graph\":[{\"@type\":\"WebPage\",\"@id\":\"https:\\\/\\\/chirurgie-orthopedie-vannes.fr\\\/pharmacie\\\/supp\\\/hai-matcha\\\/\",\"url\":\"https:\\\/\\\/chirurgie-orthopedie-vannes.fr\\\/pharmacie\\\/supp\\\/hai-matcha\\\/\",\"name\":\"Hai Matcha - Avis, Forum, Pharmacie, Prix, Effets | -50%\",\"isPartOf\":{\"@id\":\"https:\\\/\\\/chirurgie-orthopedie-vannes.fr\\\/pharmacie\\\/#website\"},\"primaryImageOfPage\":{\"@id\":\"https:\\\/\\\/chirurgie-orthopedie-vannes.fr\\\/pharmacie\\\/supp\\\/hai-matcha\\\/#primaryimage\"},\"image\":{\"@id\":\"https:\\\/\\\/chirurgie-orthopedie-vannes.fr\\\/pharmacie\\\/supp\\\/hai-matcha\\\/#primaryimage\"},\"thumbnailUrl\":\"https:\\\/\\\/chirurgie-orthopedie-vannes.fr\\\/pharmacie\\\/wp-content\\\/uploads\\\/2024\\\/10\\\/HAI-MATCHA.jpg\",\"datePublished\":\"2024-10-18T19:46:19+00:00\",\"dateModified\":\"2025-01-14T13:28:54+00:00\",\"breadcrumb\":{\"@id\":\"https:\\\/\\\/chirurgie-orthopedie-vannes.fr\\\/pharmacie\\\/supp\\\/hai-matcha\\\/#breadcrumb\"},\"inLanguage\":\"fr-FR\",\"potentialAction\":[{\"@type\":\"ReadAction\",\"target\":[\"https:\\\/\\\/chirurgie-orthopedie-vannes.fr\\\/pharmacie\\\/supp\\\/hai-matcha\\\/\"]}]},{\"@type\":\"ImageObject\",\"inLanguage\":\"fr-FR\",\"@id\":\"https:\\\/\\\/chirurgie-orthopedie-vannes.fr\\\/pharmacie\\\/supp\\\/hai-matcha\\\/#primaryimage\",\"url\":\"https:\\\/\\\/chirurgie-orthopedie-vannes.fr\\\/pharmacie\\\/wp-content\\\/uploads\\\/2024\\\/10\\\/HAI-MATCHA.jpg\",\"contentUrl\":\"https:\\\/\\\/chirurgie-orthopedie-vannes.fr\\\/pharmacie\\\/wp-content\\\/uploads\\\/2024\\\/10\\\/HAI-MATCHA.jpg\",\"width\":768,\"height\":768},{\"@type\":\"BreadcrumbList\",\"@id\":\"https:\\\/\\\/chirurgie-orthopedie-vannes.fr\\\/pharmacie\\\/supp\\\/hai-matcha\\\/#breadcrumb\",\"itemListElement\":[{\"@type\":\"ListItem\",\"position\":1,\"name\":\"Strona g\u0142\u00f3wna\",\"item\":\"https:\\\/\\\/chirurgie-orthopedie-vannes.fr\\\/pharmacie\\\/\"},{\"@type\":\"ListItem\",\"position\":2,\"name\":\"farmaci\",\"item\":\"https:\\\/\\\/chirurgie-orthopedie-vannes.fr\\\/pharmacie\\\/\"},{\"@type\":\"ListItem\",\"position\":3,\"name\":\"Hai Matcha\"}]},{\"@type\":\"WebSite\",\"@id\":\"https:\\\/\\\/chirurgie-orthopedie-vannes.fr\\\/pharmacie\\\/#website\",\"url\":\"https:\\\/\\\/chirurgie-orthopedie-vannes.fr\\\/pharmacie\\\/\",\"name\":\"Chirurgie-Orthopedie-Vannes\",\"description\":\"\",\"potentialAction\":[{\"@type\":\"SearchAction\",\"target\":{\"@type\":\"EntryPoint\",\"urlTemplate\":\"https:\\\/\\\/chirurgie-orthopedie-vannes.fr\\\/pharmacie\\\/?s={search_term_string}\"},\"query-input\":{\"@type\":\"PropertyValueSpecification\",\"valueRequired\":true,\"valueName\":\"search_term_string\"}}],\"inLanguage\":\"fr-FR\"}]}<\/script>\n<!-- \/ Yoast SEO plugin. -->","yoast_head_json":{"title":"Hai Matcha - Avis, Forum, Pharmacie, Prix, Effets | -50%","robots":{"index":"index","follow":"follow","max-snippet":"max-snippet:-1","max-image-preview":"max-image-preview:large","max-video-preview":"max-video-preview:-1"},"canonical":"https:\/\/chirurgie-orthopedie-vannes.fr\/pharmacie\/supp\/hai-matcha\/","og_locale":"fr_FR","og_type":"article","og_title":"Hai Matcha - Avis, Forum, Pharmacie, Prix, Effets | -50%","og_url":"https:\/\/chirurgie-orthopedie-vannes.fr\/pharmacie\/supp\/hai-matcha\/","og_site_name":"Chirurgie-Orthopedie-Vannes","article_modified_time":"2025-01-14T13:28:54+00:00","og_image":[{"width":768,"height":768,"url":"https:\/\/chirurgie-orthopedie-vannes.fr\/pharmacie\/wp-content\/uploads\/2024\/10\/HAI-MATCHA.jpg","type":"image\/jpeg"}],"twitter_card":"summary_large_image","twitter_description":"[date_countdown]","twitter_misc":{"Dur\u00e9e de lecture estim\u00e9e":"7 minutes"},"schema":{"@context":"https:\/\/schema.org","@graph":[{"@type":"WebPage","@id":"https:\/\/chirurgie-orthopedie-vannes.fr\/pharmacie\/supp\/hai-matcha\/","url":"https:\/\/chirurgie-orthopedie-vannes.fr\/pharmacie\/supp\/hai-matcha\/","name":"Hai Matcha - Avis, Forum, Pharmacie, Prix, Effets | -50%","isPartOf":{"@id":"https:\/\/chirurgie-orthopedie-vannes.fr\/pharmacie\/#website"},"primaryImageOfPage":{"@id":"https:\/\/chirurgie-orthopedie-vannes.fr\/pharmacie\/supp\/hai-matcha\/#primaryimage"},"image":{"@id":"https:\/\/chirurgie-orthopedie-vannes.fr\/pharmacie\/supp\/hai-matcha\/#primaryimage"},"thumbnailUrl":"https:\/\/chirurgie-orthopedie-vannes.fr\/pharmacie\/wp-content\/uploads\/2024\/10\/HAI-MATCHA.jpg","datePublished":"2024-10-18T19:46:19+00:00","dateModified":"2025-01-14T13:28:54+00:00","breadcrumb":{"@id":"https:\/\/chirurgie-orthopedie-vannes.fr\/pharmacie\/supp\/hai-matcha\/#breadcrumb"},"inLanguage":"fr-FR","potentialAction":[{"@type":"ReadAction","target":["https:\/\/chirurgie-orthopedie-vannes.fr\/pharmacie\/supp\/hai-matcha\/"]}]},{"@type":"ImageObject","inLanguage":"fr-FR","@id":"https:\/\/chirurgie-orthopedie-vannes.fr\/pharmacie\/supp\/hai-matcha\/#primaryimage","url":"https:\/\/chirurgie-orthopedie-vannes.fr\/pharmacie\/wp-content\/uploads\/2024\/10\/HAI-MATCHA.jpg","contentUrl":"https:\/\/chirurgie-orthopedie-vannes.fr\/pharmacie\/wp-content\/uploads\/2024\/10\/HAI-MATCHA.jpg","width":768,"height":768},{"@type":"BreadcrumbList","@id":"https:\/\/chirurgie-orthopedie-vannes.fr\/pharmacie\/supp\/hai-matcha\/#breadcrumb","itemListElement":[{"@type":"ListItem","position":1,"name":"Strona g\u0142\u00f3wna","item":"https:\/\/chirurgie-orthopedie-vannes.fr\/pharmacie\/"},{"@type":"ListItem","position":2,"name":"farmaci","item":"https:\/\/chirurgie-orthopedie-vannes.fr\/pharmacie\/"},{"@type":"ListItem","position":3,"name":"Hai Matcha"}]},{"@type":"WebSite","@id":"https:\/\/chirurgie-orthopedie-vannes.fr\/pharmacie\/#website","url":"https:\/\/chirurgie-orthopedie-vannes.fr\/pharmacie\/","name":"Chirurgie-Orthopedie-Vannes","description":"","potentialAction":[{"@type":"SearchAction","target":{"@type":"EntryPoint","urlTemplate":"https:\/\/chirurgie-orthopedie-vannes.fr\/pharmacie\/?s={search_term_string}"},"query-input":{"@type":"PropertyValueSpecification","valueRequired":true,"valueName":"search_term_string"}}],"inLanguage":"fr-FR"}]}},"_links":{"self":[{"href":"https:\/\/chirurgie-orthopedie-vannes.fr\/pharmacie\/wp-json\/wp\/v2\/product\/4515","targetHints":{"allow":["GET"]}}],"collection":[{"href":"https:\/\/chirurgie-orthopedie-vannes.fr\/pharmacie\/wp-json\/wp\/v2\/product"}],"about":[{"href":"https:\/\/chirurgie-orthopedie-vannes.fr\/pharmacie\/wp-json\/wp\/v2\/types\/product"}],"replies":[{"embeddable":true,"href":"https:\/\/chirurgie-orthopedie-vannes.fr\/pharmacie\/wp-json\/wp\/v2\/comments?post=4515"}],"wp:featuredmedia":[{"embeddable":true,"href":"https:\/\/chirurgie-orthopedie-vannes.fr\/pharmacie\/wp-json\/wp\/v2\/media\/3948"}],"wp:attachment":[{"href":"https:\/\/chirurgie-orthopedie-vannes.fr\/pharmacie\/wp-json\/wp\/v2\/media?parent=4515"}],"wp:term":[{"taxonomy":"product_brand","embeddable":true,"href":"https:\/\/chirurgie-orthopedie-vannes.fr\/pharmacie\/wp-json\/wp\/v2\/product_brand?post=4515"},{"taxonomy":"product_cat","embeddable":true,"href":"https:\/\/chirurgie-orthopedie-vannes.fr\/pharmacie\/wp-json\/wp\/v2\/product_cat?post=4515"},{"taxonomy":"product_tag","embeddable":true,"href":"https:\/\/chirurgie-orthopedie-vannes.fr\/pharmacie\/wp-json\/wp\/v2\/product_tag?post=4515"}],"curies":[{"name":"wp","href":"https:\/\/api.w.org\/{rel}","templated":true}]}}