{"id":4519,"date":"2024-10-18T19:46:19","date_gmt":"2024-10-18T19:46:19","guid":{"rendered":"https:\/\/chirurgie-orthopedie-vannes.fr\/pharmacie\/?post_type=product&#038;p=4519"},"modified":"2025-01-14T13:28:54","modified_gmt":"2025-01-14T13:28:54","slug":"keto-core","status":"publish","type":"product","link":"https:\/\/chirurgie-orthopedie-vannes.fr\/pharmacie\/supp\/keto-core\/","title":{"rendered":"Keto Core"},"content":{"rendered":"<h2 class=\"wp-block-heading\">Qu&rsquo;est-ce que Keto Core et comment fonctionne-t-il ?<\/h2>\n\n\n<p>Keto Core est un <em>compl\u00e9ment alimentaire<\/em> destin\u00e9 aux personnes qui souhaitent soutenir leur organisme dans le processus de <em>perte de poids<\/em> et d&rsquo;atteinte de l&rsquo;\u00e9tat de c\u00e9tose. Son principe principal est d&rsquo;acc\u00e9l\u00e9rer votre m\u00e9tabolisme et de freiner votre app\u00e9tit. Cela vous permet de r\u00e9duire votre apport calorique, ce qui est crucial dans le cadre d&rsquo;un r\u00e9gime c\u00e9tog\u00e8ne.<\/p>\n\n\n<p>Tous ces ingr\u00e9dients contribuent \u00e0 am\u00e9liorer le processus digestif, \u00e0 normaliser la glyc\u00e9mie et \u00e0 d\u00e9toxifier l&rsquo;organisme. La prise de <em>Keto Core<\/em> permet de r\u00e9duire efficacement la sensation de faim, ce qui facilite consid\u00e9rablement le suivi d&rsquo;un r\u00e9gime c\u00e9tog\u00e8ne.<\/p>\n\n\n<p>La forme compl\u00e8te de <em>Keto Core<\/em> est disponible sous forme de gouttes liquides pour un dosage pratique. Il est recommand\u00e9 de prendre 20 gouttes dissoutes dans 200 ml d&rsquo;eau une fois par jour. Le produit favorise non seulement la <em>perte de poids<\/em>, mais contribue \u00e9galement \u00e0 att\u00e9nuer les effets n\u00e9gatifs associ\u00e9s \u00e0 un r\u00e9gime c\u00e9tog\u00e8ne, tels que les douleurs abdominales, la fatigue et le manque d&rsquo;\u00e9nergie.<\/p>\n\n\n<h2 class=\"wp-block-heading\">Keto Core &#8211; effets<\/h2>\n\n\n<p>Les <b>utilisateurs<\/b> qui ont choisi d&rsquo;<b>utiliser<\/b> Keto Core font souvent \u00e9tat de <em>r\u00e9sultats<\/em> significatifs en mati\u00e8re <em>de perte de poids<\/em>. Gr\u00e2ce \u00e0 leur formule unique, ces gouttes soutiennent le m\u00e9tabolisme et acc\u00e9l\u00e8rent les processus de combustion des graisses. Une prise r\u00e9guli\u00e8re permet d&rsquo;obtenir des r\u00e9sultats plus rapides et une \u00e9nergie accrue tout au long de la journ\u00e9e.<\/p>\n\n\n<p>De nombreuses personnes remarquent que l <b>&lsquo;utilisation de<\/b> Keto Core les aide \u00e0 r\u00e9duire leur app\u00e9tit et la sensation de faim. Cela rend le processus de <em>perte de poids<\/em> plus confortable et moins p\u00e9nible. Les gouttes ne facilitent pas seulement l&rsquo;entr\u00e9e du corps dans un \u00e9tat de c\u00e9tose, mais \u00e9liminent \u00e9galement les effets d\u00e9sagr\u00e9ables qui peuvent survenir lors d&rsquo;un r\u00e9gime c\u00e9tog\u00e8ne.<\/p>\n\n\n\n<ul class=\"wp-block-list\">\n<li>R\u00e9duction des graisses.<\/li>\n\n\n\n<li>Augmentation des niveaux d&rsquo;\u00e9nergie.<\/li>\n\n\n\n<li>R\u00e9duction de la sensation de faim.<\/li>\n<\/ul>\n\n\n<p>L&rsquo;un des points forts de Keto Core est sa teneur en ingr\u00e9dients soigneusement s\u00e9lectionn\u00e9s qui favorisent la digestion et un taux de glyc\u00e9mie normal. Cette <b>action<\/b> favorise la sant\u00e9 et le bien-\u00eatre en g\u00e9n\u00e9ral.<\/p>\n\n\n<p>Keto Core s&rsquo;av\u00e8re \u00eatre un soutien pr\u00e9cieux pour tous ceux qui s&rsquo;efforcent d&rsquo;atteindre leurs objectifs de <em>perte de poids<\/em>. Gr\u00e2ce \u00e0 une combinaison efficace d&rsquo;ingr\u00e9dients, l&rsquo;<b>utilisation<\/b> quotidienne contribue \u00e0 am\u00e9liorer la sensation de bien-\u00eatre et facilite la transition vers un mode de vie sain.<\/p>\n\n\n<h2 class=\"wp-block-heading\">Comment utiliser Keto Core ? &#8211; Dosage et recommandations<\/h2>\n\n\n<p>L&rsquo;utilisation de Keto Core doit \u00eatre adapt\u00e9e aux recommandations du fabricant, qui figurent dans la notice. Le <b>dosage du<\/b> produit consiste g\u00e9n\u00e9ralement \u00e0 ajouter 20 gouttes \u00e0 200 ml d&rsquo;eau ou de jus. Il convient de rappeler que le produit doit \u00eatre consomm\u00e9 une fois par jour et que la r\u00e9gularit\u00e9 de l&rsquo;utilisation est essentielle pour obtenir les r\u00e9sultats souhait\u00e9s.<\/p>\n\n\n<p>Les <b>recommandations d&rsquo;<\/b> utilisation sont importantes pour maximiser les b\u00e9n\u00e9fices de la suppl\u00e9mentation. Il convient de tenir compte des besoins individuels de l&rsquo;organisme et des objectifs que l&rsquo;on souhaite atteindre. Les <b>dosages<\/b> recommand\u00e9s pouvant varier, il est conseill\u00e9 de consulter un nutritionniste ou un sp\u00e9cialiste avant de commencer une suppl\u00e9mentation.<\/p>\n\n\n<figure class=\"wp-block-table\"><table class=\"has-fixed-layout\"><tbody><tr><th>Aspect<\/th><th>Recommandation<\/th><\/tr><tr><td><b>Dosage<\/b><\/td><td>20 gouttes pour 200 ml d&rsquo;eau ou de jus<\/td><\/tr><tr><td>Fr\u00e9quence<\/td><td>Une fois par jour<\/td><\/tr><tr><td>R\u00e9gularit\u00e9<\/td><td>N\u00e9cessaire \u00e0 l&rsquo;efficacit\u00e9<\/td><\/tr><tr><td>Approche individuelle<\/td><td>Consultation d&rsquo;un di\u00e9t\u00e9ticien<\/td><\/tr><\/tbody><\/table><\/figure>\n\n\n<p>Il est important de noter que l&rsquo;efficacit\u00e9 de Keto Core peut \u00eatre meilleure chez les personnes qui suivent strictement ces recommandations. Il est essentiel que la suppl\u00e9mentation fasse partie d&rsquo;un r\u00e9gime alimentaire \u00e9quilibr\u00e9 et d&rsquo;un mode de vie sain. Ce faisant, des <b>effets<\/b> m\u00e9taboliques positifs tels que la r\u00e9duction du poids et l&rsquo;am\u00e9lioration du bien-\u00eatre g\u00e9n\u00e9ral peuvent se produire.<\/p>\n\n\n<h2 class=\"wp-block-heading\">Keto Core reviews &#8211; Que disent les utilisateurs dans les forums ?<\/h2>\n\n\n<p>Sur divers forums en ligne, les <b>utilisateurs de<\/b> Keto Core partagent leurs exp\u00e9riences positives, montrant clairement que le suppl\u00e9ment peut soutenir la perte de poids et am\u00e9liorer le bien-\u00eatre. Voici quelques commentaires d\u00e9taill\u00e9s :<\/p>\n\n\n\n<blockquote class=\"wp-block-quote is-layout-flow wp-block-quote-is-layout-flow\"><p><em>Kasia<\/em>: \u00ab\u00a0Depuis que j&rsquo;ai commenc\u00e9 \u00e0 utiliser Keto Core, mon envie de grignoter a consid\u00e9rablement diminu\u00e9. Apr\u00e8s seulement une semaine, j&rsquo;ai remarqu\u00e9 que j&rsquo;avais plus d&rsquo;\u00e9nergie pour faire de l&rsquo;exercice. En l&rsquo;espace d&rsquo;un mois, mon poids a diminu\u00e9 de 2 kilos, ce qui me motive beaucoup \u00e0 continuer \u00e0 travailler sur moi-m\u00eame. Le suppl\u00e9ment est devenu une partie int\u00e9grante de mon r\u00e9gime alimentaire.\u00a0\u00bb<\/p>\n<\/blockquote>\n\n\n\n<blockquote class=\"wp-block-quote is-layout-flow wp-block-quote-is-layout-flow\"><p><em>Marek<\/em>: \u00ab\u00a0Keto Core m&rsquo;a aid\u00e9 \u00e0 entrer en c\u00e9tose plus rapidement que pr\u00e9vu. J&rsquo;ai remarqu\u00e9 des <b>r\u00e9sultats<\/b> visibles en termes de r\u00e9duction de la graisse apr\u00e8s seulement un mois d&rsquo;utilisation. J&rsquo;ai essay\u00e9 plusieurs r\u00e9gimes au fil des ans, mais ce n&rsquo;est que maintenant que je sens la diff\u00e9rence. Je recommande sans h\u00e9siter ce compl\u00e9ment \u00e0 tous ceux qui veulent vraiment perdre du poids.\u00a0\u00bb<\/p>\n<\/blockquote>\n\n\n\n<blockquote class=\"wp-block-quote is-layout-flow wp-block-quote-is-layout-flow\"><p><em>Ania<\/em>: \u00ab\u00a0J&rsquo;ai essay\u00e9 de nombreux suppl\u00e9ments, mais Keto Core donne vraiment des r\u00e9sultats. Je suis heureuse de soutenir mon r\u00e9gime et de me sentir mieux en m\u00eame temps. Mon exp\u00e9rience est excellente et les r\u00e9sultats sont formidables. J&rsquo;ai r\u00e9ussi \u00e0 r\u00e9duire mon poids de quelques kilos et je suis toujours motiv\u00e9e pour continuer \u00e0 changer.\u00a0\u00bb<\/p>\n<\/blockquote>\n\n\n<p>Les <b>utilisateurs<\/b> sur les forums sont d\u00e9sireux de partager leurs impressions. Ces <b>avis<\/b> montrent que Keto Core gagne en popularit\u00e9 et que son utilisation pr\u00e9sente des avantages tangibles. En fin de compte, il est pr\u00e9f\u00e9rable de l&rsquo;essayer soi-m\u00eame pour voir comment il fonctionne et d\u00e9couvrir comment le suppl\u00e9ment peut soutenir les objectifs individuels de perte de poids.<\/p>\n\n\n<h2 class=\"wp-block-heading\">Keto Core &#8211; Composition &#8211; Analyse des ingr\u00e9dients<\/h2>\n\n\n<p>Keto Core est un <b>compl\u00e9ment alimentaire<\/b> qui se distingue par sa composition soigneusement s\u00e9lectionn\u00e9e. L&rsquo;<b>analyse des<\/b> substances actives r\u00e9v\u00e8le que ses principaux ingr\u00e9dients sont le b\u00eata-hydroxybutyrate de calcium, le potassium, le sodium et le magn\u00e9sium, ce qui confirme la haute qualit\u00e9 du produit. Ces ingr\u00e9dients soutiennent les processus m\u00e9taboliques n\u00e9cessaires lors d&rsquo;un r\u00e9gime c\u00e9tog\u00e8ne.<\/p>\n\n\n<p>Le r\u00e9gulateur d&rsquo;acidit\u00e9 qu&rsquo;est l&rsquo;acide ascorbique est \u00e9galement pr\u00e9sent dans la composition. Il s&rsquo;agit d&rsquo;une substance bien connue sous le nom de vitamine C, qui joue un r\u00f4le important dans l&rsquo;organisme. En outre, des anti-agglom\u00e9rants tels que le dioxyde de silicium et la cellulose microcristalline garantissent la stabilit\u00e9 et la consistance appropri\u00e9e de la pr\u00e9paration.<\/p>\n\n\n<figure class=\"wp-block-table\"><table class=\"has-fixed-layout\"><tbody><tr><th>Composant<\/th><th>Quantit\u00e9 par portion<\/th><th>Substances actives<\/th><th>Pourcentage de la valeur journali\u00e8re<\/th><\/tr><tr><td>Ca-BHB<\/td><td>2,5 g<\/td><td>Calcium<\/td><td>375 mg (47%)<\/td><\/tr><tr><td>K-BHB<\/td><td>2,5 g<\/td><td>Potassium<\/td><td>668 mg (33%)<\/td><\/tr><tr><td>Na-BHB<\/td><td>2,5 g<\/td><td>Sodium<\/td><td>443 mg (18%)<\/td><\/tr><tr><td>Mg-BHB<\/td><td>2 g<\/td><td>Magn\u00e9sium<\/td><td>200 mg (53%)<\/td><\/tr><\/tbody><\/table><\/figure>\n\n\n<p>Le compl\u00e9ment contient \u00e9galement des \u00e9dulcorants tels que le sucralose et l&rsquo;ac\u00e9sulfame K pour am\u00e9liorer le go\u00fbt de la formule. Des colorants, dont la b\u00e9tanine et le b\u00eata-carot\u00e8ne, lui conf\u00e8rent une apparence attrayante. Il convient de rappeler que l&rsquo;<b>analyse<\/b> correcte de chaque ingr\u00e9dient pour son effet sur l&rsquo;organisme est cruciale pour l&rsquo;efficacit\u00e9 d&rsquo;un r\u00e9gime c\u00e9tog\u00e8ne.<\/p>\n\n\n<p>Les utilisateurs doivent prendre Keto Core comme indiqu\u00e9 &#8211; 1 portion (environ 12g) jusqu&rsquo;\u00e0 3 fois par jour, et une portion doit \u00eatre prise environ 20 minutes avant une s\u00e9ance d&rsquo;entra\u00eenement planifi\u00e9e. La suppl\u00e9mentation ne remplace pas un r\u00e9gime alimentaire vari\u00e9, et l&rsquo;exc\u00e8s de produit peut entra\u00eener des effets secondaires. Par cons\u00e9quent, l&rsquo;<b>analyse de la<\/b> composition et le respect des recommandations sont essentiels pour obtenir les r\u00e9sultats escompt\u00e9s.<\/p>\n\n\n<h2 class=\"wp-block-heading\">O\u00f9 acheter et quel est le prix de Keto Core ?<\/h2>\n\n\n<p>Keto Core ne peut \u00eatre achet\u00e9 que sur <em>le site officiel du fabricant<\/em>. Les achats dans les pharmacies stationnaires ne sont pas possibles, ce qui fait de l&rsquo;achat en ligne la seule option. Il est utile de consulter r\u00e9guli\u00e8rement ce site pour se tenir au courant des promotions en cours qui peuvent avoir une incidence sur le <em>prix du<\/em> produit.<\/p>\n\n\n<p>Les commandes sont trait\u00e9es rapidement, g\u00e9n\u00e9ralement dans un d\u00e9lai de 1 \u00e0 3 jours ouvrables. Lors de l&rsquo;achat, les clients peuvent choisir de payer \u00e0 la livraison, ce qui est encore plus pratique.<\/p>\n\n\n<p>Il convient de noter que Keto Core est un produit qui soutient le r\u00e9gime c\u00e9tog\u00e8ne et le processus de perte de poids gr\u00e2ce \u00e0 ses ingr\u00e9dients naturels. Ces propri\u00e9t\u00e9s en font une option tentante pour ceux qui recherchent des solutions de <b>perte de poids<\/b>. Pour tirer le meilleur parti de votre exp\u00e9rience avec ce produit, assurez-vous de l&rsquo;acheter uniquement aupr\u00e8s du <em>fabricant officiel<\/em>.<\/p>\n\n\n<h2 class=\"wp-block-heading\">Keto Core &#8211; Effets secondaires potentiels et contre-indications d&rsquo;utilisation<\/h2>\n\n\n<p>Keto Core, bien que consid\u00e9r\u00e9 comme un suppl\u00e9ment s\u00fbr, peut \u00eatre associ\u00e9 \u00e0 certains effets secondaires. Les utilisateurs ont surtout rapport\u00e9 des probl\u00e8mes d&rsquo;estomac mineurs, qui peuvent \u00eatre le r\u00e9sultat de l&rsquo;adaptation du corps \u00e0 un nouveau mode d&rsquo;alimentation. En outre, dans de rares cas, des r\u00e9actions allergiques aux ingr\u00e9dients de la formule sont possibles. Il est donc recommand\u00e9 aux personnes ayant des ant\u00e9c\u00e9dents d&rsquo;allergies de faire preuve d&rsquo;une grande prudence.<\/p>\n\n\n<p>Un autre aspect important est celui des <b>contre-indications<\/b>. Les personnes souffrant de maladies chroniques, comme le diab\u00e8te, doivent consulter leur m\u00e9decin avant de commencer la suppl\u00e9mentation. L&rsquo;utilisation de Keto Core est \u00e9galement d\u00e9conseill\u00e9e pendant la grossesse et l&rsquo;allaitement, ce qui souligne la n\u00e9cessit\u00e9 de suivre les recommandations de s\u00e9curit\u00e9 pour ce type de suppl\u00e9ment. Il convient de souligner \u00e0 ce stade que tout changement de r\u00e9gime alimentaire, en particulier de r\u00e9gime c\u00e9tog\u00e8ne, doit \u00eatre m\u00fbrement r\u00e9fl\u00e9chi et faire l&rsquo;objet d&rsquo;une consultation aupr\u00e8s d&rsquo;un expert.<\/p>\n\n\n<p>Enfin, il est essentiel d&rsquo;examiner les pr\u00e9parations sur la base d&rsquo;\u00e9tudes cliniques avant de d\u00e9cider d&rsquo;une suppl\u00e9mentation. Le choix des bonnes pr\u00e9parations doit \u00eatre bas\u00e9 sur leur efficacit\u00e9 et pas seulement sur la popularit\u00e9 des avis donn\u00e9s. Lorsque l&rsquo;on prend soin de sa sant\u00e9, il est conseill\u00e9 de choisir des produits qui apportent un soutien solide \u00e0 l&rsquo;organisme dans le processus de perte de poids.<\/p>\n","protected":false},"excerpt":{"rendered":"<p><strong>[date_countdown]<\/strong><\/p>\n<p><img decoding=\"async\" class=\"alignnone  wp-image-8427\" src=\"https:\/\/chirurgie-orthopedie-vannes.fr\/pharmacie\/wp-content\/uploads\/2024\/10\/SAFE-PAY-300x88-1.png\" alt=\"SAFE-PAY-300x88\" width=\"164\" height=\"48\" \/><\/p>\n","protected":false},"featured_media":3953,"comment_status":"open","ping_status":"closed","template":"","meta":{"neve_meta_sidebar":"","neve_meta_container":"","neve_meta_enable_content_width":"","neve_meta_content_width":0,"neve_meta_title_alignment":"","neve_meta_author_avatar":"","neve_post_elements_order":"","neve_meta_disable_header":"","neve_meta_disable_footer":"","neve_meta_disable_title":"","neve_meta_reading_time":""},"product_brand":[],"product_cat":[15],"product_tag":[],"class_list":{"0":"post-4519","1":"product","2":"type-product","3":"status-publish","4":"has-post-thumbnail","6":"product_cat-perte-de-poids","8":"first","9":"instock","10":"sale","11":"shipping-taxable","12":"product-type-external"},"yoast_head":"<!-- This site is optimized with the Yoast SEO plugin v27.4 - https:\/\/yoast.com\/product\/yoast-seo-wordpress\/ -->\n<title>Keto Core - Avis, Forum, Pharmacie, Prix, Effets | -50%<\/title>\n<meta name=\"robots\" content=\"index, follow, max-snippet:-1, max-image-preview:large, max-video-preview:-1\" \/>\n<link rel=\"canonical\" href=\"https:\/\/chirurgie-orthopedie-vannes.fr\/pharmacie\/supp\/keto-core\/\" \/>\n<meta property=\"og:locale\" content=\"fr_FR\" \/>\n<meta property=\"og:type\" content=\"article\" \/>\n<meta property=\"og:title\" content=\"Keto Core - Avis, Forum, Pharmacie, Prix, Effets | -50%\" \/>\n<meta property=\"og:url\" content=\"https:\/\/chirurgie-orthopedie-vannes.fr\/pharmacie\/supp\/keto-core\/\" \/>\n<meta property=\"og:site_name\" content=\"Chirurgie-Orthopedie-Vannes\" \/>\n<meta property=\"article:modified_time\" content=\"2025-01-14T13:28:54+00:00\" \/>\n<meta property=\"og:image\" content=\"https:\/\/chirurgie-orthopedie-vannes.fr\/pharmacie\/wp-content\/uploads\/2024\/10\/KETO-CORE.jpg\" \/>\n\t<meta property=\"og:image:width\" content=\"768\" \/>\n\t<meta property=\"og:image:height\" content=\"768\" \/>\n\t<meta property=\"og:image:type\" content=\"image\/jpeg\" \/>\n<meta name=\"twitter:card\" content=\"summary_large_image\" \/>\n<meta name=\"twitter:description\" content=\"[date_countdown]\" \/>\n<meta name=\"twitter:label1\" content=\"Dur\u00e9e de lecture estim\u00e9e\" \/>\n\t<meta name=\"twitter:data1\" content=\"8 minutes\" \/>\n<script type=\"application\/ld+json\" class=\"yoast-schema-graph\">{\"@context\":\"https:\\\/\\\/schema.org\",\"@graph\":[{\"@type\":\"WebPage\",\"@id\":\"https:\\\/\\\/chirurgie-orthopedie-vannes.fr\\\/pharmacie\\\/supp\\\/keto-core\\\/\",\"url\":\"https:\\\/\\\/chirurgie-orthopedie-vannes.fr\\\/pharmacie\\\/supp\\\/keto-core\\\/\",\"name\":\"Keto Core - Avis, Forum, Pharmacie, Prix, Effets | -50%\",\"isPartOf\":{\"@id\":\"https:\\\/\\\/chirurgie-orthopedie-vannes.fr\\\/pharmacie\\\/#website\"},\"primaryImageOfPage\":{\"@id\":\"https:\\\/\\\/chirurgie-orthopedie-vannes.fr\\\/pharmacie\\\/supp\\\/keto-core\\\/#primaryimage\"},\"image\":{\"@id\":\"https:\\\/\\\/chirurgie-orthopedie-vannes.fr\\\/pharmacie\\\/supp\\\/keto-core\\\/#primaryimage\"},\"thumbnailUrl\":\"https:\\\/\\\/chirurgie-orthopedie-vannes.fr\\\/pharmacie\\\/wp-content\\\/uploads\\\/2024\\\/10\\\/KETO-CORE.jpg\",\"datePublished\":\"2024-10-18T19:46:19+00:00\",\"dateModified\":\"2025-01-14T13:28:54+00:00\",\"breadcrumb\":{\"@id\":\"https:\\\/\\\/chirurgie-orthopedie-vannes.fr\\\/pharmacie\\\/supp\\\/keto-core\\\/#breadcrumb\"},\"inLanguage\":\"fr-FR\",\"potentialAction\":[{\"@type\":\"ReadAction\",\"target\":[\"https:\\\/\\\/chirurgie-orthopedie-vannes.fr\\\/pharmacie\\\/supp\\\/keto-core\\\/\"]}]},{\"@type\":\"ImageObject\",\"inLanguage\":\"fr-FR\",\"@id\":\"https:\\\/\\\/chirurgie-orthopedie-vannes.fr\\\/pharmacie\\\/supp\\\/keto-core\\\/#primaryimage\",\"url\":\"https:\\\/\\\/chirurgie-orthopedie-vannes.fr\\\/pharmacie\\\/wp-content\\\/uploads\\\/2024\\\/10\\\/KETO-CORE.jpg\",\"contentUrl\":\"https:\\\/\\\/chirurgie-orthopedie-vannes.fr\\\/pharmacie\\\/wp-content\\\/uploads\\\/2024\\\/10\\\/KETO-CORE.jpg\",\"width\":768,\"height\":768},{\"@type\":\"BreadcrumbList\",\"@id\":\"https:\\\/\\\/chirurgie-orthopedie-vannes.fr\\\/pharmacie\\\/supp\\\/keto-core\\\/#breadcrumb\",\"itemListElement\":[{\"@type\":\"ListItem\",\"position\":1,\"name\":\"Strona g\u0142\u00f3wna\",\"item\":\"https:\\\/\\\/chirurgie-orthopedie-vannes.fr\\\/pharmacie\\\/\"},{\"@type\":\"ListItem\",\"position\":2,\"name\":\"farmaci\",\"item\":\"https:\\\/\\\/chirurgie-orthopedie-vannes.fr\\\/pharmacie\\\/\"},{\"@type\":\"ListItem\",\"position\":3,\"name\":\"Keto Core\"}]},{\"@type\":\"WebSite\",\"@id\":\"https:\\\/\\\/chirurgie-orthopedie-vannes.fr\\\/pharmacie\\\/#website\",\"url\":\"https:\\\/\\\/chirurgie-orthopedie-vannes.fr\\\/pharmacie\\\/\",\"name\":\"Chirurgie-Orthopedie-Vannes\",\"description\":\"\",\"potentialAction\":[{\"@type\":\"SearchAction\",\"target\":{\"@type\":\"EntryPoint\",\"urlTemplate\":\"https:\\\/\\\/chirurgie-orthopedie-vannes.fr\\\/pharmacie\\\/?s={search_term_string}\"},\"query-input\":{\"@type\":\"PropertyValueSpecification\",\"valueRequired\":true,\"valueName\":\"search_term_string\"}}],\"inLanguage\":\"fr-FR\"}]}<\/script>\n<!-- \/ Yoast SEO plugin. -->","yoast_head_json":{"title":"Keto Core - Avis, Forum, Pharmacie, Prix, Effets | -50%","robots":{"index":"index","follow":"follow","max-snippet":"max-snippet:-1","max-image-preview":"max-image-preview:large","max-video-preview":"max-video-preview:-1"},"canonical":"https:\/\/chirurgie-orthopedie-vannes.fr\/pharmacie\/supp\/keto-core\/","og_locale":"fr_FR","og_type":"article","og_title":"Keto Core - Avis, Forum, Pharmacie, Prix, Effets | -50%","og_url":"https:\/\/chirurgie-orthopedie-vannes.fr\/pharmacie\/supp\/keto-core\/","og_site_name":"Chirurgie-Orthopedie-Vannes","article_modified_time":"2025-01-14T13:28:54+00:00","og_image":[{"width":768,"height":768,"url":"https:\/\/chirurgie-orthopedie-vannes.fr\/pharmacie\/wp-content\/uploads\/2024\/10\/KETO-CORE.jpg","type":"image\/jpeg"}],"twitter_card":"summary_large_image","twitter_description":"[date_countdown]","twitter_misc":{"Dur\u00e9e de lecture estim\u00e9e":"8 minutes"},"schema":{"@context":"https:\/\/schema.org","@graph":[{"@type":"WebPage","@id":"https:\/\/chirurgie-orthopedie-vannes.fr\/pharmacie\/supp\/keto-core\/","url":"https:\/\/chirurgie-orthopedie-vannes.fr\/pharmacie\/supp\/keto-core\/","name":"Keto Core - Avis, Forum, Pharmacie, Prix, Effets | -50%","isPartOf":{"@id":"https:\/\/chirurgie-orthopedie-vannes.fr\/pharmacie\/#website"},"primaryImageOfPage":{"@id":"https:\/\/chirurgie-orthopedie-vannes.fr\/pharmacie\/supp\/keto-core\/#primaryimage"},"image":{"@id":"https:\/\/chirurgie-orthopedie-vannes.fr\/pharmacie\/supp\/keto-core\/#primaryimage"},"thumbnailUrl":"https:\/\/chirurgie-orthopedie-vannes.fr\/pharmacie\/wp-content\/uploads\/2024\/10\/KETO-CORE.jpg","datePublished":"2024-10-18T19:46:19+00:00","dateModified":"2025-01-14T13:28:54+00:00","breadcrumb":{"@id":"https:\/\/chirurgie-orthopedie-vannes.fr\/pharmacie\/supp\/keto-core\/#breadcrumb"},"inLanguage":"fr-FR","potentialAction":[{"@type":"ReadAction","target":["https:\/\/chirurgie-orthopedie-vannes.fr\/pharmacie\/supp\/keto-core\/"]}]},{"@type":"ImageObject","inLanguage":"fr-FR","@id":"https:\/\/chirurgie-orthopedie-vannes.fr\/pharmacie\/supp\/keto-core\/#primaryimage","url":"https:\/\/chirurgie-orthopedie-vannes.fr\/pharmacie\/wp-content\/uploads\/2024\/10\/KETO-CORE.jpg","contentUrl":"https:\/\/chirurgie-orthopedie-vannes.fr\/pharmacie\/wp-content\/uploads\/2024\/10\/KETO-CORE.jpg","width":768,"height":768},{"@type":"BreadcrumbList","@id":"https:\/\/chirurgie-orthopedie-vannes.fr\/pharmacie\/supp\/keto-core\/#breadcrumb","itemListElement":[{"@type":"ListItem","position":1,"name":"Strona g\u0142\u00f3wna","item":"https:\/\/chirurgie-orthopedie-vannes.fr\/pharmacie\/"},{"@type":"ListItem","position":2,"name":"farmaci","item":"https:\/\/chirurgie-orthopedie-vannes.fr\/pharmacie\/"},{"@type":"ListItem","position":3,"name":"Keto Core"}]},{"@type":"WebSite","@id":"https:\/\/chirurgie-orthopedie-vannes.fr\/pharmacie\/#website","url":"https:\/\/chirurgie-orthopedie-vannes.fr\/pharmacie\/","name":"Chirurgie-Orthopedie-Vannes","description":"","potentialAction":[{"@type":"SearchAction","target":{"@type":"EntryPoint","urlTemplate":"https:\/\/chirurgie-orthopedie-vannes.fr\/pharmacie\/?s={search_term_string}"},"query-input":{"@type":"PropertyValueSpecification","valueRequired":true,"valueName":"search_term_string"}}],"inLanguage":"fr-FR"}]}},"_links":{"self":[{"href":"https:\/\/chirurgie-orthopedie-vannes.fr\/pharmacie\/wp-json\/wp\/v2\/product\/4519","targetHints":{"allow":["GET"]}}],"collection":[{"href":"https:\/\/chirurgie-orthopedie-vannes.fr\/pharmacie\/wp-json\/wp\/v2\/product"}],"about":[{"href":"https:\/\/chirurgie-orthopedie-vannes.fr\/pharmacie\/wp-json\/wp\/v2\/types\/product"}],"replies":[{"embeddable":true,"href":"https:\/\/chirurgie-orthopedie-vannes.fr\/pharmacie\/wp-json\/wp\/v2\/comments?post=4519"}],"wp:featuredmedia":[{"embeddable":true,"href":"https:\/\/chirurgie-orthopedie-vannes.fr\/pharmacie\/wp-json\/wp\/v2\/media\/3953"}],"wp:attachment":[{"href":"https:\/\/chirurgie-orthopedie-vannes.fr\/pharmacie\/wp-json\/wp\/v2\/media?parent=4519"}],"wp:term":[{"taxonomy":"product_brand","embeddable":true,"href":"https:\/\/chirurgie-orthopedie-vannes.fr\/pharmacie\/wp-json\/wp\/v2\/product_brand?post=4519"},{"taxonomy":"product_cat","embeddable":true,"href":"https:\/\/chirurgie-orthopedie-vannes.fr\/pharmacie\/wp-json\/wp\/v2\/product_cat?post=4519"},{"taxonomy":"product_tag","embeddable":true,"href":"https:\/\/chirurgie-orthopedie-vannes.fr\/pharmacie\/wp-json\/wp\/v2\/product_tag?post=4519"}],"curies":[{"name":"wp","href":"https:\/\/api.w.org\/{rel}","templated":true}]}}