{"id":4539,"date":"2024-10-18T19:46:25","date_gmt":"2024-10-18T19:46:25","guid":{"rendered":"https:\/\/chirurgie-orthopedie-vannes.fr\/pharmacie\/?post_type=product&#038;p=4539"},"modified":"2025-01-14T13:29:08","modified_gmt":"2025-01-14T13:29:08","slug":"collagen-select","status":"publish","type":"product","link":"https:\/\/chirurgie-orthopedie-vannes.fr\/pharmacie\/supp\/collagen-select\/","title":{"rendered":"Collagen Select"},"content":{"rendered":"<h2 class=\"wp-block-heading\">Qu&rsquo;est-ce que Collagen Select et comment fonctionne-t-il ?<\/h2>\n\n\n<p>Collagen Select est un compl\u00e9ment alimentaire unique, qui se distingue par sa teneur en hydrocollag\u00e8ne VERISOL\u00ae. L&rsquo;<em>action de Collagen Select<\/em> est de soutenir la production naturelle de collag\u00e8ne par l&rsquo;organisme, ce qui est essentiel pour maintenir l&rsquo;\u00e9lasticit\u00e9 et la fermet\u00e9 de la peau. Le compl\u00e9ment fournit des nutriments qui stimulent la r\u00e9g\u00e9n\u00e9ration cellulaire, am\u00e9liorant ainsi l&rsquo;aspect g\u00e9n\u00e9ral de la peau.<\/p>\n\n\n<p>Les <b>propri\u00e9t\u00e9s de<\/b> Collagen Select comprennent l&rsquo;am\u00e9lioration de l&rsquo;hydratation et de la vitalit\u00e9 de la peau. L&rsquo;<b>utilisation<\/b> r\u00e9guli\u00e8re <b>de<\/b> ce produit peut conduire \u00e0 un lissage significatif des rides et \u00e0 une augmentation de la densit\u00e9 de la peau. Des <b>ingr\u00e9dients<\/b> cl\u00e9s tels que la biotine, les vitamines A, C et E et des min\u00e9raux tels que le zinc et le cuivre soutiennent l&rsquo;\u00e9tat de la peau et sont b\u00e9n\u00e9fiques pour la sant\u00e9 de la peau.<\/p>\n\n\n<p>Il convient \u00e9galement de noter que Collagen Select contient de l&rsquo;extrait d&rsquo;abeille moldave DracoBelle, qui se caract\u00e9rise par ses <em>propri\u00e9t\u00e9s<\/em> antioxydantes et anti-inflammatoires. Par cons\u00e9quent, le compl\u00e9ment n&rsquo;acc\u00e9l\u00e8re pas seulement la r\u00e9g\u00e9n\u00e9ration, mais prot\u00e8ge \u00e9galement la peau des dommages caus\u00e9s par les radicaux libres.<\/p>\n\n\n<p>Collagen Select est un produit particuli\u00e8rement recommand\u00e9 pour les personnes qui souhaitent conserver une peau jeune et r\u00e9duire l&rsquo;apparence des rides. <em>Les actions de Collagen Select<\/em> int\u00e8grent des soins de sant\u00e9 et de beaut\u00e9 complets, ce qui en fait un choix id\u00e9al pour les femmes de tous \u00e2ges.<\/p>\n\n\n<h2 class=\"wp-block-heading\">Collagen Select &#8211; effets<\/h2>\n\n\n<p><b>L&rsquo;utilisation de<\/b> Collagen Select produit des <b>r\u00e9sultats<\/b> visibles, qui sont effectivement document\u00e9s par des \u00e9tudes. <b>Les r\u00e9sultats de l&rsquo;utilisation<\/b> ne concernent pas seulement l&rsquo;am\u00e9lioration de l&rsquo;\u00e9lasticit\u00e9 de la peau, mais aussi la r\u00e9duction de l&rsquo;apparence des rides. Les <b>utilisateurs<\/b> remarquent les premi\u00e8res am\u00e9liorations apr\u00e8s 4 \u00e0 8 semaines d&rsquo;utilisation r\u00e9guli\u00e8re du compl\u00e9ment.<\/p>\n\n\n<p>Outre l&rsquo;am\u00e9lioration de l&rsquo;\u00e9tat de la peau, Collagen Select contribue \u00e9galement \u00e0 la sant\u00e9 des cheveux et des ongles. Une am\u00e9lioration de leur \u00e9tat et une r\u00e9duction de leur fragilit\u00e9 sont des avantages suppl\u00e9mentaires d&rsquo;une utilisation r\u00e9guli\u00e8re. Les <b>am\u00e9liorations<\/b> significatives <b>de la peau<\/b> sont associ\u00e9es \u00e0 une meilleure hydratation, ce qui conduit \u00e0 une apparence saine et radieuse.<\/p>\n\n\n\n<ul class=\"wp-block-list\">\n<li><b>R\u00e9duction des rides<\/b> &#8211; les <b>utilisateurs<\/b> remarquent des changements visibles dans l&rsquo;apparence des rides.<\/li>\n\n\n\n<li>Augmentation de l&rsquo;\u00e9lasticit\u00e9 de la peau &#8211; des \u00e9tudes montrent une am\u00e9lioration de l&rsquo;\u00e9lasticit\u00e9 pouvant aller jusqu&rsquo;\u00e0 18 %.<\/li>\n\n\n\n<li>Renforcement des cheveux et des ongles &#8211; acc\u00e9l\u00e9ration de la croissance et r\u00e9duction de la fragilit\u00e9.<\/li>\n\n\n\n<li>Am\u00e9lioration de l&rsquo;hydratation &#8211; la peau devient plus douce et plus lisse.<\/li>\n<\/ul>\n\n\n<p>Tous ces <b>effets<\/b> font de Collagen Select un choix int\u00e9ressant pour les personnes qui veulent garder une peau saine et une apparence jeune.<\/p>\n\n\n<h2 class=\"wp-block-heading\">Comment utiliser Collagen Select ? &#8211; Dosage et recommandations<\/h2>\n\n\n<p>Collagen Select est un compl\u00e9ment efficace qui n\u00e9cessite le respect de <em>dosages<\/em> et de <em>recommandations<\/em> sp\u00e9cifiques <em>pour des<\/em> r\u00e9sultats optimaux. Le fabricant recommande de consommer une portion par jour, ce qui est essentiel pour obtenir des r\u00e9sultats notables. Il est pr\u00e9f\u00e9rable de le prendre avant les repas pour maximiser l&rsquo;absorption des ingr\u00e9dients actifs, tels que le <b>collag\u00e8ne<\/b> hydrolys\u00e9 VERISOL\u00ae et l&rsquo;extrait de DracoBelle\u2122 Nu.<\/p>\n\n\n<p>Une <em>utilisation<\/em> r\u00e9guli\u00e8re du produit pendant au moins quatre semaines est n\u00e9cessaire pour observer des effets positifs. En outre, un mode de vie sain et une alimentation \u00e9quilibr\u00e9e contribuent \u00e0 l&rsquo;obtention de meilleurs r\u00e9sultats. Collagen Select doit \u00eatre consomm\u00e9 avec mod\u00e9ration, comme le recommande le fabricant. Par ailleurs, il convient de noter que le produit n&rsquo;est pas disponible dans les pharmacies stationnaires et qu&rsquo;il ne peut \u00eatre achet\u00e9 que sur le site officiel du fabricant.<\/p>\n\n\n<h2 class=\"wp-block-heading\">Exp\u00e9riences et commentaires des utilisateurs de Collagen Select &#8211; quels sont les commentaires ?<\/h2>\n\n\n<p>Collagen Select gagne en popularit\u00e9 aupr\u00e8s des femmes soucieuses de leur beaut\u00e9 et de leur sant\u00e9. <b>Les utilisatrices<\/b> partagent souvent leurs <em>exp\u00e9riences<\/em> et leurs <em>commentaires<\/em> positifs sur les effets de ce compl\u00e9ment. Voici trois <b>avis<\/b> d\u00e9taill\u00e9s qui illustrent la satisfaction des femmes utilisant Collagen Select :<\/p>\n\n\n\n<ol class=\"wp-block-list\">\n<li><blockquote><p><em>Kasia<\/em>: \u00ab\u00a0Apr\u00e8s 6 semaines d&rsquo;utilisation de Collagen Select, j&rsquo;ai remarqu\u00e9 que mes rides \u00e9taient moins visibles et que ma peau paraissait plus jeune. Le tonique \u00e9tait tr\u00e8s savoureux et facile \u00e0 pr\u00e9parer. Les attentes \u00e9taient \u00e9lev\u00e9es, mais les r\u00e9sultats ont d\u00e9pass\u00e9 mes esp\u00e9rances !\u00a0\u00bb<\/p><\/blockquote><\/li>\n\n\n\n<li><blockquote><p><em>Marta<\/em>: \u00ab\u00a0Gr\u00e2ce \u00e0 Collagen Select, ma peau est devenue plus souple et plus hydrat\u00e9e. Me regarder dans le miroir tous les jours est devenu un plaisir. Les frustrations li\u00e9es \u00e0 la s\u00e9cheresse de la peau appartiennent au pass\u00e9 ! Je sais que c&rsquo;est gr\u00e2ce \u00e0 ce compl\u00e9ment.\u00a0\u00bb<\/p><\/blockquote><\/li>\n\n\n\n<li><blockquote><p><em>Ania<\/em>: \u00ab\u00a0J&rsquo;avais beaucoup de doutes sur les compl\u00e9ments alimentaires, mais <b>les effets de Collagen Select<\/b> m&rsquo;ont surprise. Mes cheveux sont devenus plus forts et mes ongles ne se cassent plus comme avant. Je le recommande \u00e0 tout le monde ! \u00c7a marche vraiment !\u00a0\u00bb<\/p><\/blockquote><\/li>\n<\/ol>\n\n\n<p>Ces <em>avis<\/em> montrent l&rsquo;impact de Collagen Select sur la vie quotidienne des utilisateurs. L&rsquo;am\u00e9lioration de l&rsquo;apparence de la peau, des cheveux et des ongles confirme qu&rsquo;il vaut la peine d&rsquo;investir dans un tel produit. De telles <em>exp\u00e9riences<\/em> constituent une ressource pr\u00e9cieuse pour quiconque envisage de l&rsquo;utiliser.<\/p>\n\n\n<h2 class=\"wp-block-heading\">Collagen Select &#8211; Composition &#8211; Que contient-il ?<\/h2>\n\n\n<p>Collagen Select est un compl\u00e9ment efficace qui contient un m\u00e9lange d&rsquo;ingr\u00e9dients actifs soigneusement s\u00e9lectionn\u00e9s. Sa<b>\u00ab\u00a0composition<\/b>\u00a0\u00bb comprend avant tout l&rsquo;hydrolysat de collag\u00e8ne VERISOL\u00ae, qui pr\u00e9sente des <b>propri\u00e9t\u00e9s<\/b> r\u00e9g\u00e9n\u00e9ratrices exceptionnelles pour la peau. En outre, la vitamine C et l&rsquo;acide hyaluronique, qui favorisent la synth\u00e8se du collag\u00e8ne et hydratent la peau en profondeur, sont des <b>ingr\u00e9dients<\/b> importants.<\/p>\n\n\n<p>La formule de ce suppl\u00e9ment a \u00e9t\u00e9 enrichie avec d&rsquo;autres<b>ingr\u00e9dients<\/b> principaux, tels que<\/p>\n\n\n\n<ul class=\"wp-block-list\">\n<li><em>Extrait d&rsquo;apiculteur moldave<\/em> &#8211; am\u00e9liore l&rsquo;\u00e9tat de la peau ;<\/li>\n\n\n\n<li><em>Zinc et cuivre<\/em> &#8211; favorisent l&rsquo;aspect sain des cheveux et des ongles ;<\/li>\n\n\n\n<li><em>Peptides de collag\u00e8ne<\/em> &#8211; augmentent l&rsquo;\u00e9lasticit\u00e9 de la peau ;<\/li>\n\n\n\n<li><em>Vitamines A, E, B3 et B5<\/em> &#8211; r\u00e9duisent les signes de vieillissement.<\/li>\n<\/ul>\n\n\n<p>L&rsquo;utilisation r\u00e9guli\u00e8re de Collagen Select contribue non seulement \u00e0 une am\u00e9lioration visible de la fermet\u00e9 et de la douceur de la peau, mais favorise \u00e9galement l&rsquo;\u00e9tat g\u00e9n\u00e9ral des cheveux et des ongles. Les ingr\u00e9dients cl\u00e9s agissent en synergie pour apporter un soutien complet \u00e0 la beaut\u00e9 et \u00e0 la sant\u00e9.<\/p>\n\n\n<p>Collagen Select est le choix id\u00e9al pour ceux qui recherchent un soutien complet pour la peau, les cheveux et les ongles, et sa<b>formulation<\/b> unique rend les effets perceptibles apr\u00e8s une courte p\u00e9riode d&rsquo;utilisation.<\/p>\n\n\n<h2 class=\"wp-block-heading\">O\u00f9 acheter et combien co\u00fbte Collagen Select &#8211; prix<\/h2>\n\n\n<p>Collagen Select est disponible exclusivement sur <em>le site officiel du fabricant<\/em>. L&rsquo;achat direct aupr\u00e8s du fabricant permet de s&rsquo;assurer de l&rsquo;originalit\u00e9 du produit et d&rsquo;acc\u00e9der \u00e0 des <em>promotions<\/em> int\u00e9ressantes, qui peuvent avoir une incidence significative sur le co\u00fbt d&rsquo;achat. Les prix peuvent varier en fonction des offres en cours.<\/p>\n\n\n<p>Il convient de noter que ce produit n&rsquo;est pas disponible dans les pharmacies stationnaires, ce qui fait de l&rsquo;achat en ligne la seule option possible. Le fabricant propose souvent des remises et des <b>promotions<\/b> sp\u00e9ciales, ce qui rend l&rsquo;achat de ce compl\u00e9ment encore plus int\u00e9ressant.<\/p>\n\n\n<p>Suivre r\u00e9guli\u00e8rement l&rsquo;actualit\u00e9 du site du fabricant permet de profiter des <em>promotions<\/em> en cours et d&rsquo;obtenir les meilleurs prix. Acheter sur le site officiel vous garantit \u00e9galement d&rsquo;\u00e9viter le risque d&rsquo;acheter des contrefa\u00e7ons, ce qui est extr\u00eamement important lorsqu&rsquo;il s&rsquo;agit de compl\u00e9ments alimentaires.<\/p>\n\n\n<h2 class=\"wp-block-heading\">Collagen Select &#8211; Effets secondaires et contre-indications &#8211; S\u00e9curit\u00e9 d&#8217;emploi<\/h2>\n\n\n<p>Collagen Select est g\u00e9n\u00e9ralement consid\u00e9r\u00e9 comme un compl\u00e9ment alimentaire s\u00fbr. Cependant, comme tout produit, il peut provoquer des <b>effets secondaires<\/b> chez certaines personnes. Les r\u00e9actions les plus fr\u00e9quemment signal\u00e9es sont des allergies, en particulier chez les personnes sensibles aux ingr\u00e9dients d\u00e9riv\u00e9s du poisson. Il est donc conseill\u00e9 de consulter un m\u00e9decin avant de commencer la suppl\u00e9mentation, en particulier pour les femmes enceintes ou allaitantes et les personnes \u00e2g\u00e9es de moins de dix-huit ans.<\/p>\n\n\n<p>Il convient \u00e9galement de noter <b>les contre-indications<\/b> associ\u00e9es aux personnes allergiques \u00e0 l&rsquo;un des ingr\u00e9dients contenus dans la pr\u00e9paration. La prudence et une approche consciente de l&rsquo;utilisation de Collagen Select ont un impact positif significatif sur la <b>s\u00e9curit\u00e9 d&rsquo;<\/b> utilisation et peuvent minimiser le risque d&rsquo;effets secondaires.<\/p>\n\n\n<p>En r\u00e9sum\u00e9, un suivi r\u00e9gulier de la r\u00e9ponse de l&rsquo;organisme au suppl\u00e9ment et le respect de la dose recommand\u00e9e (une cuill\u00e8re par jour) sont essentiels pour obtenir les effets positifs associ\u00e9s \u00e0 l&rsquo;am\u00e9lioration de la peau. Cette approche de l&rsquo;utilisation de Collagen Select peut contribuer \u00e0 l&rsquo;obtention de b\u00e9n\u00e9fices durables sans risques inutiles.<\/p>\n","protected":false},"excerpt":{"rendered":"<p><strong>[date_countdown]<\/strong><\/p>\n<p><img decoding=\"async\" class=\"alignnone  wp-image-8427\" src=\"https:\/\/chirurgie-orthopedie-vannes.fr\/pharmacie\/wp-content\/uploads\/2024\/10\/SAFE-PAY-300x88-1.png\" alt=\"SAFE-PAY-300x88\" width=\"164\" height=\"48\" \/><\/p>\n","protected":false},"featured_media":4567,"comment_status":"open","ping_status":"closed","template":"","meta":{"neve_meta_sidebar":"","neve_meta_container":"","neve_meta_enable_content_width":"","neve_meta_content_width":0,"neve_meta_title_alignment":"","neve_meta_author_avatar":"","neve_post_elements_order":"","neve_meta_disable_header":"","neve_meta_disable_footer":"","neve_meta_disable_title":"","neve_meta_reading_time":""},"product_brand":[],"product_cat":[17],"product_tag":[],"class_list":{"0":"post-4539","1":"product","2":"type-product","3":"status-publish","4":"has-post-thumbnail","6":"product_cat-beaute","8":"first","9":"instock","10":"sale","11":"shipping-taxable","12":"product-type-external"},"yoast_head":"<!-- This site is optimized with the Yoast SEO plugin v27.4 - https:\/\/yoast.com\/product\/yoast-seo-wordpress\/ -->\n<title>Collagen Select - Avis, Forum, Pharmacie, Prix, Effets | -50%<\/title>\n<meta name=\"robots\" content=\"index, follow, max-snippet:-1, max-image-preview:large, max-video-preview:-1\" \/>\n<link rel=\"canonical\" href=\"https:\/\/chirurgie-orthopedie-vannes.fr\/pharmacie\/supp\/collagen-select\/\" \/>\n<meta property=\"og:locale\" content=\"fr_FR\" \/>\n<meta property=\"og:type\" content=\"article\" \/>\n<meta property=\"og:title\" content=\"Collagen Select - Avis, Forum, Pharmacie, Prix, Effets | -50%\" \/>\n<meta property=\"og:url\" content=\"https:\/\/chirurgie-orthopedie-vannes.fr\/pharmacie\/supp\/collagen-select\/\" \/>\n<meta property=\"og:site_name\" content=\"Chirurgie-Orthopedie-Vannes\" \/>\n<meta property=\"article:modified_time\" content=\"2025-01-14T13:29:08+00:00\" \/>\n<meta property=\"og:image\" content=\"https:\/\/chirurgie-orthopedie-vannes.fr\/pharmacie\/wp-content\/uploads\/2024\/10\/Collagen-Select.jpg\" \/>\n\t<meta property=\"og:image:width\" content=\"768\" \/>\n\t<meta property=\"og:image:height\" content=\"768\" \/>\n\t<meta property=\"og:image:type\" content=\"image\/jpeg\" \/>\n<meta name=\"twitter:card\" content=\"summary_large_image\" \/>\n<meta name=\"twitter:description\" content=\"[date_countdown]\" \/>\n<script type=\"application\/ld+json\" class=\"yoast-schema-graph\">{\"@context\":\"https:\\\/\\\/schema.org\",\"@graph\":[{\"@type\":\"WebPage\",\"@id\":\"https:\\\/\\\/chirurgie-orthopedie-vannes.fr\\\/pharmacie\\\/supp\\\/collagen-select\\\/\",\"url\":\"https:\\\/\\\/chirurgie-orthopedie-vannes.fr\\\/pharmacie\\\/supp\\\/collagen-select\\\/\",\"name\":\"Collagen Select - Avis, Forum, Pharmacie, Prix, Effets | -50%\",\"isPartOf\":{\"@id\":\"https:\\\/\\\/chirurgie-orthopedie-vannes.fr\\\/pharmacie\\\/#website\"},\"primaryImageOfPage\":{\"@id\":\"https:\\\/\\\/chirurgie-orthopedie-vannes.fr\\\/pharmacie\\\/supp\\\/collagen-select\\\/#primaryimage\"},\"image\":{\"@id\":\"https:\\\/\\\/chirurgie-orthopedie-vannes.fr\\\/pharmacie\\\/supp\\\/collagen-select\\\/#primaryimage\"},\"thumbnailUrl\":\"https:\\\/\\\/chirurgie-orthopedie-vannes.fr\\\/pharmacie\\\/wp-content\\\/uploads\\\/2024\\\/10\\\/Collagen-Select.jpg\",\"datePublished\":\"2024-10-18T19:46:25+00:00\",\"dateModified\":\"2025-01-14T13:29:08+00:00\",\"breadcrumb\":{\"@id\":\"https:\\\/\\\/chirurgie-orthopedie-vannes.fr\\\/pharmacie\\\/supp\\\/collagen-select\\\/#breadcrumb\"},\"inLanguage\":\"fr-FR\",\"potentialAction\":[{\"@type\":\"ReadAction\",\"target\":[\"https:\\\/\\\/chirurgie-orthopedie-vannes.fr\\\/pharmacie\\\/supp\\\/collagen-select\\\/\"]}]},{\"@type\":\"ImageObject\",\"inLanguage\":\"fr-FR\",\"@id\":\"https:\\\/\\\/chirurgie-orthopedie-vannes.fr\\\/pharmacie\\\/supp\\\/collagen-select\\\/#primaryimage\",\"url\":\"https:\\\/\\\/chirurgie-orthopedie-vannes.fr\\\/pharmacie\\\/wp-content\\\/uploads\\\/2024\\\/10\\\/Collagen-Select.jpg\",\"contentUrl\":\"https:\\\/\\\/chirurgie-orthopedie-vannes.fr\\\/pharmacie\\\/wp-content\\\/uploads\\\/2024\\\/10\\\/Collagen-Select.jpg\",\"width\":768,\"height\":768},{\"@type\":\"BreadcrumbList\",\"@id\":\"https:\\\/\\\/chirurgie-orthopedie-vannes.fr\\\/pharmacie\\\/supp\\\/collagen-select\\\/#breadcrumb\",\"itemListElement\":[{\"@type\":\"ListItem\",\"position\":1,\"name\":\"Strona g\u0142\u00f3wna\",\"item\":\"https:\\\/\\\/chirurgie-orthopedie-vannes.fr\\\/pharmacie\\\/\"},{\"@type\":\"ListItem\",\"position\":2,\"name\":\"farmaci\",\"item\":\"https:\\\/\\\/chirurgie-orthopedie-vannes.fr\\\/pharmacie\\\/\"},{\"@type\":\"ListItem\",\"position\":3,\"name\":\"Collagen Select\"}]},{\"@type\":\"WebSite\",\"@id\":\"https:\\\/\\\/chirurgie-orthopedie-vannes.fr\\\/pharmacie\\\/#website\",\"url\":\"https:\\\/\\\/chirurgie-orthopedie-vannes.fr\\\/pharmacie\\\/\",\"name\":\"Chirurgie-Orthopedie-Vannes\",\"description\":\"\",\"potentialAction\":[{\"@type\":\"SearchAction\",\"target\":{\"@type\":\"EntryPoint\",\"urlTemplate\":\"https:\\\/\\\/chirurgie-orthopedie-vannes.fr\\\/pharmacie\\\/?s={search_term_string}\"},\"query-input\":{\"@type\":\"PropertyValueSpecification\",\"valueRequired\":true,\"valueName\":\"search_term_string\"}}],\"inLanguage\":\"fr-FR\"}]}<\/script>\n<!-- \/ Yoast SEO plugin. -->","yoast_head_json":{"title":"Collagen Select - Avis, Forum, Pharmacie, Prix, Effets | -50%","robots":{"index":"index","follow":"follow","max-snippet":"max-snippet:-1","max-image-preview":"max-image-preview:large","max-video-preview":"max-video-preview:-1"},"canonical":"https:\/\/chirurgie-orthopedie-vannes.fr\/pharmacie\/supp\/collagen-select\/","og_locale":"fr_FR","og_type":"article","og_title":"Collagen Select - Avis, Forum, Pharmacie, Prix, Effets | -50%","og_url":"https:\/\/chirurgie-orthopedie-vannes.fr\/pharmacie\/supp\/collagen-select\/","og_site_name":"Chirurgie-Orthopedie-Vannes","article_modified_time":"2025-01-14T13:29:08+00:00","og_image":[{"width":768,"height":768,"url":"https:\/\/chirurgie-orthopedie-vannes.fr\/pharmacie\/wp-content\/uploads\/2024\/10\/Collagen-Select.jpg","type":"image\/jpeg"}],"twitter_card":"summary_large_image","twitter_description":"[date_countdown]","schema":{"@context":"https:\/\/schema.org","@graph":[{"@type":"WebPage","@id":"https:\/\/chirurgie-orthopedie-vannes.fr\/pharmacie\/supp\/collagen-select\/","url":"https:\/\/chirurgie-orthopedie-vannes.fr\/pharmacie\/supp\/collagen-select\/","name":"Collagen Select - Avis, Forum, Pharmacie, Prix, Effets | -50%","isPartOf":{"@id":"https:\/\/chirurgie-orthopedie-vannes.fr\/pharmacie\/#website"},"primaryImageOfPage":{"@id":"https:\/\/chirurgie-orthopedie-vannes.fr\/pharmacie\/supp\/collagen-select\/#primaryimage"},"image":{"@id":"https:\/\/chirurgie-orthopedie-vannes.fr\/pharmacie\/supp\/collagen-select\/#primaryimage"},"thumbnailUrl":"https:\/\/chirurgie-orthopedie-vannes.fr\/pharmacie\/wp-content\/uploads\/2024\/10\/Collagen-Select.jpg","datePublished":"2024-10-18T19:46:25+00:00","dateModified":"2025-01-14T13:29:08+00:00","breadcrumb":{"@id":"https:\/\/chirurgie-orthopedie-vannes.fr\/pharmacie\/supp\/collagen-select\/#breadcrumb"},"inLanguage":"fr-FR","potentialAction":[{"@type":"ReadAction","target":["https:\/\/chirurgie-orthopedie-vannes.fr\/pharmacie\/supp\/collagen-select\/"]}]},{"@type":"ImageObject","inLanguage":"fr-FR","@id":"https:\/\/chirurgie-orthopedie-vannes.fr\/pharmacie\/supp\/collagen-select\/#primaryimage","url":"https:\/\/chirurgie-orthopedie-vannes.fr\/pharmacie\/wp-content\/uploads\/2024\/10\/Collagen-Select.jpg","contentUrl":"https:\/\/chirurgie-orthopedie-vannes.fr\/pharmacie\/wp-content\/uploads\/2024\/10\/Collagen-Select.jpg","width":768,"height":768},{"@type":"BreadcrumbList","@id":"https:\/\/chirurgie-orthopedie-vannes.fr\/pharmacie\/supp\/collagen-select\/#breadcrumb","itemListElement":[{"@type":"ListItem","position":1,"name":"Strona g\u0142\u00f3wna","item":"https:\/\/chirurgie-orthopedie-vannes.fr\/pharmacie\/"},{"@type":"ListItem","position":2,"name":"farmaci","item":"https:\/\/chirurgie-orthopedie-vannes.fr\/pharmacie\/"},{"@type":"ListItem","position":3,"name":"Collagen Select"}]},{"@type":"WebSite","@id":"https:\/\/chirurgie-orthopedie-vannes.fr\/pharmacie\/#website","url":"https:\/\/chirurgie-orthopedie-vannes.fr\/pharmacie\/","name":"Chirurgie-Orthopedie-Vannes","description":"","potentialAction":[{"@type":"SearchAction","target":{"@type":"EntryPoint","urlTemplate":"https:\/\/chirurgie-orthopedie-vannes.fr\/pharmacie\/?s={search_term_string}"},"query-input":{"@type":"PropertyValueSpecification","valueRequired":true,"valueName":"search_term_string"}}],"inLanguage":"fr-FR"}]}},"_links":{"self":[{"href":"https:\/\/chirurgie-orthopedie-vannes.fr\/pharmacie\/wp-json\/wp\/v2\/product\/4539","targetHints":{"allow":["GET"]}}],"collection":[{"href":"https:\/\/chirurgie-orthopedie-vannes.fr\/pharmacie\/wp-json\/wp\/v2\/product"}],"about":[{"href":"https:\/\/chirurgie-orthopedie-vannes.fr\/pharmacie\/wp-json\/wp\/v2\/types\/product"}],"replies":[{"embeddable":true,"href":"https:\/\/chirurgie-orthopedie-vannes.fr\/pharmacie\/wp-json\/wp\/v2\/comments?post=4539"}],"wp:featuredmedia":[{"embeddable":true,"href":"https:\/\/chirurgie-orthopedie-vannes.fr\/pharmacie\/wp-json\/wp\/v2\/media\/4567"}],"wp:attachment":[{"href":"https:\/\/chirurgie-orthopedie-vannes.fr\/pharmacie\/wp-json\/wp\/v2\/media?parent=4539"}],"wp:term":[{"taxonomy":"product_brand","embeddable":true,"href":"https:\/\/chirurgie-orthopedie-vannes.fr\/pharmacie\/wp-json\/wp\/v2\/product_brand?post=4539"},{"taxonomy":"product_cat","embeddable":true,"href":"https:\/\/chirurgie-orthopedie-vannes.fr\/pharmacie\/wp-json\/wp\/v2\/product_cat?post=4539"},{"taxonomy":"product_tag","embeddable":true,"href":"https:\/\/chirurgie-orthopedie-vannes.fr\/pharmacie\/wp-json\/wp\/v2\/product_tag?post=4539"}],"curies":[{"name":"wp","href":"https:\/\/api.w.org\/{rel}","templated":true}]}}