{"id":4561,"date":"2024-10-18T19:46:26","date_gmt":"2024-10-18T19:46:26","guid":{"rendered":"https:\/\/chirurgie-orthopedie-vannes.fr\/pharmacie\/?post_type=product&#038;p=4561"},"modified":"2025-01-14T13:29:29","modified_gmt":"2025-01-14T13:29:29","slug":"mass-extreme","status":"publish","type":"product","link":"https:\/\/chirurgie-orthopedie-vannes.fr\/pharmacie\/supp\/mass-extreme\/","title":{"rendered":"Mass Extreme"},"content":{"rendered":"\n<h2 class=\"wp-block-heading\">Qu&rsquo;est-ce que Mass Extreme et comment fonctionne-t-il ?<\/h2>\n\n\n\n<p>Mass Extreme est un <b>compl\u00e9ment alimentaire<\/b> innovant qui favorise la <em>prise de masse musculaire<\/em>. Gr\u00e2ce \u00e0 des ingr\u00e9dients soigneusement s\u00e9lectionn\u00e9s, il augmente la <em>production d&rsquo;hormone de croissance<\/em> (HGH), qui joue un r\u00f4le crucial dans le processus de d\u00e9veloppement de la force et de la musculature. <b>L&rsquo;action du compl\u00e9ment<\/b> se concentre \u00e9galement sur l&rsquo;am\u00e9lioration de la s\u00e9cr\u00e9tion de <em>testost\u00e9rone<\/em>, qui contribue \u00e0 l&rsquo;intensification des processus anaboliques dans l&rsquo;organisme.<\/p>\n\n\n\n<p>Le compl\u00e9ment stimule \u00e9galement le m\u00e9tabolisme, oxyde la r\u00e9g\u00e9n\u00e9ration musculaire apr\u00e8s l&rsquo;exercice. L&rsquo;<b>utilisation<\/b> r\u00e9guli\u00e8re <b>de<\/b> Mass Extreme aide les athl\u00e8tes et les personnes physiquement actives \u00e0 obtenir de meilleurs r\u00e9sultats d&rsquo;entra\u00eenement. L&rsquo;<b>augmentation de la masse musculaire<\/b> est possible gr\u00e2ce \u00e0 l&rsquo;action synergique d&rsquo;ingr\u00e9dients tels que l&rsquo;acide d-aspartique, la cr\u00e9atine et la L-glutamine.<\/p>\n\n\n\n<p>En r\u00e9sum\u00e9, Mass Extreme est un compl\u00e9ment efficace qui, par son <em>action d,<\/em> soutient les processus de croissance et de r\u00e9g\u00e9n\u00e9ration dans le corps. L&rsquo;<b>utilisation<\/b> r\u00e9guli\u00e8re <b>du<\/b> produit se traduit par une am\u00e9lioration des performances sportives et des <b>effets<\/b> notables sous la forme d&rsquo;une augmentation de la masse musculaire.<\/p>\n\n\n\n<h2 class=\"wp-block-heading\">Effets de l&rsquo;utilisation de Mass Extreme<\/h2>\n\n\n\n<p>Mass Extreme est un <b>compl\u00e9ment alimentaire<\/b> qui apporte une s\u00e9rie d&rsquo;effets mesurables pour ceux qui cherchent \u00e0 augmenter leur masse musculaire. L&rsquo;utilisation r\u00e9guli\u00e8re <b>de<\/b> ce produit favorise le d\u00e9veloppement musculaire, ce qui a un effet notable sur la taille et la force des muscles. L&rsquo;extrait de racine de maca, l&rsquo;un des ingr\u00e9dients cl\u00e9s, augmente le taux de testost\u00e9rone libre, ce qui contribue \u00e0 l&rsquo;augmentation observ\u00e9e de la masse musculaire jusqu&rsquo;\u00e0 5 kg apr\u00e8s un mois de suppl\u00e9mentation.<\/p>\n\n\n\n<p>Destin\u00e9 principalement aux hommes de plus de 18 ans, ce compl\u00e9ment a \u00e9galement un effet positif sur l&rsquo;am\u00e9lioration des performances physiques. Les ingr\u00e9dients actifs contribuent \u00e0 une augmentation de la force et de l&rsquo;endurance, ce qui se traduit par de meilleures performances lors d&rsquo;entra\u00eenements intensifs.<\/p>\n\n\n\n<p>Un autre effet important de Mass Extreme est l&rsquo;acc\u00e9l\u00e9ration du processus de r\u00e9g\u00e9n\u00e9ration. Apr\u00e8s des s\u00e9ances d&rsquo;exercice intensives, ce suppl\u00e9ment aide l&rsquo;organisme \u00e0 retrouver sa pleine forme, ce qui permet des entra\u00eenements plus fr\u00e9quents et plus efficaces. En outre, on observe une augmentation de la motivation et de la concentration, ce qui favorise l&rsquo;obtention de meilleurs r\u00e9sultats.<\/p>\n\n\n\n<figure class=\"wp-block-table\"><table class=\"has-fixed-layout\"><tbody><tr><th>Effet<\/th><th>Description de l&rsquo;effet<\/th><\/tr><tr><td><b>Augmentation de la masse musculaire<\/b><\/td><td>Augmentation de la masse musculaire jusqu&rsquo;\u00e0 5 kg en un mois d&rsquo;utilisation r\u00e9guli\u00e8re<\/td><\/tr><tr><td><b>Am\u00e9lioration des performances<\/b><\/td><td>Augmentation de la force et de l&rsquo;endurance, meilleure efficacit\u00e9 de l&rsquo;entra\u00eenement<\/td><\/tr><tr><td><b>R\u00e9g\u00e9n\u00e9ration<\/b><\/td><td>R\u00e9cup\u00e9ration plus rapide apr\u00e8s l&rsquo;exercice, permettant un entra\u00eenement plus intensif<\/td><\/tr><tr><td>Motivation et concentration<\/td><td>Am\u00e9lioration de la concentration pendant l&rsquo;entra\u00eenement, ce qui se traduit par des performances plus efficaces<\/td><\/tr><\/tbody><\/table><\/figure>\n\n\n\n<p>L&rsquo;utilisation de Mass Extreme, \u00e0 base d&rsquo;ingr\u00e9dients naturels, apporte des b\u00e9n\u00e9fices sans effets secondaires, ce qui en fait un choix s\u00fbr pour ceux qui souhaitent augmenter leur masse musculaire et am\u00e9liorer leurs performances.<\/p>\n\n\n\n<h2 class=\"wp-block-heading\">Comment utiliser Mass Extreme correctement &#8211; Dosage<\/h2>\n\n\n\n<p>Mass Extreme est un compl\u00e9ment alimentaire qui offre un certain nombre d&rsquo;avantages li\u00e9s \u00e0 l&rsquo;augmentation de la masse musculaire et \u00e0 l&rsquo;am\u00e9lioration de l&rsquo;efficacit\u00e9 de l&rsquo;entra\u00eenement. La cl\u00e9 pour obtenir des r\u00e9sultats optimaux est un <b>dosage<\/b> correct. Il est recommand\u00e9 de prendre une portion, soit 3 g\u00e9lules par jour, dont 2 g\u00e9lules avant l&rsquo;entra\u00eenement et 1 apr\u00e8s.<\/p>\n\n\n\n<p>Mass Extreme doit \u00eatre pris avec la bonne quantit\u00e9 d&rsquo;eau, ce qui favorise l&rsquo;absorption des ingr\u00e9dients actifs. La <b>suppl\u00e9mentation<\/b> doit durer au minimum 8 semaines afin d&rsquo;en appr\u00e9cier pleinement les <b>effets<\/b>, tels que l&rsquo;acc\u00e9l\u00e9ration du m\u00e9tabolisme, l&rsquo;<b>augmentation de la masse musculaire<\/b> et l&rsquo;<b>am\u00e9lioration des performances<\/b> physiques.<\/p>\n\n\n\n<p><em>Il est conseill\u00e9 de consulter votre m\u00e9decin avant de commencer la suppl\u00e9mentation, surtout si vous avez des probl\u00e8mes de sant\u00e9 ou si vous prenez d&rsquo;autres m\u00e9dicaments.<\/em><\/p>\n\n\n\n<p>Il convient de noter les <b>effets<\/b> secondaires possibles qui, dans le cas de Mass Extreme, peuvent inclure des probl\u00e8mes gastriques, ainsi que la teneur en caf\u00e9ine, qui exclut l&rsquo;utilisation du suppl\u00e9ment par les enfants et les femmes enceintes. Une utilisation r\u00e9guli\u00e8re peut contribuer \u00e0 une augmentation de la force d&rsquo;une personne jusqu&rsquo;\u00e0 147%, ainsi qu&rsquo;\u00e0 une augmentation visible du volume musculaire apr\u00e8s seulement quelques semaines.<\/p>\n\n\n\n<figure class=\"wp-block-table\"><table class=\"has-fixed-layout\"><tbody><tr><th>Aspect<\/th><th>D\u00e9tails<\/th><\/tr><tr><td><b>Dosage<\/b><\/td><td>3 g\u00e9lules par jour (2 avant l&rsquo;entra\u00eenement, 1 apr\u00e8s l&rsquo;entra\u00eenement)<\/td><\/tr><tr><td>Dur\u00e9e d&rsquo;utilisation<\/td><td>8 semaines au minimum<\/td><\/tr><tr><td>Effets<\/td><td>Acc\u00e9l\u00e9ration du m\u00e9tabolisme, augmentation de la masse musculaire<\/td><\/tr><tr><td><b>Effets secondaires<\/b> potentiels<\/td><td>Probl\u00e8mes d&rsquo;estomac, teneur en caf\u00e9ine<\/td><\/tr><tr><td>Consultation m\u00e9dicale<\/td><td>Recommand\u00e9e avant de commencer la suppl\u00e9mentation<\/td><\/tr><\/tbody><\/table><\/figure>\n\n\n\n<h2 class=\"wp-block-heading\">Mass Extreme &#8211; Avis et critiques, Forum<\/h2>\n\n\n\n<p>Les<b>avis<\/b> sur Mass Extreme sont majoritairement positifs, ce qui peut influencer la d\u00e9cision d&rsquo;achat des utilisateurs potentiels. De nombreuses personnes partagent leurs exp\u00e9riences d&rsquo;utilisateur sur une vari\u00e9t\u00e9 de forums en ligne. Vous trouverez ci-dessous trois <b>avis<\/b> d\u00e9taill\u00e9s :<\/p>\n\n\n\n<blockquote class=\"wp-block-quote is-layout-flow wp-block-quote-is-layout-flow\">\n<p><em>Adam<\/em>: \u00ab\u00a0Mass Extreme est un compl\u00e9ment fantastique qui fonctionne vraiment ! Je l&rsquo;ai utilis\u00e9 pendant quelques mois et j&rsquo;ai remarqu\u00e9 une \u00e9norme diff\u00e9rence dans ma masse musculaire. Avant de commencer \u00e0 l&rsquo;utiliser, je luttais contre un entra\u00eenement stagnant et maintenant les r\u00e9sultats sont exceptionnels. J&rsquo;ai gagn\u00e9 beaucoup de masse en seulement quelques semaines, ce que je n&rsquo;avais jamais fait de ma vie.\u00a0\u00bb<\/p>\n<\/blockquote>\n\n\n\n<blockquote class=\"wp-block-quote is-layout-flow wp-block-quote-is-layout-flow\">\n<p><em>Anna<\/em>: \u00ab\u00a0C&rsquo;est l&rsquo;un des meilleurs compl\u00e9ments que j&rsquo;ai utilis\u00e9s. Les r\u00e9sultats sont \u00e9tonnants et la masse musculaire a augment\u00e9 de mani\u00e8re significative. Dans mon cas, j&rsquo;ai remarqu\u00e9 une am\u00e9lioration \u00e0 la fois dans la salle de sport et dans la r\u00e9cup\u00e9ration apr\u00e8s les s\u00e9ances d&rsquo;entra\u00eenement. Je le recommande sans h\u00e9siter ! <b>Les commentaires de mes<\/b> amis sont \u00e9galement positifs<\/p>\n<\/blockquote>\n\n\n\n<blockquote class=\"wp-block-quote is-layout-flow wp-block-quote-is-layout-flow\">\n<p><em>Paul<\/em>: \u00ab\u00a0J&rsquo;ai \u00e9t\u00e9 surpris par les r\u00e9sultats. Mes muscles sont plus forts et plus visibles. C&rsquo;est un compl\u00e9ment r\u00e9volutionnaire. Je pratique r\u00e9guli\u00e8rement la musculation et apr\u00e8s avoir mis en place Mass Extreme, les r\u00e9sultats sont bien meilleurs. De nombreuses personnes sur le <b>forum<\/b> soulignent son <b>efficacit\u00e9<\/b>, ce qui n&rsquo;a fait que conforter mon choix.\u00a0\u00bb<\/p>\n<\/blockquote>\n\n\n\n<p>Ces<b>avis<\/b> confirment que Mass Extreme peut \u00eatre un soutien efficace pour ceux qui souhaitent augmenter leur masse musculaire. N&rsquo;oubliez pas d&rsquo;utiliser des informations provenant de sources fiables et de prendre en compte les exp\u00e9riences des autres avant de prendre une d\u00e9cision d&rsquo;achat.<\/p>\n\n\n\n<h2 class=\"wp-block-heading\">Mass Extreme &#8211; Composition<\/h2>\n\n\n\n<p><b>La composition de<\/b> Mass Extreme est bien pens\u00e9e et bas\u00e9e sur des ingr\u00e9dients soigneusement s\u00e9lectionn\u00e9s qui soutiennent le processus de construction musculaire. Le produit fournit non seulement une grande quantit\u00e9 de prot\u00e9ines, mais aussi des <b>nutriments<\/b> essentiels pour vous aider \u00e0 obtenir de meilleurs r\u00e9sultats d&rsquo;entra\u00eenement.<\/p>\n\n\n\n<ul class=\"wp-block-list\">\n<li><em>L-arginine alpha-c\u00e9toglutarate<\/em> &#8211; am\u00e9liore le flux sanguin, ce qui permet un meilleur apport de nutriments aux muscles.<\/li>\n\n\n\n<li><em>Cr\u00e9atine<\/em> &#8211; augmente la force et l&rsquo;endurance, ce qui permet d&rsquo;am\u00e9liorer les performances \u00e0 l&rsquo;entra\u00eenement.<\/li>\n\n\n\n<li><em>B\u00eata-alanine<\/em> &#8211; retarde la sensation de fatigue, ce qui permet des s\u00e9ances d&rsquo;entra\u00eenement plus longues et plus intenses.<\/li>\n\n\n\n<li><em>Nitrate dihydrate<\/em> &#8211; Augmente le transport de l&rsquo;oxyg\u00e8ne vers les muscles, ce qui permet d&rsquo;am\u00e9liorer la qualit\u00e9 des performances sportives.<\/li>\n\n\n\n<li><em>L-tyrosine<\/em> &#8211; am\u00e9liore l&rsquo;\u00e9nergie et la concentration, ce qui est important lors d&rsquo;exercices intenses.<\/li>\n<\/ul>\n\n\n\n<p>Chaque portion de Mass Extreme contient 1070 kcal et 30 g de prot\u00e9ines, ce qui en fait le compl\u00e9ment id\u00e9al pour ceux qui cherchent \u00e0 gagner de la masse musculaire. Les <b>prot\u00e9ines<\/b> contenues dans le produit proviennent de diff\u00e9rentes sources, notamment de l <em>&lsquo;isolat de prot\u00e9ines de lactos\u00e9rum<\/em>, du <em>concentr\u00e9 de<\/em> <em>prot\u00e9ines de lactos\u00e9rum<\/em> et de l&rsquo;<em>hydrolysat de prot\u00e9ines de lactos\u00e9rum<\/em>. En plus des prot\u00e9ines, le suppl\u00e9ment fournit 231 g d&rsquo;hydrates de carbone, ce qui favorise les performances pendant les s\u00e9ances d&rsquo;entra\u00eenement.<\/p>\n\n\n\n<p>Mass Extreme est \u00e9galement enrichi d&rsquo;un ensemble d&rsquo;acides amin\u00e9s cl\u00e9s tels que la L-glutamine, la L-leucine, la L-isoleucine et la L-valine. Ces <b>nutriments<\/b> peuvent contribuer \u00e0 la r\u00e9cup\u00e9ration musculaire et stimuler la croissance musculaire. Le compl\u00e9ment ne convient pas aux enfants ni aux femmes enceintes, il convient donc de respecter la <b>posologie<\/b> recommand\u00e9e et les bonnes pratiques de conservation du produit.<\/p>\n\n\n\n<h2 class=\"wp-block-heading\">O\u00f9 acheter et combien co\u00fbte Mass Extreme &#8211; prix<\/h2>\n\n\n\n<p>Mass Extreme ne peut \u00eatre achet\u00e9 que sur <em>le site officiel du fabricant<\/em>. Ces achats garantissent l&rsquo;originalit\u00e9 du produit et la meilleure qualit\u00e9. <b>Le prix du<\/b> compl\u00e9ment d\u00e9pend des <em>promotions<\/em> en cours, d&rsquo;o\u00f9 l&rsquo;int\u00e9r\u00eat de consulter r\u00e9guli\u00e8rement les offres disponibles sur le site. Vous pouvez ainsi profiter des remises int\u00e9ressantes et des offres sp\u00e9ciales que le fabricant pr\u00e9pare pour ses clients.<\/p>\n\n\n\n<p>Sur <em>le site officiel du fabricant<\/em>, vous trouverez des informations d\u00e9taill\u00e9es non seulement sur le prix, mais aussi sur les options d&rsquo;achat. Un avantage important de l&rsquo;utilisation de cette plateforme est \u00e9galement la possibilit\u00e9 de retourner le produit dans les 90 jours \u00e0 compter de la date d&rsquo;achat, ce qui vous donne l&rsquo;assurance que vos achats sont s\u00fbrs.<\/p>\n\n\n\n<p>En choisissant <em>Mass Extreme<\/em>, les clients peuvent s&rsquo;attendre \u00e0 une assistance compl\u00e8te et \u00e0 une garantie de qualit\u00e9, ce qui fait de l&rsquo;achat sur le <em>site officiel du fabricant<\/em> la meilleure option pour tous ceux qui cherchent \u00e0 augmenter leur masse musculaire.<\/p>\n\n\n\n<h2 class=\"wp-block-heading\">Effets secondaires potentiels et contre-indications de Mass Extreme<\/h2>\n\n\n\n<p>Le compl\u00e9ment alimentaire Mass Extreme, malgr\u00e9 sa composition naturelle, peut provoquer des <b>effets secondaires<\/b> chez certains utilisateurs. Les <b>effets secondaires<\/b> peuvent inclure des maux de t\u00eate, des troubles gastro-intestinaux ou m\u00eame une augmentation de la pression art\u00e9rielle. Il est donc essentiel de toujours demander l&rsquo;avis d&rsquo;un m\u00e9decin avant de commencer une suppl\u00e9mentation, en particulier en cas de probl\u00e8mes de sant\u00e9 existants. Les utilisateurs pr\u00e9sentant une hypersensibilit\u00e9 \u00e0 l&rsquo;un des composants de Mass Extreme doivent \u00e9viter de l&rsquo;utiliser.<\/p>\n\n\n\n<p>Il est \u00e9galement important de noter que les <b>contre-indications<\/b> concernent non seulement les personnes ayant des probl\u00e8mes de sant\u00e9, mais aussi les femmes enceintes et celles qui allaitent. Dans de tels cas, la <b>s\u00e9curit\u00e9<\/b> sanitaire doit toujours \u00eatre une priorit\u00e9. La <b>s\u00e9curit\u00e9 du<\/b> suppl\u00e9ment est essentielle, il est donc recommand\u00e9 aux personnes qui prennent des m\u00e9dicaments de consulter leur m\u00e9decin pour s&rsquo;assurer qu&rsquo;il n&rsquo;y a pas d&rsquo;interactions avec d&rsquo;autres pr\u00e9parations.<\/p>\n\n\n\n<p>En conclusion, bien que Mass Extreme puisse offrir de nombreux avantages, son utilisation comporte certains risques. Une approche inform\u00e9e de la suppl\u00e9mentation, prenant en compte les effets secondaires et les <b>contre-indications<\/b> possibles, est essentielle pour profiter de son potentiel tout en restant en <b>bonne sant\u00e9<\/b> et en <b>s\u00e9curit\u00e9<\/b>. Il est conseill\u00e9 de surveiller les r\u00e9actions de l&rsquo;organisme une fois que la suppl\u00e9mentation a commenc\u00e9, afin de d\u00e9tecter \u00e0 temps tout sympt\u00f4me n\u00e9gatif.<\/p>\n","protected":false},"excerpt":{"rendered":"<p><strong>[date_countdown]<\/strong><\/p>\n<p><img decoding=\"async\" class=\"alignnone  wp-image-8427\" src=\"https:\/\/chirurgie-orthopedie-vannes.fr\/pharmacie\/wp-content\/uploads\/2024\/10\/SAFE-PAY-300x88-1.png\" alt=\"SAFE-PAY-300x88\" width=\"164\" height=\"48\" \/><\/p>\n","protected":false},"featured_media":4374,"comment_status":"open","ping_status":"closed","template":"","meta":{"neve_meta_sidebar":"","neve_meta_container":"","neve_meta_enable_content_width":"","neve_meta_content_width":0,"neve_meta_title_alignment":"","neve_meta_author_avatar":"","neve_post_elements_order":"","neve_meta_disable_header":"","neve_meta_disable_footer":"","neve_meta_disable_title":"","neve_meta_reading_time":""},"product_brand":[],"product_cat":[15],"product_tag":[],"class_list":{"0":"post-4561","1":"product","2":"type-product","3":"status-publish","4":"has-post-thumbnail","6":"product_cat-perte-de-poids","8":"first","9":"instock","10":"sale","11":"shipping-taxable","12":"product-type-external"},"yoast_head":"<!-- This site is optimized with the Yoast SEO plugin v27.4 - https:\/\/yoast.com\/product\/yoast-seo-wordpress\/ -->\n<title>Mass Extreme - Avis, Forum, Pharmacie, Prix, Effets | -50%<\/title>\n<meta name=\"robots\" content=\"index, follow, max-snippet:-1, max-image-preview:large, max-video-preview:-1\" \/>\n<link rel=\"canonical\" href=\"https:\/\/chirurgie-orthopedie-vannes.fr\/pharmacie\/supp\/mass-extreme\/\" \/>\n<meta property=\"og:locale\" content=\"fr_FR\" \/>\n<meta property=\"og:type\" content=\"article\" \/>\n<meta property=\"og:title\" content=\"Mass Extreme - Avis, Forum, Pharmacie, Prix, Effets | -50%\" \/>\n<meta property=\"og:url\" content=\"https:\/\/chirurgie-orthopedie-vannes.fr\/pharmacie\/supp\/mass-extreme\/\" \/>\n<meta property=\"og:site_name\" content=\"Chirurgie-Orthopedie-Vannes\" \/>\n<meta property=\"article:modified_time\" content=\"2025-01-14T13:29:29+00:00\" \/>\n<meta property=\"og:image\" content=\"https:\/\/chirurgie-orthopedie-vannes.fr\/pharmacie\/wp-content\/uploads\/2024\/10\/Mass-Extreme.jpg\" \/>\n\t<meta property=\"og:image:width\" content=\"768\" \/>\n\t<meta property=\"og:image:height\" content=\"768\" \/>\n\t<meta property=\"og:image:type\" content=\"image\/jpeg\" \/>\n<meta name=\"twitter:card\" content=\"summary_large_image\" \/>\n<meta name=\"twitter:description\" content=\"[date_countdown]\" \/>\n<meta name=\"twitter:label1\" content=\"Dur\u00e9e de lecture estim\u00e9e\" \/>\n\t<meta name=\"twitter:data1\" content=\"1 minute\" \/>\n<script type=\"application\/ld+json\" class=\"yoast-schema-graph\">{\"@context\":\"https:\\\/\\\/schema.org\",\"@graph\":[{\"@type\":\"WebPage\",\"@id\":\"https:\\\/\\\/chirurgie-orthopedie-vannes.fr\\\/pharmacie\\\/supp\\\/mass-extreme\\\/\",\"url\":\"https:\\\/\\\/chirurgie-orthopedie-vannes.fr\\\/pharmacie\\\/supp\\\/mass-extreme\\\/\",\"name\":\"Mass Extreme - Avis, Forum, Pharmacie, Prix, Effets | -50%\",\"isPartOf\":{\"@id\":\"https:\\\/\\\/chirurgie-orthopedie-vannes.fr\\\/pharmacie\\\/#website\"},\"primaryImageOfPage\":{\"@id\":\"https:\\\/\\\/chirurgie-orthopedie-vannes.fr\\\/pharmacie\\\/supp\\\/mass-extreme\\\/#primaryimage\"},\"image\":{\"@id\":\"https:\\\/\\\/chirurgie-orthopedie-vannes.fr\\\/pharmacie\\\/supp\\\/mass-extreme\\\/#primaryimage\"},\"thumbnailUrl\":\"https:\\\/\\\/chirurgie-orthopedie-vannes.fr\\\/pharmacie\\\/wp-content\\\/uploads\\\/2024\\\/10\\\/Mass-Extreme.jpg\",\"datePublished\":\"2024-10-18T19:46:26+00:00\",\"dateModified\":\"2025-01-14T13:29:29+00:00\",\"breadcrumb\":{\"@id\":\"https:\\\/\\\/chirurgie-orthopedie-vannes.fr\\\/pharmacie\\\/supp\\\/mass-extreme\\\/#breadcrumb\"},\"inLanguage\":\"fr-FR\",\"potentialAction\":[{\"@type\":\"ReadAction\",\"target\":[\"https:\\\/\\\/chirurgie-orthopedie-vannes.fr\\\/pharmacie\\\/supp\\\/mass-extreme\\\/\"]}]},{\"@type\":\"ImageObject\",\"inLanguage\":\"fr-FR\",\"@id\":\"https:\\\/\\\/chirurgie-orthopedie-vannes.fr\\\/pharmacie\\\/supp\\\/mass-extreme\\\/#primaryimage\",\"url\":\"https:\\\/\\\/chirurgie-orthopedie-vannes.fr\\\/pharmacie\\\/wp-content\\\/uploads\\\/2024\\\/10\\\/Mass-Extreme.jpg\",\"contentUrl\":\"https:\\\/\\\/chirurgie-orthopedie-vannes.fr\\\/pharmacie\\\/wp-content\\\/uploads\\\/2024\\\/10\\\/Mass-Extreme.jpg\",\"width\":768,\"height\":768},{\"@type\":\"BreadcrumbList\",\"@id\":\"https:\\\/\\\/chirurgie-orthopedie-vannes.fr\\\/pharmacie\\\/supp\\\/mass-extreme\\\/#breadcrumb\",\"itemListElement\":[{\"@type\":\"ListItem\",\"position\":1,\"name\":\"Strona g\u0142\u00f3wna\",\"item\":\"https:\\\/\\\/chirurgie-orthopedie-vannes.fr\\\/pharmacie\\\/\"},{\"@type\":\"ListItem\",\"position\":2,\"name\":\"farmaci\",\"item\":\"https:\\\/\\\/chirurgie-orthopedie-vannes.fr\\\/pharmacie\\\/\"},{\"@type\":\"ListItem\",\"position\":3,\"name\":\"Mass Extreme\"}]},{\"@type\":\"WebSite\",\"@id\":\"https:\\\/\\\/chirurgie-orthopedie-vannes.fr\\\/pharmacie\\\/#website\",\"url\":\"https:\\\/\\\/chirurgie-orthopedie-vannes.fr\\\/pharmacie\\\/\",\"name\":\"Chirurgie-Orthopedie-Vannes\",\"description\":\"\",\"potentialAction\":[{\"@type\":\"SearchAction\",\"target\":{\"@type\":\"EntryPoint\",\"urlTemplate\":\"https:\\\/\\\/chirurgie-orthopedie-vannes.fr\\\/pharmacie\\\/?s={search_term_string}\"},\"query-input\":{\"@type\":\"PropertyValueSpecification\",\"valueRequired\":true,\"valueName\":\"search_term_string\"}}],\"inLanguage\":\"fr-FR\"}]}<\/script>\n<!-- \/ Yoast SEO plugin. -->","yoast_head_json":{"title":"Mass Extreme - Avis, Forum, Pharmacie, Prix, Effets | -50%","robots":{"index":"index","follow":"follow","max-snippet":"max-snippet:-1","max-image-preview":"max-image-preview:large","max-video-preview":"max-video-preview:-1"},"canonical":"https:\/\/chirurgie-orthopedie-vannes.fr\/pharmacie\/supp\/mass-extreme\/","og_locale":"fr_FR","og_type":"article","og_title":"Mass Extreme - Avis, Forum, Pharmacie, Prix, Effets | -50%","og_url":"https:\/\/chirurgie-orthopedie-vannes.fr\/pharmacie\/supp\/mass-extreme\/","og_site_name":"Chirurgie-Orthopedie-Vannes","article_modified_time":"2025-01-14T13:29:29+00:00","og_image":[{"width":768,"height":768,"url":"https:\/\/chirurgie-orthopedie-vannes.fr\/pharmacie\/wp-content\/uploads\/2024\/10\/Mass-Extreme.jpg","type":"image\/jpeg"}],"twitter_card":"summary_large_image","twitter_description":"[date_countdown]","twitter_misc":{"Dur\u00e9e de lecture estim\u00e9e":"1 minute"},"schema":{"@context":"https:\/\/schema.org","@graph":[{"@type":"WebPage","@id":"https:\/\/chirurgie-orthopedie-vannes.fr\/pharmacie\/supp\/mass-extreme\/","url":"https:\/\/chirurgie-orthopedie-vannes.fr\/pharmacie\/supp\/mass-extreme\/","name":"Mass Extreme - Avis, Forum, Pharmacie, Prix, Effets | -50%","isPartOf":{"@id":"https:\/\/chirurgie-orthopedie-vannes.fr\/pharmacie\/#website"},"primaryImageOfPage":{"@id":"https:\/\/chirurgie-orthopedie-vannes.fr\/pharmacie\/supp\/mass-extreme\/#primaryimage"},"image":{"@id":"https:\/\/chirurgie-orthopedie-vannes.fr\/pharmacie\/supp\/mass-extreme\/#primaryimage"},"thumbnailUrl":"https:\/\/chirurgie-orthopedie-vannes.fr\/pharmacie\/wp-content\/uploads\/2024\/10\/Mass-Extreme.jpg","datePublished":"2024-10-18T19:46:26+00:00","dateModified":"2025-01-14T13:29:29+00:00","breadcrumb":{"@id":"https:\/\/chirurgie-orthopedie-vannes.fr\/pharmacie\/supp\/mass-extreme\/#breadcrumb"},"inLanguage":"fr-FR","potentialAction":[{"@type":"ReadAction","target":["https:\/\/chirurgie-orthopedie-vannes.fr\/pharmacie\/supp\/mass-extreme\/"]}]},{"@type":"ImageObject","inLanguage":"fr-FR","@id":"https:\/\/chirurgie-orthopedie-vannes.fr\/pharmacie\/supp\/mass-extreme\/#primaryimage","url":"https:\/\/chirurgie-orthopedie-vannes.fr\/pharmacie\/wp-content\/uploads\/2024\/10\/Mass-Extreme.jpg","contentUrl":"https:\/\/chirurgie-orthopedie-vannes.fr\/pharmacie\/wp-content\/uploads\/2024\/10\/Mass-Extreme.jpg","width":768,"height":768},{"@type":"BreadcrumbList","@id":"https:\/\/chirurgie-orthopedie-vannes.fr\/pharmacie\/supp\/mass-extreme\/#breadcrumb","itemListElement":[{"@type":"ListItem","position":1,"name":"Strona g\u0142\u00f3wna","item":"https:\/\/chirurgie-orthopedie-vannes.fr\/pharmacie\/"},{"@type":"ListItem","position":2,"name":"farmaci","item":"https:\/\/chirurgie-orthopedie-vannes.fr\/pharmacie\/"},{"@type":"ListItem","position":3,"name":"Mass Extreme"}]},{"@type":"WebSite","@id":"https:\/\/chirurgie-orthopedie-vannes.fr\/pharmacie\/#website","url":"https:\/\/chirurgie-orthopedie-vannes.fr\/pharmacie\/","name":"Chirurgie-Orthopedie-Vannes","description":"","potentialAction":[{"@type":"SearchAction","target":{"@type":"EntryPoint","urlTemplate":"https:\/\/chirurgie-orthopedie-vannes.fr\/pharmacie\/?s={search_term_string}"},"query-input":{"@type":"PropertyValueSpecification","valueRequired":true,"valueName":"search_term_string"}}],"inLanguage":"fr-FR"}]}},"_links":{"self":[{"href":"https:\/\/chirurgie-orthopedie-vannes.fr\/pharmacie\/wp-json\/wp\/v2\/product\/4561","targetHints":{"allow":["GET"]}}],"collection":[{"href":"https:\/\/chirurgie-orthopedie-vannes.fr\/pharmacie\/wp-json\/wp\/v2\/product"}],"about":[{"href":"https:\/\/chirurgie-orthopedie-vannes.fr\/pharmacie\/wp-json\/wp\/v2\/types\/product"}],"replies":[{"embeddable":true,"href":"https:\/\/chirurgie-orthopedie-vannes.fr\/pharmacie\/wp-json\/wp\/v2\/comments?post=4561"}],"wp:featuredmedia":[{"embeddable":true,"href":"https:\/\/chirurgie-orthopedie-vannes.fr\/pharmacie\/wp-json\/wp\/v2\/media\/4374"}],"wp:attachment":[{"href":"https:\/\/chirurgie-orthopedie-vannes.fr\/pharmacie\/wp-json\/wp\/v2\/media?parent=4561"}],"wp:term":[{"taxonomy":"product_brand","embeddable":true,"href":"https:\/\/chirurgie-orthopedie-vannes.fr\/pharmacie\/wp-json\/wp\/v2\/product_brand?post=4561"},{"taxonomy":"product_cat","embeddable":true,"href":"https:\/\/chirurgie-orthopedie-vannes.fr\/pharmacie\/wp-json\/wp\/v2\/product_cat?post=4561"},{"taxonomy":"product_tag","embeddable":true,"href":"https:\/\/chirurgie-orthopedie-vannes.fr\/pharmacie\/wp-json\/wp\/v2\/product_tag?post=4561"}],"curies":[{"name":"wp","href":"https:\/\/api.w.org\/{rel}","templated":true}]}}