{"id":4580,"date":"2024-10-18T19:46:36","date_gmt":"2024-10-18T19:46:36","guid":{"rendered":"https:\/\/chirurgie-orthopedie-vannes.fr\/pharmacie\/?post_type=product&#038;p=4580"},"modified":"2025-01-14T13:29:43","modified_gmt":"2025-01-14T13:29:43","slug":"restilen","status":"publish","type":"product","link":"https:\/\/chirurgie-orthopedie-vannes.fr\/pharmacie\/supp\/restilen\/","title":{"rendered":"Restilen"},"content":{"rendered":"<h2 class=\"wp-block-heading\">Qu&rsquo;est-ce que Restilen et comment fonctionne-t-il ?<\/h2>\n\n\n<p>Restilen est un <em>compl\u00e9ment alimentaire contre le stress<\/em> qui a \u00e9t\u00e9 formul\u00e9 pour les personnes souffrant de sympt\u00f4mes de stress, d&rsquo;anxi\u00e9t\u00e9 et de nervosit\u00e9. Ses principaux <b>ingr\u00e9dients<\/b> sont l&rsquo;extrait de racine d&rsquo;ashwagandha et la m\u00e9lisse, qui agissent ensemble pour d\u00e9tendre l&rsquo;organisme. En ce qui concerne <em>Restilen<\/em>, il convient de noter son origine naturelle et ses propri\u00e9t\u00e9s scientifiquement prouv\u00e9es.<\/p>\n\n\n<p><b>Comment fonctionne Restilen<\/b>? Gr\u00e2ce \u00e0 l&rsquo;action de l&rsquo;ashwagandha, la formule favorise l&rsquo;adaptation de l&rsquo;organisme au stress, am\u00e9liorant ainsi le bien-\u00eatre g\u00e9n\u00e9ral. La m\u00e9lisse, quant \u00e0 elle, a un effet calmant, tandis que l&rsquo;ajout de fenugrec contribue \u00e0 r\u00e9duire la fatigue, un \u00e9l\u00e9ment important pour soutenir la lutte contre les sympt\u00f4mes du stress. Ces ingr\u00e9dients agissent ensemble pour aider \u00e0 r\u00e9duire les sympt\u00f4mes tels que :<\/p>\n\n\n\n<ul class=\"wp-block-list\">\n<li>tension musculaire<\/li>\n\n\n\n<li>maux de t\u00eate<\/li>\n\n\n\n<li>insomnie<\/li>\n<\/ul>\n\n\n<p>Ainsi, <b>le suppl\u00e9ment antistress<\/b> vise non seulement \u00e0 att\u00e9nuer les sympt\u00f4mes du <b>stress<\/b>, mais aussi \u00e0 r\u00e9tablir l&rsquo;\u00e9quilibre mental et \u00e0 am\u00e9liorer la qualit\u00e9 de vie de ses utilisateurs.<\/p>\n\n\n<h2 class=\"wp-block-heading\">Effets de Restilen<\/h2>\n\n\n<p>L&rsquo;utilisation r\u00e9guli\u00e8re de Restilen procure une s\u00e9rie de <em>bienfaits pour<\/em> la sant\u00e9 mentale et physique. Le compl\u00e9ment est con\u00e7u pour soutenir l <em>&lsquo;action de Restilen<\/em> dans la r\u00e9duction des sympt\u00f4mes du stress et de l&rsquo;anxi\u00e9t\u00e9. Les utilisateurs indiquent souvent une am\u00e9lioration significative de la qualit\u00e9 de leur sommeil, ce qui contribue \u00e0 leur bien-\u00eatre g\u00e9n\u00e9ral.<\/p>\n\n\n<p><b>Les effets de<\/b> Restilen sont les suivants<\/p>\n\n\n\n<ul class=\"wp-block-list\">\n<li>R\u00e9duire la tension nerveuse et faciliter l&rsquo;endormissement.<\/li>\n\n\n\n<li>Am\u00e9lioration de l&rsquo;humeur et relaxation.<\/li>\n\n\n\n<li>Soutien pour rester en bonne sant\u00e9 mentale dans des situations difficiles.<\/li>\n\n\n\n<li>R\u00e9duire les sensations de fatigue, ce qui vous permet de fonctionner plus efficacement tout au long de la journ\u00e9e.<\/li>\n<\/ul>\n\n\n<p>De nombreux utilisateurs constatent que <em>les effets de<\/em> Restilen conduisent \u00e0 une meilleure r\u00e9sistance au stress et favorisent la r\u00e9g\u00e9n\u00e9ration de l&rsquo;organisme. Le compl\u00e9ment peut \u00e9galement contrecarrer les cons\u00e9quences n\u00e9gatives du stress chronique, comme l&rsquo;affaiblissement du syst\u00e8me nerveux.<\/p>\n\n\n<p>Globalement, l<em> &lsquo;action de Restilen<\/em> est centr\u00e9e sur l&rsquo;am\u00e9lioration de la qualit\u00e9 de vie en r\u00e9duisant les effets n\u00e9gatifs du stress et en soutenant la sant\u00e9 mentale. Les utilisateurs constatent des changements significatifs d\u00e8s le d\u00e9but du traitement, ce qui fait de ce compl\u00e9ment un soutien pr\u00e9cieux dans la lutte contre le stress.<\/p>\n\n\n<h2 class=\"wp-block-heading\">Restilen dosage &#8211; Comment l&rsquo;utiliser ?<\/h2>\n\n\n<p>Restilen est un compl\u00e9ment alimentaire dont la <em>posologie<\/em> doit \u00eatre adapt\u00e9e selon les recommandations du fabricant afin de garantir un maximum de <b>b\u00e9n\u00e9fices pour<\/b> la sant\u00e9. Il est recommand\u00e9 de prendre deux g\u00e9lules par jour, l&rsquo;une le matin et l&rsquo;autre le soir. Il est conseill\u00e9 de boire au minimum 300 ml d&rsquo;eau avec chaque g\u00e9lule, ce qui favorise une meilleure absorption des principes actifs.<\/p>\n\n\n<p>Le produit fonctionne sur la base de composants naturels tels que l&rsquo;extrait de racine d&rsquo;ashwagandha et le magn\u00e9sium, ce qui permet de l&rsquo;<em>utiliser en<\/em> toute s\u00e9curit\u00e9 sans craindre d&rsquo;effets secondaires. Le respect r\u00e9gulier de la posologie <em>recommand\u00e9e<\/em> par le fabricant est essentiel pour obtenir les effets promis par le suppl\u00e9ment.<\/p>\n\n\n<figure class=\"wp-block-table\"><table class=\"has-fixed-layout\"><tbody><tr><th>Heure<\/th><th>Type de capsule<\/th><th>Exemple de quantit\u00e9 d&rsquo;eau<\/th><\/tr><tr><td>Matin<\/td><td>1 capsule<\/td><td>300 ml<\/td><\/tr><tr><td>Soir\u00e9e<\/td><td>1 capsule<\/td><td>300 ml<\/td><\/tr><\/tbody><\/table><\/figure>\n\n\n<p>Il est conseill\u00e9 de lire la notice avant la prise afin d&rsquo;obtenir des informations compl\u00e8tes sur les ingr\u00e9dients et leur mode d&rsquo;action. La <b>posologie<\/b> et la m\u00e9thode d&rsquo;ingestion doivent \u00eatre respect\u00e9es pour obtenir des r\u00e9sultats satisfaisants et un soutien maximal dans la r\u00e9duction du stress et l&rsquo;am\u00e9lioration du bien-\u00eatre.<\/p>\n\n\n<h2 class=\"wp-block-heading\">Restilen &#8211; Avis et critiques, Forum<\/h2>\n\n\n<p>Les <b>avis sur<\/b> Restilen sont majoritairement positifs, ce que confirment de nombreux forums de discussion. Les utilisateurs partagent souvent leurs exp\u00e9riences qui d\u00e9montrent l&rsquo;efficacit\u00e9 de ce suppl\u00e9ment.<\/p>\n\n\n\n<blockquote class=\"wp-block-quote is-layout-flow wp-block-quote-is-layout-flow\"><p>\u00ab\u00a0J&rsquo;ai des probl\u00e8mes de stress et d&rsquo;insomnie depuis longtemps. Restilen m&rsquo;a aid\u00e9 \u00e0 me d\u00e9tendre et \u00e0 mieux dormir. Aujourd&rsquo;hui, je ne peux pas imaginer une journ\u00e9e sans lui.\u00a0\u00bb &#8211; Anna, 32 ans<\/p>\n<\/blockquote>\n\n\n<p>Anna souligne comment le compl\u00e9ment a am\u00e9lior\u00e9 sa qualit\u00e9 de vie. Face aux d\u00e9fis quotidiens, elle a trouv\u00e9 en Restilen un soutien qui lui a apport\u00e9 du r\u00e9confort.<\/p>\n\n\n\n<blockquote class=\"wp-block-quote is-layout-flow wp-block-quote-is-layout-flow\"><p>\u00ab\u00a0Travailler dans un environnement d&rsquo;entreprise est une source de stress. Restilen m&rsquo;a permis de mieux r\u00e9sister \u00e0 la pression et \u00e0 la nervosit\u00e9. Je le recommande !\u00a0\u00bb &#8211; Marcin, 40 ans<\/p>\n<\/blockquote>\n\n\n<p>Martin a remarqu\u00e9 une augmentation de la r\u00e9silience face au stress li\u00e9 au travail, ce qui est confirm\u00e9 par les <b>commentaires de<\/b> nombreux utilisateurs. Ils font \u00e9tat d&rsquo;une r\u00e9silience psychologique accrue, ainsi que d&rsquo;un meilleur sentiment de bien-\u00eatre au quotidien.<\/p>\n\n\n\n<blockquote class=\"wp-block-quote is-layout-flow wp-block-quote-is-layout-flow\"><p>\u00ab\u00a0Je suis m\u00e8re de deux jeunes enfants et le stress m&rsquo;accompagne presque tous les jours. Restilen m&rsquo;a aid\u00e9e \u00e0 rester calme et \u00e0 faire face aux d\u00e9fis quotidiens.\u00a0\u00bb &#8211; Catherine, 28 ans<\/p>\n<\/blockquote>\n\n\n<p>Catherine souligne les effets positifs du compl\u00e9ment dans le contexte de son r\u00f4le de m\u00e8re. L&rsquo;utilisation de Restilen a eu un impact positif sur sa capacit\u00e9 \u00e0 g\u00e9rer les situations stressantes.<\/p>\n\n\n<p>Les <b>commentaires sur Restilen<\/b> dans les forums comprennent souvent des fils de discussion sur le soutien et l&rsquo;orientation pour ceux qui luttent contre le stress et les probl\u00e8mes \u00e9motionnels. De nombreuses personnes ne se contentent pas de faire l&rsquo;\u00e9loge du produit, mais partagent \u00e9galement leurs exp\u00e9riences en mati\u00e8re de th\u00e9rapie et d&rsquo;autres formes de soutien qu&rsquo;elles utilisent parall\u00e8lement \u00e0 la suppl\u00e9mentation.<\/p>\n\n\n<p>De telles interactions sur <b>le forum<\/b> cr\u00e9ent une communaut\u00e9 o\u00f9 chaque opinion, comme celles d\u00e9crites ci-dessus, est une ressource pr\u00e9cieuse pour ceux qui recherchent des solutions efficaces pour lutter contre le stress.<\/p>\n\n\n<h2 class=\"wp-block-heading\">Restilen &#8211; Composition &#8211; Que contient-il ?<\/h2>\n\n\n<p>Restilen est un compl\u00e9ment alimentaire \u00e0 base d&rsquo;un groupe d&rsquo;ingr\u00e9dients naturels soigneusement s\u00e9lectionn\u00e9s qui soutiennent l&rsquo;organisme dans la lutte contre le stress. <b>Que contient Restilen<\/b>? Les principaux ingr\u00e9dients sont :<\/p>\n\n\n\n<ul class=\"wp-block-list\">\n<li>Extrait de racine d&rsquo;<em>ashwagandha<\/em> &#8211; un adaptog\u00e8ne qui aide \u00e0 am\u00e9liorer la capacit\u00e9 d&rsquo;adaptation et \u00e0 r\u00e9duire les niveaux de cortisol.<\/li>\n\n\n\n<li>Extrait de m\u00e9lisse &#8211; connu pour ses propri\u00e9t\u00e9s calmantes, qui soulagent les situations stressantes.<\/li>\n\n\n\n<li>Extrait de graines de fenugrec &#8211; favorise la r\u00e9duction de la fatigue et de ses sympt\u00f4mes.<\/li>\n\n\n\n<li><em>Serenzo\u2122<\/em> extrait d&rsquo;herbe asiatique &#8211; bloque l&rsquo;action du cortisol, ce qui se traduit par une r\u00e9duction de la sensation de stress.<\/li>\n\n\n\n<li><em>Saffr&rsquo;Activ\u00ae<\/em> extrait de safran &#8211; agit comme un anti-inflammatoire, am\u00e9liore l&rsquo;humeur et l&rsquo;\u00e9quilibre \u00e9motionnel.<\/li>\n\n\n\n<li>Concentr\u00e9 de jus de melon cantaloup &#8211; r\u00e9duit les sympt\u00f4mes de stress et de fatigue et favorise le bien-\u00eatre g\u00e9n\u00e9ral.<\/li>\n\n\n\n<li>Magn\u00e9sium provenant des eaux c\u00f4ti\u00e8res irlandaises &#8211; am\u00e9liore le m\u00e9tabolisme c\u00e9r\u00e9bral et r\u00e9duit la sensation de fatigue.<\/li>\n\n\n\n<li>Vitamines B &#8211; ingr\u00e9dients cl\u00e9s pour soutenir le syst\u00e8me nerveux et les performances g\u00e9n\u00e9rales de l&rsquo;organisme dans des conditions difficiles.<\/li>\n<\/ul>\n\n\n<p>Ces ingr\u00e9dients agissent ensemble pour soutenir efficacement l&rsquo;organisme, ce qui fait de Restilen un choix int\u00e9ressant pour les personnes expos\u00e9es \u00e0 divers facteurs de stress. Les effets secondaires minimes associ\u00e9s \u00e0 sa prise sont dus \u00e0 sa composition naturelle, bien qu&rsquo;il faille faire attention aux allergies potentielles \u00e0 certains des ingr\u00e9dients. Une utilisation r\u00e9guli\u00e8re contribue \u00e0 des effets \u00e0 long terme et \u00e0 une meilleure qualit\u00e9 de vie.<\/p>\n\n\n<h2 class=\"wp-block-heading\">O\u00f9 acheter Restilen &#8211; prix<\/h2>\n\n\n<p>Restilen est un compl\u00e9ment alimentaire disponible qui <em>ne peut<\/em> \u00eatre achet\u00e9 <em>que sur le site officiel du fabricant<\/em>. Cette forme d&rsquo;achat garantit l&rsquo;originalit\u00e9 du produit et sa haute qualit\u00e9. Le compl\u00e9ment n&rsquo;est pas disponible dans les pharmacies stationnaires, ce qui fait de l&rsquo;achat en ligne la seule solution pour les utilisateurs potentiels.<\/p>\n\n\n<p><b>Le prix de<\/b> Restilen peut varier en fonction des promotions en cours sur le site officiel du fabricant. Les clients peuvent b\u00e9n\u00e9ficier de remises int\u00e9ressantes, par exemple en commandant des paquets contenant plusieurs emballages, ce qui permet g\u00e9n\u00e9ralement d&rsquo;obtenir une offre plus avantageuse. C&rsquo;est pourquoi il est utile de consulter r\u00e9guli\u00e8rement le site pour se tenir au courant des prix actuels et des \u00e9ventuelles promotions.<\/p>\n\n\n\n<ul class=\"wp-block-list\">\n<li>Achat uniquement sur le site officiel<\/li>\n\n\n\n<li>Manque de disponibilit\u00e9 dans les pharmacies fixes<\/li>\n\n\n\n<li>Promotions et r\u00e9ductions attrayantes<\/li>\n<\/ul>\n\n\n<p>Restilen gagne en popularit\u00e9, notamment aupr\u00e8s des personnes expos\u00e9es au stress du travail ou des responsabilit\u00e9s quotidiennes. Gr\u00e2ce \u00e0 sa composition naturelle et au soutien d&rsquo;un mode de vie sain, ce compl\u00e9ment est devenu un soutien pr\u00e9cieux dans la lutte contre la tension et la nervosit\u00e9. La valeur ajout\u00e9e d&rsquo;un achat sur le site <em>officiel du fabricant<\/em> est la certitude de recevoir un produit de haute qualit\u00e9, faisant preuve d&rsquo;une grande efficacit\u00e9.<\/p>\n\n\n<h2 class=\"wp-block-heading\">Effets secondaires potentiels et contre-indications \u00e0 l&rsquo;utilisation de Restilen<\/h2>\n\n\n<p>Restilen est un compl\u00e9ment alimentaire g\u00e9n\u00e9ralement bien tol\u00e9r\u00e9 par les utilisateurs. N\u00e9anmoins, comme tout produit, il peut provoquer des <b>effets secondaires<\/b>. Les sympt\u00f4mes les plus fr\u00e9quemment rapport\u00e9s sont les naus\u00e9es, les maux de t\u00eate et les troubles du sommeil. Il convient de noter que ces r\u00e9actions peuvent \u00eatre dues \u00e0 des sensibilit\u00e9s corporelles individuelles ou \u00e0 des allergies aux ingr\u00e9dients contenus dans le produit.<\/p>\n\n\n<p>Il est important de conna\u00eetre les contre-indications avant de commencer la suppl\u00e9mentation. Les produits tels que Restilen ne sont pas recommand\u00e9s pour les femmes enceintes ou allaitantes, ni pour les enfants. Les personnes qui envisagent de prendre ce compl\u00e9ment doivent \u00e9galement consulter leur m\u00e9decin, en particulier si elles sont allergiques \u00e0 l&rsquo;un des ingr\u00e9dients ou si elles l&rsquo;associent \u00e0 d&rsquo;autres m\u00e9dicaments. Dans un souci de <b>s\u00e9curit\u00e9<\/b>, lisez toujours la notice avant d&rsquo;utiliser le produit.<\/p>\n\n\n<p>Les experts soulignent que l&rsquo;exposition prolong\u00e9e au stress a un certain nombre d&rsquo;effets n\u00e9gatifs sur la sant\u00e9. Il convient donc, lors de l&rsquo;utilisation de Restilen, d&rsquo;\u00eatre attentif aux \u00e9ventuelles contre-indications afin de maximiser les <b>b\u00e9n\u00e9fices de la<\/b> suppl\u00e9mentation. Une approche responsable de la sant\u00e9 se traduit par une meilleure qualit\u00e9 de vie et une efficacit\u00e9 dans la lutte contre le stress.<\/p>\n","protected":false},"excerpt":{"rendered":"<p><strong>[date_countdown]<\/strong><\/p>\n<p><img decoding=\"async\" class=\"alignnone  wp-image-8427\" src=\"https:\/\/chirurgie-orthopedie-vannes.fr\/pharmacie\/wp-content\/uploads\/2024\/10\/SAFE-PAY-300x88-1.png\" alt=\"SAFE-PAY-300x88\" width=\"164\" height=\"48\" \/><\/p>\n","protected":false},"featured_media":4027,"comment_status":"open","ping_status":"closed","template":"","meta":{"neve_meta_sidebar":"","neve_meta_container":"","neve_meta_enable_content_width":"","neve_meta_content_width":0,"neve_meta_title_alignment":"","neve_meta_author_avatar":"","neve_post_elements_order":"","neve_meta_disable_header":"","neve_meta_disable_footer":"","neve_meta_disable_title":"","neve_meta_reading_time":""},"product_brand":[],"product_cat":[18],"product_tag":[],"class_list":{"0":"post-4580","1":"product","2":"type-product","3":"status-publish","4":"has-post-thumbnail","6":"product_cat-sante","8":"first","9":"instock","10":"sale","11":"shipping-taxable","12":"product-type-external"},"yoast_head":"<!-- This site is optimized with the Yoast SEO plugin v27.4 - https:\/\/yoast.com\/product\/yoast-seo-wordpress\/ -->\n<title>Restilen - Avis, Forum, Pharmacie, Prix, Effets | -50%<\/title>\n<meta name=\"robots\" content=\"index, follow, max-snippet:-1, max-image-preview:large, max-video-preview:-1\" \/>\n<link rel=\"canonical\" href=\"https:\/\/chirurgie-orthopedie-vannes.fr\/pharmacie\/supp\/restilen\/\" \/>\n<meta property=\"og:locale\" content=\"fr_FR\" \/>\n<meta property=\"og:type\" content=\"article\" \/>\n<meta property=\"og:title\" content=\"Restilen - Avis, Forum, Pharmacie, Prix, Effets | -50%\" \/>\n<meta property=\"og:url\" content=\"https:\/\/chirurgie-orthopedie-vannes.fr\/pharmacie\/supp\/restilen\/\" \/>\n<meta property=\"og:site_name\" content=\"Chirurgie-Orthopedie-Vannes\" \/>\n<meta property=\"article:modified_time\" content=\"2025-01-14T13:29:43+00:00\" \/>\n<meta property=\"og:image\" content=\"https:\/\/chirurgie-orthopedie-vannes.fr\/pharmacie\/wp-content\/uploads\/2024\/10\/Restilen.jpg\" \/>\n\t<meta property=\"og:image:width\" content=\"768\" \/>\n\t<meta property=\"og:image:height\" content=\"768\" \/>\n\t<meta property=\"og:image:type\" content=\"image\/jpeg\" \/>\n<meta name=\"twitter:card\" content=\"summary_large_image\" \/>\n<meta name=\"twitter:description\" content=\"[date_countdown]\" \/>\n<meta name=\"twitter:label1\" content=\"Dur\u00e9e de lecture estim\u00e9e\" \/>\n\t<meta name=\"twitter:data1\" content=\"1 minute\" \/>\n<script type=\"application\/ld+json\" class=\"yoast-schema-graph\">{\"@context\":\"https:\\\/\\\/schema.org\",\"@graph\":[{\"@type\":\"WebPage\",\"@id\":\"https:\\\/\\\/chirurgie-orthopedie-vannes.fr\\\/pharmacie\\\/supp\\\/restilen\\\/\",\"url\":\"https:\\\/\\\/chirurgie-orthopedie-vannes.fr\\\/pharmacie\\\/supp\\\/restilen\\\/\",\"name\":\"Restilen - Avis, Forum, Pharmacie, Prix, Effets | -50%\",\"isPartOf\":{\"@id\":\"https:\\\/\\\/chirurgie-orthopedie-vannes.fr\\\/pharmacie\\\/#website\"},\"primaryImageOfPage\":{\"@id\":\"https:\\\/\\\/chirurgie-orthopedie-vannes.fr\\\/pharmacie\\\/supp\\\/restilen\\\/#primaryimage\"},\"image\":{\"@id\":\"https:\\\/\\\/chirurgie-orthopedie-vannes.fr\\\/pharmacie\\\/supp\\\/restilen\\\/#primaryimage\"},\"thumbnailUrl\":\"https:\\\/\\\/chirurgie-orthopedie-vannes.fr\\\/pharmacie\\\/wp-content\\\/uploads\\\/2024\\\/10\\\/Restilen.jpg\",\"datePublished\":\"2024-10-18T19:46:36+00:00\",\"dateModified\":\"2025-01-14T13:29:43+00:00\",\"breadcrumb\":{\"@id\":\"https:\\\/\\\/chirurgie-orthopedie-vannes.fr\\\/pharmacie\\\/supp\\\/restilen\\\/#breadcrumb\"},\"inLanguage\":\"fr-FR\",\"potentialAction\":[{\"@type\":\"ReadAction\",\"target\":[\"https:\\\/\\\/chirurgie-orthopedie-vannes.fr\\\/pharmacie\\\/supp\\\/restilen\\\/\"]}]},{\"@type\":\"ImageObject\",\"inLanguage\":\"fr-FR\",\"@id\":\"https:\\\/\\\/chirurgie-orthopedie-vannes.fr\\\/pharmacie\\\/supp\\\/restilen\\\/#primaryimage\",\"url\":\"https:\\\/\\\/chirurgie-orthopedie-vannes.fr\\\/pharmacie\\\/wp-content\\\/uploads\\\/2024\\\/10\\\/Restilen.jpg\",\"contentUrl\":\"https:\\\/\\\/chirurgie-orthopedie-vannes.fr\\\/pharmacie\\\/wp-content\\\/uploads\\\/2024\\\/10\\\/Restilen.jpg\",\"width\":768,\"height\":768},{\"@type\":\"BreadcrumbList\",\"@id\":\"https:\\\/\\\/chirurgie-orthopedie-vannes.fr\\\/pharmacie\\\/supp\\\/restilen\\\/#breadcrumb\",\"itemListElement\":[{\"@type\":\"ListItem\",\"position\":1,\"name\":\"Strona g\u0142\u00f3wna\",\"item\":\"https:\\\/\\\/chirurgie-orthopedie-vannes.fr\\\/pharmacie\\\/\"},{\"@type\":\"ListItem\",\"position\":2,\"name\":\"farmaci\",\"item\":\"https:\\\/\\\/chirurgie-orthopedie-vannes.fr\\\/pharmacie\\\/\"},{\"@type\":\"ListItem\",\"position\":3,\"name\":\"Restilen\"}]},{\"@type\":\"WebSite\",\"@id\":\"https:\\\/\\\/chirurgie-orthopedie-vannes.fr\\\/pharmacie\\\/#website\",\"url\":\"https:\\\/\\\/chirurgie-orthopedie-vannes.fr\\\/pharmacie\\\/\",\"name\":\"Chirurgie-Orthopedie-Vannes\",\"description\":\"\",\"potentialAction\":[{\"@type\":\"SearchAction\",\"target\":{\"@type\":\"EntryPoint\",\"urlTemplate\":\"https:\\\/\\\/chirurgie-orthopedie-vannes.fr\\\/pharmacie\\\/?s={search_term_string}\"},\"query-input\":{\"@type\":\"PropertyValueSpecification\",\"valueRequired\":true,\"valueName\":\"search_term_string\"}}],\"inLanguage\":\"fr-FR\"}]}<\/script>\n<!-- \/ Yoast SEO plugin. -->","yoast_head_json":{"title":"Restilen - Avis, Forum, Pharmacie, Prix, Effets | -50%","robots":{"index":"index","follow":"follow","max-snippet":"max-snippet:-1","max-image-preview":"max-image-preview:large","max-video-preview":"max-video-preview:-1"},"canonical":"https:\/\/chirurgie-orthopedie-vannes.fr\/pharmacie\/supp\/restilen\/","og_locale":"fr_FR","og_type":"article","og_title":"Restilen - Avis, Forum, Pharmacie, Prix, Effets | -50%","og_url":"https:\/\/chirurgie-orthopedie-vannes.fr\/pharmacie\/supp\/restilen\/","og_site_name":"Chirurgie-Orthopedie-Vannes","article_modified_time":"2025-01-14T13:29:43+00:00","og_image":[{"width":768,"height":768,"url":"https:\/\/chirurgie-orthopedie-vannes.fr\/pharmacie\/wp-content\/uploads\/2024\/10\/Restilen.jpg","type":"image\/jpeg"}],"twitter_card":"summary_large_image","twitter_description":"[date_countdown]","twitter_misc":{"Dur\u00e9e de lecture estim\u00e9e":"1 minute"},"schema":{"@context":"https:\/\/schema.org","@graph":[{"@type":"WebPage","@id":"https:\/\/chirurgie-orthopedie-vannes.fr\/pharmacie\/supp\/restilen\/","url":"https:\/\/chirurgie-orthopedie-vannes.fr\/pharmacie\/supp\/restilen\/","name":"Restilen - Avis, Forum, Pharmacie, Prix, Effets | -50%","isPartOf":{"@id":"https:\/\/chirurgie-orthopedie-vannes.fr\/pharmacie\/#website"},"primaryImageOfPage":{"@id":"https:\/\/chirurgie-orthopedie-vannes.fr\/pharmacie\/supp\/restilen\/#primaryimage"},"image":{"@id":"https:\/\/chirurgie-orthopedie-vannes.fr\/pharmacie\/supp\/restilen\/#primaryimage"},"thumbnailUrl":"https:\/\/chirurgie-orthopedie-vannes.fr\/pharmacie\/wp-content\/uploads\/2024\/10\/Restilen.jpg","datePublished":"2024-10-18T19:46:36+00:00","dateModified":"2025-01-14T13:29:43+00:00","breadcrumb":{"@id":"https:\/\/chirurgie-orthopedie-vannes.fr\/pharmacie\/supp\/restilen\/#breadcrumb"},"inLanguage":"fr-FR","potentialAction":[{"@type":"ReadAction","target":["https:\/\/chirurgie-orthopedie-vannes.fr\/pharmacie\/supp\/restilen\/"]}]},{"@type":"ImageObject","inLanguage":"fr-FR","@id":"https:\/\/chirurgie-orthopedie-vannes.fr\/pharmacie\/supp\/restilen\/#primaryimage","url":"https:\/\/chirurgie-orthopedie-vannes.fr\/pharmacie\/wp-content\/uploads\/2024\/10\/Restilen.jpg","contentUrl":"https:\/\/chirurgie-orthopedie-vannes.fr\/pharmacie\/wp-content\/uploads\/2024\/10\/Restilen.jpg","width":768,"height":768},{"@type":"BreadcrumbList","@id":"https:\/\/chirurgie-orthopedie-vannes.fr\/pharmacie\/supp\/restilen\/#breadcrumb","itemListElement":[{"@type":"ListItem","position":1,"name":"Strona g\u0142\u00f3wna","item":"https:\/\/chirurgie-orthopedie-vannes.fr\/pharmacie\/"},{"@type":"ListItem","position":2,"name":"farmaci","item":"https:\/\/chirurgie-orthopedie-vannes.fr\/pharmacie\/"},{"@type":"ListItem","position":3,"name":"Restilen"}]},{"@type":"WebSite","@id":"https:\/\/chirurgie-orthopedie-vannes.fr\/pharmacie\/#website","url":"https:\/\/chirurgie-orthopedie-vannes.fr\/pharmacie\/","name":"Chirurgie-Orthopedie-Vannes","description":"","potentialAction":[{"@type":"SearchAction","target":{"@type":"EntryPoint","urlTemplate":"https:\/\/chirurgie-orthopedie-vannes.fr\/pharmacie\/?s={search_term_string}"},"query-input":{"@type":"PropertyValueSpecification","valueRequired":true,"valueName":"search_term_string"}}],"inLanguage":"fr-FR"}]}},"_links":{"self":[{"href":"https:\/\/chirurgie-orthopedie-vannes.fr\/pharmacie\/wp-json\/wp\/v2\/product\/4580","targetHints":{"allow":["GET"]}}],"collection":[{"href":"https:\/\/chirurgie-orthopedie-vannes.fr\/pharmacie\/wp-json\/wp\/v2\/product"}],"about":[{"href":"https:\/\/chirurgie-orthopedie-vannes.fr\/pharmacie\/wp-json\/wp\/v2\/types\/product"}],"replies":[{"embeddable":true,"href":"https:\/\/chirurgie-orthopedie-vannes.fr\/pharmacie\/wp-json\/wp\/v2\/comments?post=4580"}],"wp:featuredmedia":[{"embeddable":true,"href":"https:\/\/chirurgie-orthopedie-vannes.fr\/pharmacie\/wp-json\/wp\/v2\/media\/4027"}],"wp:attachment":[{"href":"https:\/\/chirurgie-orthopedie-vannes.fr\/pharmacie\/wp-json\/wp\/v2\/media?parent=4580"}],"wp:term":[{"taxonomy":"product_brand","embeddable":true,"href":"https:\/\/chirurgie-orthopedie-vannes.fr\/pharmacie\/wp-json\/wp\/v2\/product_brand?post=4580"},{"taxonomy":"product_cat","embeddable":true,"href":"https:\/\/chirurgie-orthopedie-vannes.fr\/pharmacie\/wp-json\/wp\/v2\/product_cat?post=4580"},{"taxonomy":"product_tag","embeddable":true,"href":"https:\/\/chirurgie-orthopedie-vannes.fr\/pharmacie\/wp-json\/wp\/v2\/product_tag?post=4580"}],"curies":[{"name":"wp","href":"https:\/\/api.w.org\/{rel}","templated":true}]}}